- using R version 4.5.1 (2025-06-13 ucrt)
- using platform: x86_64-w64-mingw32
- R was compiled by
gcc.exe (GCC) 14.2.0
GNU Fortran (GCC) 14.2.0
- running under: Windows Server 2022 x64 (build 20348)
- using session charset: UTF-8
- checking for file 'lessSEM/DESCRIPTION' ... OK
- checking extension type ... Package
- this is package 'lessSEM' version '1.5.6'
- package encoding: UTF-8
- checking package namespace information ... OK
- checking package dependencies ... OK
- checking if this is a source package ... OK
- checking if there is a namespace ... OK
- checking for hidden files and directories ... OK
- checking for portable file names ... OK
- checking whether package 'lessSEM' can be installed ... WARNING
Found the following significant warnings:
../inst/include/lesstimate/include/lesstimate/ista_class.h:306:29: warning: 'bool arma::is_finite(eT, const typename arma_scalar_only<eT>::result*) [with eT = double; typename arma_scalar_only<eT>::result = double]' is deprecated: change arma::is_finite(val) to std::isfinite(val) [-Wdeprecated-declarations]
../inst/include/lesstimate/include/lesstimate/ista_class.h:318:29: warning: 'bool arma::is_finite(eT, const typename arma_scalar_only<eT>::result*) [with eT = double; typename arma_scalar_only<eT>::result = double]' is deprecated: change arma::is_finite(val) to std::isfinite(val) [-Wdeprecated-declarations]
../inst/include/lesstimate/include/lesstimate/ista_class.h:369:31: warning: 'bool arma::is_finite(const Base<typename T1::elem_type, T1>&) [with T1 = Mat<double>; typename T1::elem_type = double]' is deprecated: change arma::is_finite(X) to X.is_finite() [-Wdeprecated-declarations]
../inst/include/lesstimate/include/lesstimate/bfgs.h:71:25: warning: 'bool arma::is_finite(const Base<typename T1::elem_type, T1>&) [with T1 = Mat<double>; typename T1::elem_type = double]' is deprecated: change arma::is_finite(X) to X.is_finite() [-Wdeprecated-declarations]
../inst/include/lesstimate/include/lesstimate/glmnet_class.h:306:27: warning: 'bool arma::is_finite(eT, const typename arma_scalar_only<eT>::result*) [with eT = double; typename arma_scalar_only<eT>::result = double]' is deprecated: change arma::is_finite(val) to std::isfinite(val) [-Wdeprecated-declarations]
../inst/include/lesstimate/include/lesstimate/glmnet_class.h:346:29: warning: 'bool arma::is_finite(const Base<typename T1::elem_type, T1>&) [with T1 = Mat<double>; typename T1::elem_type = double]' is deprecated: change arma::is_finite(X) to X.is_finite() [-Wdeprecated-declarations]
../inst/include/lesstimate/include/lesstimate/glmnet_mcp.h:282:29: warning: 'bool arma::is_finite(eT, const typename arma_scalar_only<eT>::result*) [with eT = double; typename arma_scalar_only<eT>::result = double]' is deprecated: change arma::is_finite(val) to std::isfinite(val) [-Wdeprecated-declarations]
../inst/include/lesstimate/include/lesstimate/glmnet_lsp.h:216:29: warning: 'bool arma::is_finite(eT, const typename arma_scalar_only<eT>::result*) [with eT = double; typename arma_scalar_only<eT>::result = double]' is deprecated: change arma::is_finite(val) to std::isfinite(val) [-Wdeprecated-declarations]
../inst/include/lesstimate/include/lesstimate/bfgsOptim.h:188:27: warning: 'bool arma::is_finite(eT, const typename arma_scalar_only<eT>::result*) [with eT = double; typename arma_scalar_only<eT>::result = double]' is deprecated: change arma::is_finite(val) to std::isfinite(val) [-Wdeprecated-declarations]
../inst/include/lesstimate/include/lesstimate/bfgsOptim.h:226:29: warning: 'bool arma::is_finite(const Base<typename T1::elem_type, T1>&) [with T1 = Mat<double>; typename T1::elem_type = double]' is deprecated: change arma::is_finite(X) to X.is_finite() [-Wdeprecated-declarations]
See the install log for details.
- used C++ compiler: 'g++.exe (GCC) 14.2.0'
- checking C++ specification ... OK
- checking installed package size ... INFO
installed size is 7.0Mb
sub-directories of 1Mb or more:
help 1.2Mb
libs 4.1Mb
- checking package directory ... OK
- checking 'build' directory ... OK
- checking DESCRIPTION meta-information ... OK
- checking top-level files ... OK
- checking for left-over files ... OK
- checking index information ... OK
- checking package subdirectories ... OK
- checking code files for non-ASCII characters ... OK
- checking R files for syntax errors ... OK
- checking whether the package can be loaded ... [3s] OK
- checking whether the package can be loaded with stated dependencies ... [3s] OK
- checking whether the package can be unloaded cleanly ... [3s] OK
- checking whether the namespace can be loaded with stated dependencies ... [3s] OK
- checking whether the namespace can be unloaded cleanly ... [3s] OK
- checking loading without being on the library search path ... [3s] OK
- checking use of S3 registration ... OK
- checking dependencies in R code ... OK
- checking S3 generic/method consistency ... OK
- checking replacement functions ... OK
- checking foreign function calls ... OK
- checking R code for possible problems ... [18s] OK
- checking Rd files ... [4s] OK
- checking Rd metadata ... OK
- checking Rd cross-references ... OK
- checking for missing documentation entries ... OK
- checking for code/documentation mismatches ... OK
- checking Rd \usage sections ... OK
- checking Rd contents ... OK
- checking for unstated dependencies in examples ... OK
- checking line endings in C/C++/Fortran sources/headers ... OK
- checking line endings in Makefiles ... OK
- checking compilation flags in Makevars ... OK
- checking for GNU extensions in Makefiles ... INFO
GNU make is a SystemRequirements.
- checking for portable use of $(BLAS_LIBS) and $(LAPACK_LIBS) ... OK
- checking use of PKG_*FLAGS in Makefiles ... OK
- checking pragmas in C/C++ headers and code ... OK
- checking compiled code ... OK
- checking installed files from 'inst/doc' ... OK
- checking files in 'vignettes' ... OK
- checking examples ... [102s] OK
- checking for unstated dependencies in vignettes ... OK
- checking package vignettes ... OK
- checking re-building of vignette outputs ... [17s] OK
- checking PDF version of manual ... [30s] OK
- checking HTML version of manual ... [43s] OK
- DONE
Status: 1 WARNING