- using R Under development (unstable) (2025-10-13 r88918)
- using platform: x86_64-pc-linux-gnu
- R was compiled by
clang version 21.1.2
flang version 21.1.2
- running under: Fedora Linux 42 (Workstation Edition)
- using session charset: UTF-8
- using option ‘--no-stop-on-test-error’
- checking for file ‘multinet/DESCRIPTION’ ... OK
- checking extension type ... Package
- this is package ‘multinet’ version ‘4.3.1’
- checking package namespace information ... OK
- checking package dependencies ... OK
- checking if this is a source package ... OK
- checking if there is a namespace ... OK
- checking for executable files ... OK
- checking for hidden files and directories ... OK
- checking for portable file names ... OK
- checking for sufficient/correct file permissions ... OK
- checking whether package ‘multinet’ can be installed ... [1270s/322s] OK
See the install log for details.
- used C++ compiler: ‘clang version 21.1.3’
- checking installed package size ... INFO
installed size is 5.6Mb
sub-directories of 1Mb or more:
libs 5.3Mb
- checking package directory ... OK
- checking DESCRIPTION meta-information ... OK
- checking top-level files ... OK
- checking for left-over files ... OK
- checking index information ... OK
- checking package subdirectories ... OK
- checking code files for non-ASCII characters ... OK
- checking R files for syntax errors ... OK
- checking whether the package can be loaded ... OK
- checking whether the package can be loaded with stated dependencies ... OK
- checking whether the package can be unloaded cleanly ... OK
- checking whether the namespace can be loaded with stated dependencies ... OK
- checking whether the namespace can be unloaded cleanly ... OK
- checking loading without being on the library search path ... OK
- checking use of S3 registration ... OK
- checking dependencies in R code ... OK
- checking S3 generic/method consistency ... OK
- checking replacement functions ... OK
- checking foreign function calls ... OK
- checking R code for possible problems ... [13s/19s] OK
- checking Rd files ... OK
- checking Rd metadata ... OK
- checking Rd line widths ... OK
- checking Rd cross-references ... OK
- checking for missing documentation entries ... OK
- checking for code/documentation mismatches ... OK
- checking Rd \usage sections ... OK
- checking Rd contents ... OK
- checking for unstated dependencies in examples ... OK
- checking line endings in C/C++/Fortran sources/headers ... OK
- checking line endings in Makefiles ... OK
- checking compilation flags in Makevars ... OK
- checking for GNU extensions in Makefiles ... OK
- checking for portable use of $(BLAS_LIBS) and $(LAPACK_LIBS) ... OK
- checking use of PKG_*FLAGS in Makefiles ... OK
- checking use of SHLIB_OPENMP_*FLAGS in Makefiles ... OK
- checking pragmas in C/C++ headers and code ... OK
- checking compilation flags used ... OK
- checking compiled code ... OK
- checking examples ... ERROR
Running examples in ‘multinet-Ex.R’ failed
The error most likely occurred in:
> ### Name: multinet.conversion
> ### Title: Conversion to a simple or multi graph
> ### Aliases: multinet.conversion as.igraph.multinet
> ### as.igraph.Rcpp_RMLNetwork
>
> ### ** Examples
>
> net <- ml_aucs()
> # using the default merge.actors=TRUE we create a multigraph,
> # where each actor corresponds to a vertex in the result
> multigraph <- as.igraph(net)
Error in `make_empty_graph()`:
! `directed` must be a logical, not a number.
Backtrace:
▆
1. ├─igraph::as.igraph(net)
2. └─multinet:::as.igraph.Rcpp_RMLNetwork(net)
3. └─igraph::graph_from_data_frame(vertices = a_df, e_df, directed = dir)
4. └─igraph::make_empty_graph(n = 0, directed = directed)
5. └─cli::cli_abort("{.arg directed} must be a logical, not {.obj_type_friendly {directed}}.")
6. └─rlang::abort(...)
Execution halted
- checking PDF version of manual ... [10s/15s] OK
- checking HTML version of manual ... OK
- checking for non-standard things in the check directory ... OK
- checking for detritus in the temp directory ... OK
- DONE
Status: 1 ERROR