- using R Under development (unstable) (2025-10-03 r88899)
- using platform: x86_64-pc-linux-gnu
- R was compiled by
Debian clang version 19.1.7 (7)
Debian flang-new version 19.1.7 (7)
- running under: Debian GNU/Linux forky/sid
- using session charset: UTF-8
- checking for file ‘fclust/DESCRIPTION’ ... OK
- this is package ‘fclust’ version ‘2.1.2’
- package encoding: UTF-8
- checking CRAN incoming feasibility ... [1s/2s] OK
- checking package namespace information ... OK
- checking package dependencies ... OK
- checking if this is a source package ... OK
- checking if there is a namespace ... OK
- checking for executable files ... OK
- checking for hidden files and directories ... OK
- checking for portable file names ... OK
- checking for sufficient/correct file permissions ... OK
- checking whether package ‘fclust’ can be installed ... WARNING
Found the following significant warnings:
F.cpp:51:22: warning: 'is_finite<double>' is deprecated: change arma::is_finite(val) to std::isfinite(val) [-Wdeprecated-declarations]
F.cpp:112:22: warning: 'is_finite<double>' is deprecated: change arma::is_finite(val) to std::isfinite(val) [-Wdeprecated-declarations]
FKM_rcpp.cpp:87:14: warning: 'is_finite<double>' is deprecated: change arma::is_finite(val) to std::isfinite(val) [-Wdeprecated-declarations]
FKM_rcpp.cpp:261:14: warning: 'is_finite<double>' is deprecated: change arma::is_finite(val) to std::isfinite(val) [-Wdeprecated-declarations]
FKM_rcpp.cpp:431:27: warning: 'is_finite<arma::subview<double>>' is deprecated: change arma::is_finite(X) to X.is_finite() [-Wdeprecated-declarations]
FKM_rcpp.cpp:476:14: warning: 'is_finite<double>' is deprecated: change arma::is_finite(val) to std::isfinite(val) [-Wdeprecated-declarations]
FKM_rcpp.cpp:488:12: warning: 'is_finite<double>' is deprecated: change arma::is_finite(val) to std::isfinite(val) [-Wdeprecated-declarations]
FKM_rcpp.cpp:587:29: warning: 'is_finite<arma::subview<double>>' is deprecated: change arma::is_finite(X) to X.is_finite() [-Wdeprecated-declarations]
FKM_rcpp.cpp:710:14: warning: 'is_finite<double>' is deprecated: change arma::is_finite(val) to std::isfinite(val) [-Wdeprecated-declarations]
FKM_rcpp.cpp:896:22: warning: 'is_finite<double>' is deprecated: change arma::is_finite(val) to std::isfinite(val) [-Wdeprecated-declarations]
FKM_rcpp.cpp:919:14: warning: 'is_finite<double>' is deprecated: change arma::is_finite(val) to std::isfinite(val) [-Wdeprecated-declarations]
FKM_rcpp.cpp:1018:20: warning: 'is_finite<double>' is deprecated: change arma::is_finite(val) to std::isfinite(val) [-Wdeprecated-declarations]
FKM_rcpp.cpp:1137:27: warning: 'is_finite<arma::subview<double>>' is deprecated: change arma::is_finite(X) to X.is_finite() [-Wdeprecated-declarations]
FKM_rcpp.cpp:1193:14: warning: 'is_finite<double>' is deprecated: change arma::is_finite(val) to std::isfinite(val) [-Wdeprecated-declarations]
FKM_rcpp.cpp:1206:12: warning: 'is_finite<double>' is deprecated: change arma::is_finite(val) to std::isfinite(val) [-Wdeprecated-declarations]
FKM_rcpp.cpp:1289:25: warning: 'is_finite<arma::subview<double>>' is deprecated: change arma::is_finite(X) to X.is_finite() [-Wdeprecated-declarations]
FKM_rcpp.cpp:1450:14: warning: 'is_finite<double>' is deprecated: change arma::is_finite(val) to std::isfinite(val) [-Wdeprecated-declarations]
FKM_rcpp.cpp:1644:14: warning: 'is_finite<double>' is deprecated: change arma::is_finite(val) to std::isfinite(val) [-Wdeprecated-declarations]
FKM_rcpp.cpp:1880:14: warning: 'is_finite<double>' is deprecated: change arma::is_finite(val) to std::isfinite(val) [-Wdeprecated-declarations]
FKM_rcpp.cpp:1892:12: warning: 'is_finite<double>' is deprecated: change arma::is_finite(val) to std::isfinite(val) [-Wdeprecated-declarations]
FKM_rcpp.cpp:2004:29: warning: 'is_finite<arma::subview<double>>' is deprecated: change arma::is_finite(X) to X.is_finite() [-Wdeprecated-declarations]
FKM_rcpp.cpp:2153:22: warning: 'is_finite<double>' is deprecated: change arma::is_finite(val) to std::isfinite(val) [-Wdeprecated-declarations]
FKM_rcpp.cpp:2175:14: warning: 'is_finite<double>' is deprecated: change arma::is_finite(val) to std::isfinite(val) [-Wdeprecated-declarations]
FKM_rcpp.cpp:2286:20: warning: 'is_finite<double>' is deprecated: change arma::is_finite(val) to std::isfinite(val) [-Wdeprecated-declarations]
FKM_rcpp.cpp:2442:14: warning: 'is_finite<double>' is deprecated: change arma::is_finite(val) to std::isfinite(val) [-Wdeprecated-declarations]
FKM_rcpp.cpp:2454:12: warning: 'is_finite<double>' is deprecated: change arma::is_finite(val) to std::isfinite(val) [-Wdeprecated-declarations]
FKM_rcpp.cpp:2695:14: warning: 'is_finite<double>' is deprecated: change arma::is_finite(val) to std::isfinite(val) [-Wdeprecated-declarations]
FKM_rcpp.cpp:2708:12: warning: 'is_finite<double>' is deprecated: change arma::is_finite(val) to std::isfinite(val) [-Wdeprecated-declarations]
FKM_rcpp.cpp:2974:14: warning: 'is_finite<double>' is deprecated: change arma::is_finite(val) to std::isfinite(val) [-Wdeprecated-declarations]
FKM_rcpp.cpp:2987:12: warning: 'is_finite<double>' is deprecated: change arma::is_finite(val) to std::isfinite(val) [-Wdeprecated-declarations]
FKM_rcpp.cpp:3107:31: warning: 'is_finite<arma::subview<double>>' is deprecated: change arma::is_finite(X) to X.is_finite() [-Wdeprecated-declarations]
FKM_rcpp.cpp:3272:24: warning: 'is_finite<double>' is deprecated: change arma::is_finite(val) to std::isfinite(val) [-Wdeprecated-declarations]
FKM_rcpp.cpp:3299:14: warning: 'is_finite<double>' is deprecated: change arma::is_finite(val) to std::isfinite(val) [-Wdeprecated-declarations]
FKM_rcpp.cpp:3417:22: warning: 'is_finite<double>' is deprecated: change arma::is_finite(val) to std::isfinite(val) [-Wdeprecated-declarations]
FKM_rcpp.cpp:3541:29: warning: 'is_finite<arma::subview<double>>' is deprecated: change arma::is_finite(X) to X.is_finite() [-Wdeprecated-declarations]
FKM_rcpp.cpp:3583:14: warning: 'is_finite<double>' is deprecated: change arma::is_finite(val) to std::isfinite(val) [-Wdeprecated-declarations]
FKM_rcpp.cpp:3595:12: warning: 'is_finite<double>' is deprecated: change arma::is_finite(val) to std::isfinite(val) [-Wdeprecated-declarations]
FKM_rcpp.cpp:3678:27: warning: 'is_finite<arma::subview<double>>' is deprecated: change arma::is_finite(X) to X.is_finite() [-Wdeprecated-declarations]
FKM_rcpp.cpp:3857:27: warning: 'is_finite<arma::subview<double>>' is deprecated: change arma::is_finite(X) to X.is_finite() [-Wdeprecated-declarations]
FKM_rcpp.cpp:3910:14: warning: 'is_finite<double>' is deprecated: change arma::is_finite(val) to std::isfinite(val) [-Wdeprecated-declarations]
FKM_rcpp.cpp:3922:12: warning: 'is_finite<double>' is deprecated: change arma::is_finite(val) to std::isfinite(val) [-Wdeprecated-declarations]
FKM_rcpp.cpp:4045:25: warning: 'is_finite<arma::subview<double>>' is deprecated: change arma::is_finite(X) to X.is_finite() [-Wdeprecated-declarations]
FKM_rcpp.cpp:4242:17: warning: 'is_finite<double>' is deprecated: change arma::is_finite(val) to std::isfinite(val) [-Wdeprecated-declarations]
FKM_rcpp.cpp:4253:14: warning: 'is_finite<double>' is deprecated: change arma::is_finite(val) to std::isfinite(val) [-Wdeprecated-declarations]
FKM_rcpp.cpp:4381:17: warning: 'is_finite<double>' is deprecated: change arma::is_finite(val) to std::isfinite(val) [-Wdeprecated-declarations]
FKM_rcpp.cpp:4542:17: warning: 'is_finite<double>' is deprecated: change arma::is_finite(val) to std::isfinite(val) [-Wdeprecated-declarations]
FKM_rcpp.cpp:4555:14: warning: 'is_finite<double>' is deprecated: change arma::is_finite(val) to std::isfinite(val) [-Wdeprecated-declarations]
FKM_rcpp.cpp:4698:15: warning: 'is_finite<double>' is deprecated: change arma::is_finite(val) to std::isfinite(val) [-Wdeprecated-declarations]
func.cpp:124:23: warning: 'is_finite<double>' is deprecated: change arma::is_finite(val) to std::isfinite(val) [-Wdeprecated-declarations]
func.cpp:124:50: warning: 'is_finite<double>' is deprecated: change arma::is_finite(val) to std::isfinite(val) [-Wdeprecated-declarations]
memDeg.cpp:139:18: warning: 'is_finite<double>' is deprecated: change arma::is_finite(val) to std::isfinite(val) [-Wdeprecated-declarations]
See the install log for details.
- used C compiler: ‘Debian clang version 19.1.7 (7)’
- used C++ compiler: ‘Debian clang version 19.1.7 (7)’
- checking package directory ... OK
- checking for future file timestamps ... OK
- checking DESCRIPTION meta-information ... OK
- checking top-level files ... OK
- checking for left-over files ... OK
- checking index information ... OK
- checking package subdirectories ... OK
- checking code files for non-ASCII characters ... OK
- checking R files for syntax errors ... OK
- checking whether the package can be loaded ... [0s/1s] OK
- checking whether the package can be loaded with stated dependencies ... [0s/1s] OK
- checking whether the package can be unloaded cleanly ... [0s/1s] OK
- checking whether the namespace can be loaded with stated dependencies ... [0s/1s] OK
- checking whether the namespace can be unloaded cleanly ... [0s/1s] OK
- checking loading without being on the library search path ... [0s/0s] OK
- checking whether startup messages can be suppressed ... [0s/1s] OK
- checking use of S3 registration ... OK
- checking dependencies in R code ... OK
- checking S3 generic/method consistency ... OK
- checking replacement functions ... OK
- checking foreign function calls ... OK
- checking R code for possible problems ... [25s/30s] OK
- checking Rd files ... [1s/1s] OK
- checking Rd metadata ... OK
- checking Rd line widths ... OK
- checking Rd cross-references ... OK
- checking for missing documentation entries ... OK
- checking for code/documentation mismatches ... OK
- checking Rd \usage sections ... OK
- checking Rd contents ... OK
- checking for unstated dependencies in examples ... OK
- checking contents of ‘data’ directory ... OK
- checking data for non-ASCII characters ... [0s/0s] OK
- checking data for ASCII and uncompressed saves ... OK
- checking line endings in C/C++/Fortran sources/headers ... OK
- checking line endings in Makefiles ... OK
- checking compilation flags in Makevars ... OK
- checking for GNU extensions in Makefiles ... OK
- checking for portable use of $(BLAS_LIBS) and $(LAPACK_LIBS) ... OK
- checking use of PKG_*FLAGS in Makefiles ... OK
- checking use of SHLIB_OPENMP_*FLAGS in Makefiles ... OK
- checking pragmas in C/C++ headers and code ... OK
- checking compilation flags used ... OK
- checking compiled code ... OK
- checking examples ... [6s/7s] OK
- checking PDF version of manual ... [10s/13s] OK
- checking HTML version of manual ... [4s/6s] OK
- checking for non-standard things in the check directory ... OK
- DONE
Status: 1 WARNING