- using R Under development (unstable) (2025-10-03 r88899)
- using platform: x86_64-pc-linux-gnu
- R was compiled by
Debian clang version 19.1.7 (7)
Debian flang-new version 19.1.7 (7)
- running under: Debian GNU/Linux forky/sid
- using session charset: UTF-8
- checking for file ‘FBFsearch/DESCRIPTION’ ... OK
- checking extension type ... Package
- this is package ‘FBFsearch’ version ‘1.2’
- checking CRAN incoming feasibility ... [0s/1s] NOTE
Maintainer: ‘Davide Altomare <davide.altomare@gmail.com>’
No Authors@R field in DESCRIPTION.
Please add one, modifying
Authors@R: c(person(given = "Davide",
family = "Altomare",
role = c("aut", "cre"),
email = "davide.altomare@gmail.com"),
person(given = "Guido",
family = "Consonni",
role = "aut"),
person(given = "Luca",
family = "La Rocca",
role = "aut"))
as necessary.
- checking package namespace information ... OK
- checking package dependencies ... OK
- checking if this is a source package ... OK
- checking if there is a namespace ... OK
- checking for executable files ... OK
- checking for hidden files and directories ... OK
- checking for portable file names ... OK
- checking for sufficient/correct file permissions ... OK
- checking serialization versions ... OK
- checking whether package ‘FBFsearch’ can be installed ... WARNING
Found the following significant warnings:
FBFsearch.cpp:164:8: warning: 'is_finite<double>' is deprecated: change arma::is_finite(val) to std::isfinite(val) [-Wdeprecated-declarations]
FBFsearch.cpp:229:8: warning: 'is_finite<double>' is deprecated: change arma::is_finite(val) to std::isfinite(val) [-Wdeprecated-declarations]
FBFsearch.cpp:318:23: warning: 'from<double, arma::eGlue<arma::Mat<double>, arma::Glue<arma::Op<arma::Mat<double>, arma::op_htrans>, arma::Col<double>, arma::glue_times>, arma::eglue_minus>>' is deprecated: replace conv_to<...>::from(X) with as_scalar(X) [-Wdeprecated-declarations]
FBFsearch.cpp:320:41: warning: 'from<double, arma::subview_elem1<double, arma::Mat<unsigned int>>>' is deprecated: replace conv_to<...>::from(X) with as_scalar(X) [-Wdeprecated-declarations]
FBFsearch.cpp:321:21: warning: 'from<unsigned int, arma::Mat<unsigned int>>' is deprecated: replace conv_to<...>::from(X) with as_scalar(X) [-Wdeprecated-declarations]
FBFsearch.cpp:326:26: warning: 'from<double, arma::subview_elem1<double, arma::Mat<unsigned int>>>' is deprecated: replace conv_to<...>::from(X) with as_scalar(X) [-Wdeprecated-declarations]
FBFsearch.cpp:340:14: warning: 'log_add<double>' is deprecated [-Wdeprecated-declarations]
FBFsearch.cpp:341:14: warning: 'log_add<double>' is deprecated [-Wdeprecated-declarations]
FBFsearch.cpp:357:32: warning: 'from<double, arma::Mat<double>>' is deprecated: replace conv_to<...>::from(X) with as_scalar(X) [-Wdeprecated-declarations]
FBFsearch.cpp:362:24: warning: 'from<double, arma::eGlue<arma::Mat<double>, arma::Glue<arma::Op<arma::Mat<double>, arma::op_htrans>, arma::Col<double>, arma::glue_times>, arma::eglue_minus>>' is deprecated: replace conv_to<...>::from(X) with as_scalar(X) [-Wdeprecated-declarations]
FBFsearch.cpp:376:7: warning: 'is_finite<double>' is deprecated: change arma::is_finite(val) to std::isfinite(val) [-Wdeprecated-declarations]
FBFsearch.cpp:429:28: warning: 'from<double, arma::Mat<double>>' is deprecated: replace conv_to<...>::from(X) with as_scalar(X) [-Wdeprecated-declarations]
FBFsearch.cpp:436:17: warning: 'log_add<double>' is deprecated [-Wdeprecated-declarations]
FBFsearch.cpp:439:34: warning: 'log_add<double>' is deprecated [-Wdeprecated-declarations]
FBFsearch.cpp:445:18: warning: 'log_add<double>' is deprecated [-Wdeprecated-declarations]
FBFsearch.cpp:460:8: warning: 'max' is deprecated: use .index_max() instead [-Wdeprecated-declarations]
FBFsearch.cpp:472:9: warning: 'is_finite<arma::Mat<double>>' is deprecated: change arma::is_finite(X) to X.is_finite() [-Wdeprecated-declarations]
FBFsearch.cpp:498:15: warning: 'max' is deprecated: use .index_max() instead [-Wdeprecated-declarations]
FBFsearch.cpp:514:32: warning: 'from<double, arma::Mat<double>>' is deprecated: replace conv_to<...>::from(X) with as_scalar(X) [-Wdeprecated-declarations]
FBFsearch.cpp:521:21: warning: 'log_add<double>' is deprecated [-Wdeprecated-declarations]
FBFsearch.cpp:524:38: warning: 'log_add<double>' is deprecated [-Wdeprecated-declarations]
FBFsearch.cpp:637:18: warning: 'log_add<double>' is deprecated [-Wdeprecated-declarations]
FBFsearch.cpp:706:15: warning: 'log_add<double>' is deprecated [-Wdeprecated-declarations]
FBFsearch.cpp:799:16: warning: 'log_add<double>' is deprecated [-Wdeprecated-declarations]
See the install log for details.
- used C compiler: ‘Debian clang version 19.1.7 (7)’
- used C++ compiler: ‘Debian clang version 19.1.7 (7)’
- checking package directory ... OK
- checking for future file timestamps ... OK
- checking DESCRIPTION meta-information ... OK
- checking top-level files ... OK
- checking for left-over files ... OK
- checking index information ... OK
- checking package subdirectories ... OK
- checking code files for non-ASCII characters ... OK
- checking R files for syntax errors ... OK
- checking whether the package can be loaded ... [0s/1s] OK
- checking whether the package can be loaded with stated dependencies ... [0s/0s] OK
- checking whether the package can be unloaded cleanly ... [0s/1s] OK
- checking whether the namespace can be loaded with stated dependencies ... [0s/1s] OK
- checking whether the namespace can be unloaded cleanly ... [0s/1s] OK
- checking loading without being on the library search path ... [0s/1s] OK
- checking use of S3 registration ... OK
- checking dependencies in R code ... OK
- checking S3 generic/method consistency ... OK
- checking replacement functions ... OK
- checking foreign function calls ... OK
- checking R code for possible problems ... [3s/5s] OK
- checking Rd files ... [0s/1s] OK
- checking Rd metadata ... OK
- checking Rd line widths ... OK
- checking Rd cross-references ... OK
- checking for missing documentation entries ... OK
- checking for code/documentation mismatches ... OK
- checking Rd \usage sections ... OK
- checking Rd contents ... OK
- checking for unstated dependencies in examples ... OK
- checking contents of ‘data’ directory ... OK
- checking data for non-ASCII characters ... [0s/1s] OK
- checking data for ASCII and uncompressed saves ... OK
- checking line endings in C/C++/Fortran sources/headers ... OK
- checking line endings in Makefiles ... OK
- checking compilation flags in Makevars ... OK
- checking for GNU extensions in Makefiles ... OK
- checking for portable use of $(BLAS_LIBS) and $(LAPACK_LIBS) ... OK
- checking use of PKG_*FLAGS in Makefiles ... OK
- checking use of SHLIB_OPENMP_*FLAGS in Makefiles ... OK
- checking pragmas in C/C++ headers and code ... OK
- checking compilation flags used ... OK
- checking compiled code ... OK
- checking examples ... [1s/1s] OK
- checking PDF version of manual ... [5s/8s] OK
- checking HTML version of manual ... [0s/1s] OK
- checking for non-standard things in the check directory ... OK
- DONE
Status: 1 WARNING, 1 NOTE