- using R version 4.5.1 (2025-06-13 ucrt)
- using platform: x86_64-w64-mingw32
- R was compiled by
    gcc.exe (GCC) 14.2.0
    GNU Fortran (GCC) 14.2.0
- running under: Windows Server 2022 x64 (build 20348)
- using session charset: UTF-8
- checking for file 'worldbank/DESCRIPTION' ... OK
- this is package 'worldbank' version '0.6.1'
- package encoding: UTF-8
- checking package namespace information ... OK
- checking package dependencies ... OK
- checking if this is a source package ... OK
- checking if there is a namespace ... OK
- checking for hidden files and directories ... OK
- checking for portable file names ... OK
- checking whether package 'worldbank' can be installed ... OK
See the install log for details.
- checking installed package size ... OK
- checking package directory ... OK
- checking DESCRIPTION meta-information ... OK
- checking top-level files ... OK
- checking for left-over files ... OK
- checking index information ... OK
- checking package subdirectories ... OK
- checking code files for non-ASCII characters ... OK
- checking R files for syntax errors ... OK
- checking whether the package can be loaded ... [1s] OK
- checking whether the package can be loaded with stated dependencies ... [0s] OK
- checking whether the package can be unloaded cleanly ... [1s] OK
- checking whether the namespace can be loaded with stated dependencies ... [1s] OK
- checking whether the namespace can be unloaded cleanly ... [1s] OK
- checking loading without being on the library search path ... [1s] OK
- checking use of S3 registration ... OK
- checking dependencies in R code ... OK
- checking S3 generic/method consistency ... OK
- checking replacement functions ... OK
- checking foreign function calls ... OK
- checking R code for possible problems ... [3s] OK
- checking Rd files ... [1s] OK
- checking Rd metadata ... OK
- checking Rd cross-references ... OK
- checking for missing documentation entries ... OK
- checking for code/documentation mismatches ... OK
- checking Rd \usage sections ... OK
- checking Rd contents ... OK
- checking for unstated dependencies in examples ... OK
- checking examples ... [4s] ERROR
Running examples in 'worldbank-Ex.R' failed
The error most likely occurred in:
> ### Name: wb_source
> ### Title: World Bank source data
> ### Aliases: wb_source
> 
> ### ** Examples
> 
> wb_source()
Error in `req_perform()`:
! HTTP 400 Bad Request.
Backtrace:
     ▆
  1. └─worldbank::wb_source()
  2.   └─worldbank:::worldbank(resource = resource, lang = lang)
  3.     ├─httr2::resp_body_json(...)
  4.     │ └─httr2:::check_response(resp)
  5.     │   └─httr2:::is_response(resp)
  6.     └─httr2::req_perform(...)
  7.       └─httr2:::handle_resp(req, resp, error_call = error_call)
  8.         └─httr2:::resp_failure_cnd(req, resp, error_call = error_call)
  9.           ├─rlang::catch_cnd(...)
 10.           │ ├─rlang::eval_bare(...)
 11.           │ ├─base::tryCatch(...)
 12.           │ │ └─base (local) tryCatchList(expr, classes, parentenv, handlers)
 13.           │ │   └─base (local) tryCatchOne(expr, names, parentenv, handlers[[1L]])
 14.           │ │     └─base (local) doTryCatch(return(expr), name, parentenv, handler)
 15.           │ └─base::force(expr)
 16.           └─rlang::abort(...)
Execution halted
- checking for unstated dependencies in 'tests' ... OK
- checking tests ... [5s] OK
  Running 'testthat.R' [5s]
- checking PDF version of manual ... [21s] OK
- checking HTML version of manual ... [4s] OK
- DONE
Status: 1 ERROR