- using R version 4.3.3 (2024-02-29 ucrt)
- using platform: x86_64-w64-mingw32 (64-bit)
- R was compiled by
gcc.exe (GCC) 12.3.0
GNU Fortran (GCC) 12.3.0
- running under: Windows Server 2022 x64 (build 20348)
- using session charset: UTF-8
- checking for file 'vcr/DESCRIPTION' ... OK
- this is package 'vcr' version '1.2.2'
- package encoding: UTF-8
- checking package namespace information ... OK
- checking package dependencies ... OK
- checking if this is a source package ... OK
- checking if there is a namespace ... OK
- checking for hidden files and directories ... OK
- checking for portable file names ... OK
- checking whether package 'vcr' can be installed ... OK
See the install log for details.
- checking installed package size ... NOTE
installed size is 8.5Mb
sub-directories of 1Mb or more:
doc 7.4Mb
- checking package directory ... OK
- checking 'build' directory ... OK
- checking DESCRIPTION meta-information ... OK
- checking top-level files ... OK
- checking for left-over files ... OK
- checking index information ... OK
- checking package subdirectories ... OK
- checking R files for non-ASCII characters ... OK
- checking R files for syntax errors ... OK
- checking whether the package can be loaded ... [1s] OK
- checking whether the package can be loaded with stated dependencies ... [1s] OK
- checking whether the package can be unloaded cleanly ... [1s] OK
- checking whether the namespace can be loaded with stated dependencies ... [1s] OK
- checking whether the namespace can be unloaded cleanly ... [1s] OK
- checking loading without being on the library search path ... [1s] OK
- checking startup messages can be suppressed ... [1s] OK
- checking use of S3 registration ... OK
- checking dependencies in R code ... OK
- checking S3 generic/method consistency ... OK
- checking replacement functions ... OK
- checking foreign function calls ... OK
- checking R code for possible problems ... [7s] OK
- checking Rd files ... [2s] OK
- checking Rd metadata ... OK
- checking Rd cross-references ... OK
- checking for missing documentation entries ... OK
- checking for code/documentation mismatches ... OK
- checking Rd \usage sections ... OK
- checking Rd contents ... OK
- checking for unstated dependencies in examples ... OK
- checking contents of 'data' directory ... OK
- checking data for non-ASCII characters ... [0s] OK
- checking LazyData ... OK
- checking data for ASCII and uncompressed saves ... OK
- checking installed files from 'inst/doc' ... OK
- checking files in 'vignettes' ... OK
- checking examples ... [10s] OK
- checking for unstated dependencies in 'tests' ... OK
- checking tests ... [12s] ERROR
Running 'test-all.R' [12s]
Running the tests in 'tests/test-all.R' failed.
Complete output:
> library("testthat")
> library('vcr')
> test_check("vcr")
https://hb.opencpu.org is down Timeout was reached: [hb.opencpu.org] Connection timed out after 5014 milliseconds
https://nghttp2.org/httpbin is down Timeout was reached: [nghttp2.org] Connection timed out after 5012 milliseconds
Error in `FUN()`:
! In path: "D:\\RCompile\\CRANpkg\\local\\4.3\\vcr.Rcheck\\tests\\testthat\\helper-vcr.R"
Caused by error:
! all httpbin servers down
Backtrace:
▆
1. ├─testthat::test_check("vcr")
2. │ └─testthat::test_dir(...)
3. │ └─testthat:::test_files(...)
4. │ └─testthat:::test_files_serial(...)
5. │ └─testthat:::test_files_setup_state(...)
6. │ └─testthat::source_test_helpers(".", env)
7. │ └─testthat::source_dir(path, "^helper.*\\.[rR]$", env = env, wrap = FALSE)
8. │ └─base::lapply(...)
9. │ └─testthat (local) FUN(X[[i]], ...)
10. │ └─testthat::source_file(path, env = env, chdir = chdir, wrap = wrap)
11. │ ├─base::withCallingHandlers(...)
12. │ └─base::eval(exprs, env)
13. │ └─base::eval(exprs, env)
14. │ └─base::stop("all httpbin servers down") at D:\RCompile\CRANpkg\local\4.3\vcr.Rcheck\tests\testthat\helper-vcr.R:83:1
15. └─base::.handleSimpleError(...)
16. └─testthat (local) h(simpleError(msg, call))
17. └─rlang::abort(...)
Execution halted
- checking for unstated dependencies in vignettes ... OK
- checking package vignettes in 'inst/doc' ... OK
- checking re-building of vignette outputs ... [50s] OK
- checking PDF version of manual ... [20s] OK
- checking HTML version of manual ... [11s] OK
- DONE
Status: 1 ERROR, 1 NOTE