- using R version 4.4.0 (2024-04-24 ucrt)
- using platform: x86_64-w64-mingw32
- R was compiled by
gcc.exe (GCC) 13.2.0
GNU Fortran (GCC) 13.2.0
- running under: Windows Server 2022 x64 (build 20348)
- using session charset: UTF-8
- checking for file 'openxlsx/DESCRIPTION' ... OK
- checking extension type ... Package
- this is package 'openxlsx' version '4.2.5.2'
- package encoding: UTF-8
- checking package namespace information ... OK
- checking package dependencies ... OK
- checking if this is a source package ... OK
- checking if there is a namespace ... OK
- checking for hidden files and directories ... OK
- checking for portable file names ... OK
- checking whether package 'openxlsx' can be installed ... OK
See the install log for details.
- used C++ compiler: 'g++.exe (GCC) 13.2.0'
- checking installed package size ... OK
- checking package directory ... OK
- checking 'build' directory ... OK
- checking DESCRIPTION meta-information ... OK
- checking top-level files ... OK
- checking for left-over files ... OK
- checking index information ... OK
- checking package subdirectories ... OK
- checking code files for non-ASCII characters ... OK
- checking R files for syntax errors ... OK
- checking whether the package can be loaded ... [1s] OK
- checking whether the package can be loaded with stated dependencies ... [1s] OK
- checking whether the package can be unloaded cleanly ... [1s] OK
- checking whether the namespace can be loaded with stated dependencies ... [1s] OK
- checking whether the namespace can be unloaded cleanly ... [1s] OK
- checking loading without being on the library search path ... [1s] OK
- checking whether startup messages can be suppressed ... [1s] OK
- checking use of S3 registration ... OK
- checking dependencies in R code ... OK
- checking S3 generic/method consistency ... OK
- checking replacement functions ... OK
- checking foreign function calls ... OK
- checking R code for possible problems ... [16s] OK
- checking Rd files ... [2s] NOTE
checkRd: (-1) addWorksheet.Rd:68: Lost braces in \itemize; meant \describe ?
checkRd: (-1) addWorksheet.Rd:69: Lost braces in \itemize; meant \describe ?
checkRd: (-1) addWorksheet.Rd:70: Lost braces in \itemize; meant \describe ?
checkRd: (-1) addWorksheet.Rd:71: Lost braces in \itemize; meant \describe ?
checkRd: (-1) addWorksheet.Rd:72: Lost braces in \itemize; meant \describe ?
checkRd: (-1) addWorksheet.Rd:73: Lost braces in \itemize; meant \describe ?
checkRd: (-1) addWorksheet.Rd:74: Lost braces in \itemize; meant \describe ?
checkRd: (-1) buildWorkbook.Rd:43: Lost braces in \itemize; meant \describe ?
checkRd: (-1) buildWorkbook.Rd:48: Lost braces in \itemize; meant \describe ?
checkRd: (-1) buildWorkbook.Rd:49: Lost braces in \itemize; meant \describe ?
checkRd: (-1) buildWorkbook.Rd:50-51: Lost braces in \itemize; meant \describe ?
checkRd: (-1) buildWorkbook.Rd:52: Lost braces in \itemize; meant \describe ?
checkRd: (-1) buildWorkbook.Rd:57: Lost braces in \itemize; meant \describe ?
checkRd: (-1) buildWorkbook.Rd:58: Lost braces in \itemize; meant \describe ?
checkRd: (-1) buildWorkbook.Rd:59-60: Lost braces in \itemize; meant \describe ?
checkRd: (-1) buildWorkbook.Rd:61: Lost braces in \itemize; meant \describe ?
checkRd: (-1) buildWorkbook.Rd:62: Lost braces in \itemize; meant \describe ?
checkRd: (-1) buildWorkbook.Rd:63: Lost braces in \itemize; meant \describe ?
checkRd: (-1) buildWorkbook.Rd:64-66: Lost braces in \itemize; meant \describe ?
checkRd: (-1) buildWorkbook.Rd:67: Lost braces in \itemize; meant \describe ?
checkRd: (-1) buildWorkbook.Rd:68: Lost braces in \itemize; meant \describe ?
checkRd: (-1) buildWorkbook.Rd:69: Lost braces in \itemize; meant \describe ?
checkRd: (-1) buildWorkbook.Rd:70: Lost braces in \itemize; meant \describe ?
checkRd: (-1) buildWorkbook.Rd:75: Lost braces in \itemize; meant \describe ?
checkRd: (-1) buildWorkbook.Rd:76: Lost braces in \itemize; meant \describe ?
checkRd: (-1) buildWorkbook.Rd:77: Lost braces in \itemize; meant \describe ?
checkRd: (-1) buildWorkbook.Rd:78: Lost braces in \itemize; meant \describe ?
checkRd: (-1) buildWorkbook.Rd:83: Lost braces in \itemize; meant \describe ?
checkRd: (-1) createStyle.Rd:51: Lost braces
51 | \item{\strong{COMMA}{ for comma separated thousands}}
| ^
checkRd: (-1) createStyle.Rd:58: Lost braces in \itemize; meant \describe ?
checkRd: (-1) createStyle.Rd:59: Lost braces in \itemize; meant \describe ?
checkRd: (-1) createStyle.Rd:60: Lost braces in \itemize; meant \describe ?
checkRd: (-1) createStyle.Rd:61: Lost braces in \itemize; meant \describe ?
checkRd: (-1) createStyle.Rd:62: Lost braces in \itemize; meant \describe ?
checkRd: (-1) createStyle.Rd:63: Lost braces in \itemize; meant \describe ?
checkRd: (-1) createStyle.Rd:64: Lost braces in \itemize; meant \describe ?
checkRd: (-1) createStyle.Rd:65: Lost braces in \itemize; meant \describe ?
checkRd: (-1) createStyle.Rd:73: Lost braces in \itemize; meant \describe ?
checkRd: (-1) createStyle.Rd:74: Lost braces in \itemize; meant \describe ?
checkRd: (-1) createStyle.Rd:75: Lost braces in \itemize; meant \describe ?
checkRd: (-1) createStyle.Rd:76: Lost braces in \itemize; meant \describe ?
checkRd: (-1) createStyle.Rd:77: Lost braces in \itemize; meant \describe ?
checkRd: (-1) createStyle.Rd:78: Lost braces in \itemize; meant \describe ?
checkRd: (-1) createStyle.Rd:79: Lost braces in \itemize; meant \describe ?
checkRd: (-1) createStyle.Rd:80: Lost braces in \itemize; meant \describe ?
checkRd: (-1) createStyle.Rd:81: Lost braces in \itemize; meant \describe ?
checkRd: (-1) createStyle.Rd:82: Lost braces in \itemize; meant \describe ?
checkRd: (-1) createStyle.Rd:83: Lost braces in \itemize; meant \describe ?
checkRd: (-1) createStyle.Rd:84: Lost braces in \itemize; meant \describe ?
checkRd: (-1) createStyle.Rd:85: Lost braces in \itemize; meant \describe ?
checkRd: (-1) createStyle.Rd:86: Lost braces in \itemize; meant \describe ?
checkRd: (-1) createStyle.Rd:98: Lost braces in \itemize; meant \describe ?
checkRd: (-1) createStyle.Rd:99: Lost braces in \itemize; meant \describe ?
checkRd: (-1) createStyle.Rd:100: Lost braces in \itemize; meant \describe ?
checkRd: (-1) createStyle.Rd:101: Lost braces in \itemize; meant \describe ?
checkRd: (-1) createStyle.Rd:107: Lost braces in \itemize; meant \describe ?
checkRd: (-1) createStyle.Rd:108: Lost braces in \itemize; meant \describe ?
checkRd: (-1) createStyle.Rd:109: Lost braces in \itemize; meant \describe ?
checkRd: (-1) createStyle.Rd:114: Lost braces in \itemize; meant \describe ?
checkRd: (-1) createStyle.Rd:115: Lost braces in \itemize; meant \describe ?
checkRd: (-1) createStyle.Rd:116: Lost braces in \itemize; meant \describe ?
checkRd: (-1) createStyle.Rd:117: Lost braces in \itemize; meant \describe ?
checkRd: (-1) createStyle.Rd:118: Lost braces in \itemize; meant \describe ?
checkRd: (-1) createStyle.Rd:119: Lost braces in \itemize; meant \describe ?
checkRd: (-1) createStyle.Rd:120: Lost braces in \itemize; meant \describe ?
checkRd: (-1) pageSetup.Rd:68: Lost braces in \itemize; meant \describe ?
checkRd: (-1) pageSetup.Rd:69: Lost braces in \itemize; meant \describe ?
checkRd: (-1) pageSetup.Rd:70: Lost braces in \itemize; meant \describe ?
checkRd: (-1) pageSetup.Rd:71: Lost braces in \itemize; meant \describe ?
checkRd: (-1) pageSetup.Rd:72: Lost braces in \itemize; meant \describe ?
checkRd: (-1) pageSetup.Rd:73: Lost braces in \itemize; meant \describe ?
checkRd: (-1) pageSetup.Rd:74: Lost braces in \itemize; meant \describe ?
checkRd: (-1) pageSetup.Rd:75: Lost braces in \itemize; meant \describe ?
checkRd: (-1) pageSetup.Rd:76: Lost braces in \itemize; meant \describe ?
checkRd: (-1) pageSetup.Rd:77: Lost braces in \itemize; meant \describe ?
checkRd: (-1) pageSetup.Rd:78: Lost braces in \itemize; meant \describe ?
checkRd: (-1) pageSetup.Rd:79: Lost braces in \itemize; meant \describe ?
checkRd: (-1) pageSetup.Rd:80: Lost braces in \itemize; meant \describe ?
checkRd: (-1) pageSetup.Rd:81: Lost braces in \itemize; meant \describe ?
checkRd: (-1) pageSetup.Rd:82: Lost braces in \itemize; meant \describe ?
checkRd: (-1) pageSetup.Rd:83: Lost braces in \itemize; meant \describe ?
checkRd: (-1) pageSetup.Rd:84: Lost braces in \itemize; meant \describe ?
checkRd: (-1) pageSetup.Rd:85: Lost braces in \itemize; meant \describe ?
checkRd: (-1) pageSetup.Rd:86: Lost braces in \itemize; meant \describe ?
checkRd: (-1) pageSetup.Rd:87: Lost braces in \itemize; meant \describe ?
checkRd: (-1) pageSetup.Rd:88: Lost braces in \itemize; meant \describe ?
checkRd: (-1) pageSetup.Rd:89: Lost braces in \itemize; meant \describe ?
checkRd: (-1) pageSetup.Rd:90: Lost braces in \itemize; meant \describe ?
checkRd: (-1) pageSetup.Rd:91: Lost braces in \itemize; meant \describe ?
checkRd: (-1) pageSetup.Rd:92: Lost braces in \itemize; meant \describe ?
checkRd: (-1) pageSetup.Rd:93: Lost braces in \itemize; meant \describe ?
checkRd: (-1) pageSetup.Rd:94: Lost braces in \itemize; meant \describe ?
checkRd: (-1) pageSetup.Rd:95: Lost braces in \itemize; meant \describe ?
checkRd: (-1) pageSetup.Rd:96: Lost braces in \itemize; meant \describe ?
checkRd: (-1) pageSetup.Rd:97: Lost braces in \itemize; meant \describe ?
checkRd: (-1) pageSetup.Rd:98: Lost braces in \itemize; meant \describe ?
checkRd: (-1) pageSetup.Rd:99: Lost braces in \itemize; meant \describe ?
checkRd: (-1) pageSetup.Rd:100: Lost braces in \itemize; meant \describe ?
checkRd: (-1) pageSetup.Rd:101: Lost braces in \itemize; meant \describe ?
checkRd: (-1) pageSetup.Rd:102: Lost braces in \itemize; meant \describe ?
checkRd: (-1) pageSetup.Rd:103: Lost braces in \itemize; meant \describe ?
checkRd: (-1) pageSetup.Rd:104: Lost braces in \itemize; meant \describe ?
checkRd: (-1) pageSetup.Rd:105: Lost braces in \itemize; meant \describe ?
checkRd: (-1) pageSetup.Rd:106: Lost braces in \itemize; meant \describe ?
checkRd: (-1) pageSetup.Rd:107: Lost braces in \itemize; meant \describe ?
checkRd: (-1) pageSetup.Rd:108: Lost braces in \itemize; meant \describe ?
checkRd: (-1) pageSetup.Rd:109: Lost braces in \itemize; meant \describe ?
checkRd: (-1) pageSetup.Rd:110: Lost braces in \itemize; meant \describe ?
checkRd: (-1) pageSetup.Rd:111: Lost braces in \itemize; meant \describe ?
checkRd: (-1) pageSetup.Rd:112: Lost braces in \itemize; meant \describe ?
checkRd: (-1) pageSetup.Rd:113: Lost braces in \itemize; meant \describe ?
checkRd: (-1) pageSetup.Rd:114: Lost braces in \itemize; meant \describe ?
checkRd: (-1) pageSetup.Rd:115: Lost braces in \itemize; meant \describe ?
checkRd: (-1) pageSetup.Rd:116: Lost braces in \itemize; meant \describe ?
checkRd: (-1) pageSetup.Rd:117: Lost braces in \itemize; meant \describe ?
checkRd: (-1) pageSetup.Rd:118: Lost braces in \itemize; meant \describe ?
checkRd: (-1) pageSetup.Rd:119: Lost braces in \itemize; meant \describe ?
checkRd: (-1) pageSetup.Rd:120: Lost braces in \itemize; meant \describe ?
checkRd: (-1) pageSetup.Rd:121: Lost braces in \itemize; meant \describe ?
checkRd: (-1) pageSetup.Rd:122: Lost braces in \itemize; meant \describe ?
checkRd: (-1) pageSetup.Rd:123: Lost braces in \itemize; meant \describe ?
checkRd: (-1) pageSetup.Rd:124: Lost braces in \itemize; meant \describe ?
checkRd: (-1) pageSetup.Rd:125: Lost braces in \itemize; meant \describe ?
checkRd: (-1) pageSetup.Rd:126: Lost braces in \itemize; meant \describe ?
checkRd: (-1) pageSetup.Rd:127: Lost braces in \itemize; meant \describe ?
checkRd: (-1) pageSetup.Rd:128: Lost braces in \itemize; meant \describe ?
checkRd: (-1) pageSetup.Rd:129: Lost braces in \itemize; meant \describe ?
checkRd: (-1) pageSetup.Rd:130: Lost braces in \itemize; meant \describe ?
checkRd: (-1) pageSetup.Rd:131: Lost braces in \itemize; meant \describe ?
checkRd: (-1) pageSetup.Rd:132: Lost braces in \itemize; meant \describe ?
checkRd: (-1) pageSetup.Rd:133: Lost braces in \itemize; meant \describe ?
checkRd: (-1) setHeaderFooter.Rd:41: Lost braces in \itemize; meant \describe ?
checkRd: (-1) setHeaderFooter.Rd:42: Lost braces in \itemize; meant \describe ?
checkRd: (-1) setHeaderFooter.Rd:43: Lost braces in \itemize; meant \describe ?
checkRd: (-1) setHeaderFooter.Rd:44: Lost braces in \itemize; meant \describe ?
checkRd: (-1) setHeaderFooter.Rd:45: Lost braces in \itemize; meant \describe ?
checkRd: (-1) setHeaderFooter.Rd:46: Lost braces in \itemize; meant \describe ?
checkRd: (-1) setHeaderFooter.Rd:47: Lost braces in \itemize; meant \describe ?
checkRd: (-1) write.xlsx.Rd:34: Lost braces in \itemize; meant \describe ?
checkRd: (-1) write.xlsx.Rd:39: Lost braces in \itemize; meant \describe ?
checkRd: (-1) write.xlsx.Rd:40: Lost braces in \itemize; meant \describe ?
checkRd: (-1) write.xlsx.Rd:41-42: Lost braces in \itemize; meant \describe ?
checkRd: (-1) write.xlsx.Rd:43: Lost braces in \itemize; meant \describe ?
checkRd: (-1) write.xlsx.Rd:48: Lost braces in \itemize; meant \describe ?
checkRd: (-1) write.xlsx.Rd:49: Lost braces in \itemize; meant \describe ?
checkRd: (-1) write.xlsx.Rd:50-51: Lost braces in \itemize; meant \describe ?
checkRd: (-1) write.xlsx.Rd:52: Lost braces in \itemize; meant \describe ?
checkRd: (-1) write.xlsx.Rd:53: Lost braces in \itemize; meant \describe ?
checkRd: (-1) write.xlsx.Rd:54: Lost braces in \itemize; meant \describe ?
checkRd: (-1) write.xlsx.Rd:55-57: Lost braces in \itemize; meant \describe ?
checkRd: (-1) write.xlsx.Rd:58: Lost braces in \itemize; meant \describe ?
checkRd: (-1) write.xlsx.Rd:59: Lost braces in \itemize; meant \describe ?
checkRd: (-1) write.xlsx.Rd:60: Lost braces in \itemize; meant \describe ?
checkRd: (-1) write.xlsx.Rd:61: Lost braces in \itemize; meant \describe ?
checkRd: (-1) write.xlsx.Rd:66: Lost braces in \itemize; meant \describe ?
checkRd: (-1) write.xlsx.Rd:67: Lost braces in \itemize; meant \describe ?
checkRd: (-1) write.xlsx.Rd:68: Lost braces in \itemize; meant \describe ?
checkRd: (-1) write.xlsx.Rd:69: Lost braces in \itemize; meant \describe ?
checkRd: (-1) write.xlsx.Rd:74: Lost braces in \itemize; meant \describe ?
checkRd: (-1) writeData.Rd:64: Lost braces in \itemize; meant \describe ?
checkRd: (-1) writeData.Rd:65: Lost braces in \itemize; meant \describe ?
checkRd: (-1) writeData.Rd:66: Lost braces in \itemize; meant \describe ?
checkRd: (-1) writeData.Rd:67: Lost braces in \itemize; meant \describe ?
checkRd: (-1) writeData.Rd:68: Lost braces in \itemize; meant \describe ?
checkRd: (-1) writeData.Rd:69: Lost braces in \itemize; meant \describe ?
checkRd: (-1) writeData.Rd:70: Lost braces in \itemize; meant \describe ?
checkRd: (-1) writeData.Rd:71: Lost braces in \itemize; meant \describe ?
checkRd: (-1) writeData.Rd:72: Lost braces in \itemize; meant \describe ?
checkRd: (-1) writeData.Rd:73: Lost braces in \itemize; meant \describe ?
checkRd: (-1) writeData.Rd:74: Lost braces in \itemize; meant \describe ?
checkRd: (-1) writeData.Rd:75: Lost braces in \itemize; meant \describe ?
checkRd: (-1) writeData.Rd:76: Lost braces in \itemize; meant \describe ?
checkRd: (-1) writeData.Rd:77: Lost braces in \itemize; meant \describe ?
- checking Rd metadata ... OK
- checking Rd cross-references ... OK
- checking for missing documentation entries ... OK
- checking for code/documentation mismatches ... OK
- checking Rd \usage sections ... OK
- checking Rd contents ... OK
- checking for unstated dependencies in examples ... OK
- checking R/sysdata.rda ... OK
- checking line endings in C/C++/Fortran sources/headers ... OK
- checking pragmas in C/C++ headers and code ... OK
- checking compiled code ... OK
- checking installed files from 'inst/doc' ... OK
- checking files in 'vignettes' ... OK
- checking examples ... [11s] OK
- checking for unstated dependencies in 'tests' ... OK
- checking tests ... [38s] ERROR
Running 'testthat.R' [38s]
Running the tests in 'tests/testthat.R' failed.
Complete output:
> library(testthat)
> library(openxlsx)
>
> test_check("openxlsx")
[ FAIL 3 | WARN 3 | SKIP 3 | PASS 1166 ]
══ Skipped tests (3) ═══════════════════════════════════════════════════════════
• empty test (3): 'test-trying_to_break_openxlsx.R:7:1',
'test-worksheet_ordering.R:246:1', 'test-write_data_to_sheetData.R:189:1'
══ Failed tests ════════════════════════════════════════════════════════════════
── Error ('test-read_sources.R:14:3'): read.xlsx from different sources ────────
Error in `download.file(url = xlsxFile, destfile = tmpFile, cacheOK = FALSE,
mode = "wb", quiet = TRUE)`: cannot open URL 'https://github.com/ycphs/openxlsx/raw/master/inst/extdata/readTest.xlsx'
Backtrace:
▆
1. ├─openxlsx::read.xlsx(xlsxFile) at test-read_sources.R:14:3
2. └─openxlsx:::read.xlsx.default(xlsxFile)
3. └─openxlsx:::getFile(xlsxFile)
4. └─utils::download.file(...)
── Error ('test-read_sources.R:40:3'): loadWorkbook from different sources ─────
Error in `download.file(url = xlsxFile, destfile = tmpFile, cacheOK = FALSE,
mode = "wb", quiet = TRUE)`: cannot open URL 'https://github.com/ycphs/openxlsx/raw/master/inst/extdata/readTest.xlsx'
Backtrace:
▆
1. └─openxlsx::loadWorkbook(xlsxFile) at test-read_sources.R:40:3
2. └─openxlsx:::getFile(file)
3. └─utils::download.file(...)
── Error ('test-read_sources.R:56:3'): getDateOrigin from different sources ────
Error in `download.file(url = xlsxFile, destfile = tmpFile, cacheOK = FALSE,
mode = "wb", quiet = TRUE)`: cannot open URL 'https://github.com/ycphs/openxlsx/raw/master/inst/extdata/readTest.xlsx'
Backtrace:
▆
1. └─openxlsx::getDateOrigin(xlsxFile) at test-read_sources.R:56:3
2. └─openxlsx:::getFile(xlsxFile)
3. └─utils::download.file(...)
[ FAIL 3 | WARN 3 | SKIP 3 | PASS 1166 ]
Error: Test failures
Execution halted
- checking for unstated dependencies in vignettes ... OK
- checking package vignettes ... OK
- checking re-building of vignette outputs ... [5s] OK
- checking PDF version of manual ... [24s] OK
- checking HTML version of manual ... [13s] OK
- DONE
Status: 1 ERROR, 1 NOTE