- using R version 4.5.2 (2025-10-31 ucrt)
- using platform: x86_64-w64-mingw32
- R was compiled by
gcc.exe (GCC) 14.3.0
GNU Fortran (GCC) 14.3.0
- running under: Windows Server 2022 x64 (build 20348)
- using session charset: UTF-8
- checking for file 'markmyassignment/DESCRIPTION' ... OK
- checking extension type ... Package
- this is package 'markmyassignment' version '0.8.8'
- package encoding: UTF-8
- checking package namespace information ... OK
- checking package dependencies ... OK
- checking if this is a source package ... OK
- checking if there is a namespace ... OK
- checking for hidden files and directories ... OK
- checking for portable file names ... OK
- checking whether package 'markmyassignment' can be installed ... OK
See the install log for details.
- checking installed package size ... OK
- checking package directory ... OK
- checking 'build' directory ... OK
- checking DESCRIPTION meta-information ... OK
- checking top-level files ... OK
- checking for left-over files ... OK
- checking index information ... OK
- checking package subdirectories ... OK
- checking code files for non-ASCII characters ... OK
- checking R files for syntax errors ... OK
- checking whether the package can be loaded ... [0s] OK
- checking whether the package can be loaded with stated dependencies ... [0s] OK
- checking whether the package can be unloaded cleanly ... [0s] OK
- checking whether the namespace can be loaded with stated dependencies ... [0s] OK
- checking whether the namespace can be unloaded cleanly ... [0s] OK
- checking loading without being on the library search path ... [0s] OK
- checking use of S3 registration ... OK
- checking dependencies in R code ... OK
- checking S3 generic/method consistency ... OK
- checking replacement functions ... OK
- checking foreign function calls ... OK
- checking R code for possible problems ... [3s] OK
- checking Rd files ... [1s] OK
- checking Rd metadata ... OK
- checking Rd cross-references ... OK
- checking for missing documentation entries ... OK
- checking for code/documentation mismatches ... OK
- checking Rd \usage sections ... OK
- checking Rd contents ... OK
- checking for unstated dependencies in examples ... OK
- checking installed files from 'inst/doc' ... OK
- checking files in 'vignettes' ... OK
- checking examples ... [2s] OK
- checking for unstated dependencies in 'tests' ... OK
- checking tests ... [14s] ERROR
Running 'testthat.R' [14s]
Running the tests in 'tests/testthat.R' failed.
Complete output:
> library(testthat)
> test_check("markmyassignment")
Loading required package: markmyassignment
Saving _problems/test-expectation-40.R
Saving _problems/test-expectation-45.R
[ FAIL 2 | WARN 0 | SKIP 6 | PASS 145 ]
══ Skipped tests (6) ═══════════════════════════════════════════════════════════
• On CRAN (6): 'test-set_assignment.R:5:3', 'test-set_assignment.R:47:3',
'test-set_assignment.R:70:3', 'test-set_assignment.R:101:3',
'test-set_assignment.R:155:3', 'test-set_assignment.R:205:3'
══ Failed tests ════════════════════════════════════════════════════════════════
── Failure ('test-expectation.R:40:3'): expect_function_code() ─────────────────
Expected failure message to match regexp "'markmyassignment' not found in the body of base::mean".
Actual message:
✖ │ 'markmyassignment' not found in the body of `base::mean`
── Failure ('test-expectation.R:45:3'): expect_no_forbidden_function_code() ────
Expected failure message to match regexp "Forbidden code 'UseMethod' is found in the body of base::mean".
Actual message:
✖ │ Forbidden code 'UseMethod' is found in the body of `base::mean`
[ FAIL 2 | WARN 0 | SKIP 6 | PASS 145 ]
Error:
! Test failures.
Execution halted
- checking for unstated dependencies in vignettes ... OK
- checking package vignettes ... OK
- checking re-building of vignette outputs ... [8s] OK
- checking PDF version of manual ... [19s] OK
- checking HTML version of manual ... [5s] OK
- DONE
Status: 1 ERROR