- using R version 4.2.3 (2023-03-15 ucrt)
- using platform: x86_64-w64-mingw32 (64-bit)
- using session charset: UTF-8
- checking for file 'ezknitr/DESCRIPTION' ... OK
- this is package 'ezknitr' version '0.6'
- checking package namespace information ... OK
- checking package dependencies ... OK
- checking if this is a source package ... OK
- checking if there is a namespace ... OK
- checking for hidden files and directories ... OK
- checking for portable file names ... OK
- checking whether package 'ezknitr' can be installed ... OK
- checking installed package size ... OK
- checking package directory ... OK
- checking 'build' directory ... OK
- checking DESCRIPTION meta-information ... OK
- checking top-level files ... OK
- checking for left-over files ... OK
- checking index information ... OK
- checking package subdirectories ... OK
- checking R files for non-ASCII characters ... OK
- checking R files for syntax errors ... OK
- checking whether the package can be loaded ... OK
- checking whether the package can be loaded with stated dependencies ... OK
- checking whether the package can be unloaded cleanly ... OK
- checking whether the namespace can be loaded with stated dependencies ... OK
- checking whether the namespace can be unloaded cleanly ... OK
- checking loading without being on the library search path ... OK
- checking use of S3 registration ... OK
- checking dependencies in R code ... OK
- checking S3 generic/method consistency ... OK
- checking replacement functions ... OK
- checking foreign function calls ... OK
- checking R code for possible problems ... [3s] OK
- checking Rd files ... [1s] OK
- checking Rd metadata ... OK
- checking Rd cross-references ... OK
- checking for missing documentation entries ... OK
- checking for code/documentation mismatches ... OK
- checking Rd \usage sections ... OK
- checking Rd contents ... OK
- checking for unstated dependencies in examples ... OK
- checking LazyData ... NOTE
'LazyData' is specified without a 'data' directory
- checking installed files from 'inst/doc' ... OK
- checking files in 'vignettes' ... OK
- checking examples ... [1s] OK
- checking for unstated dependencies in 'tests' ... OK
- checking tests ... [3s] OK
Running 'testthat.R' [3s]
- checking for unstated dependencies in vignettes ... OK
- checking package vignettes in 'inst/doc' ... OK
- checking re-building of vignette outputs ... [4s] ERROR
Error(s) in re-building vignettes:
--- re-building 'ezknitr.Rmd' using rmarkdown
Could not fetch https://travis-ci.org/ropenscilabs/ezknitr.svg?branch=master
HttpExceptionRequest Request {
host = "travis-ci.org"
port = 443
secure = True
requestHeaders = []
path = "/ropenscilabs/ezknitr.svg"
queryString = "?branch=master"
method = "GET"
proxy = Nothing
rawBody = False
redirectCount = 10
responseTimeout = ResponseTimeoutDefault
requestVersion = HTTP/1.1
}
(TooManyRedirects [Response {responseStatus = Status {statusCode = 308, statusMessage = "Permanent Redirect"}, responseVersion = HTTP/1.1, responseHeaders = [("Date","Sun, 26 Mar 2023 15:15:23 GMT"),("Content-Type","text/html"),("Transfer-Encoding","chunked"),("Connection","keep-alive"),("Location","https://travis-ci.org/ropenscilabs/ezknitr.svg?branch=master"),("CF-Cache-Status","BYPASS"),("Report-To","{\"endpoints\":[{\"url\":\"https:\\/\\/a.nel.cloudflare.com\\/report\\/v3?s=ci2nY6jePnGgqRKAvEegsD9t0riky5g9QPelQe2NSwQ%2Fs%2FdhvwR0QeFuzLfiC0YE8zxG2JrJim7tGkUefwD23QBlXk%2FX13YynJi3u4WRNevTPhOG8kZKFVxxsE06CmtP\"}],\"group\":\"cf-nel\",\"max_age\":604800}"),("NEL","{\"success_fraction\":0,\"report_to\":\"cf-nel\",\"max_age\":604800}"),("Vary","Accept-Encoding"),("Server","cloudflare"),("CF-RAY","7ae059493a01cad9-DUS"),("alt-svc","h3=\":443\"; ma=86400, h3-29=\":443\"; ma=86400")], responseBody = "<html>\r\n<head><title>308 Permanent Redirect</title></head>\r\n<body>\r\n<center><h1>308 Permanent Redirect</h1></center>\r\n<hr><center>openresty</center>\r\n</body>\r\n</html>\r\n", responseCookieJar = CJ {expose = []}, responseClose' = ResponseClose},Response {responseStatus = Status {statusCode = 308, statusMessage = "Permanent Redirect"}, responseVersion = HTTP/1.1, responseHeaders = [("Date","Sun, 26 Mar 2023 15:15:23 GMT"),("Content-Type","text/html"),("Transfer-Encoding","chunked"),("Connection","keep-alive"),("Location","https://travis-ci.org/ropenscilabs/ezknitr.svg?branch=master"),("CF-Cache-Status","BYPASS"),("Report-To","{\"endpoints\":[{\"url\":\"https:\\/\\/a.nel.cloudflare.com\\/report\\/v3?s=wTpfOwb7AQ4aK58eOiML5s04OFdtMaR4raFXEUdWWkfEPnttUdtLljd%2FmfT7rMkho70a6%2F7I326zjL49M%2BRNQHcof96VaPFMW6oejqPwyqykyqZevLUwrpdaHweULd1i\"}],\"group\":\"cf-nel\",\"max_age\":604800}"),("NEL","{\"success_fraction\":0,\"report_to\":\"cf-nel\",\"max_age\":604800}"),("Vary","Accept-Encoding"),("Server","cloudflare"),("CF-RAY","7ae0594888efcad9-DUS"),("alt-svc","h3=\":443\"; ma=86400, h3-29=\":443\"; ma=86400")], responseBody = "<html>\r\n<head><title>308 Permanent Redirect</title></head>\r\n<body>\r\n<center><h1>308 Permanent Redirect</h1></center>\r\n<hr><center>openresty</center>\r\n</body>\r\n</html>\r\n", responseCookieJar = CJ {expose = []}, responseClose' = ResponseClose},Response {responseStatus = Status {statusCode = 308, statusMessage = "Permanent Redirect"}, responseVersion = HTTP/1.1, responseHeaders = [("Date","Sun, 26 Mar 2023 15:15:23 GMT"),("Content-Type","text/html"),("Transfer-Encoding","chunked"),("Connection","keep-alive"),("Location","https://travis-ci.org/ropenscilabs/ezknitr.svg?branch=master"),("CF-Cache-Status","BYPASS"),("Report-To","{\"endpoints\":[{\"url\":\"https:\\/\\/a.nel.cloudflare.com\\/report\\/v3?s=fCq2o9njustQUMKkhrawqbbK4iBG16ljoCWOuEW0ARd52RoScG2wdQBq2PPKTxL45NQogJDtofcJ8cL3RWKm07yuElBUUKf69S75HBuDPLye%2F6oQxS5DS%2B830fxqK%2FaZ\"}],\"group\":\"cf-nel\",\"max_age\":604800}"),("NEL","{\"success_fraction\":0,\"report_to\":\"cf-nel\",\"max_age\":604800}"),("Vary","Accept-Encoding"),("Server","cloudflare"),("CF-RAY","7ae05947cff1cad9-DUS"),("alt-svc","h3=\":443\"; ma=86400, h3-29=\":443\"; ma=86400")], responseBody = "<html>\r\n<head><title>308 Permanent Redirect</title></head>\r\n<body>\r\n<center><h1>308 Permanent Redirect</h1></center>\r\n<hr><center>openresty</center>\r\n</body>\r\n</html>\r\n", responseCookieJar = CJ {expose = []}, responseClose' = ResponseClose},Response {responseStatus = Status {statusCode = 308, statusMessage = "Permanent Redirect"}, responseVersion = HTTP/1.1, responseHeaders = [("Date","Sun, 26 Mar 2023 15:15:23 GMT"),("Content-Type","text/html"),("Transfer-Encoding","chunked"),("Connection","keep-alive"),("Location","https://travis-ci.org/ropenscilabs/ezknitr.svg?branch=master"),("CF-Cache-Status","BYPASS"),("Report-To","{\"endpoints\":[{\"url\":\"https:\\/\\/a.nel.cloudflare.com\\/report\\/v3?s=wfUcFLtLKDtrbeEu1NwEVcSasJ%2FbrOW80c4J3xQoKoYgsBUAymRlVxnZgFPebC5e7v0UYdRCkUm4SHD3UfoWTA%2F5Ruy%2BAPNreMNf3XvBsq9HNQ%2B%2BI7mkrHvV%2Bmz0FTqe\"}],\"group\":\"cf-nel\",\"max_age\":604800}"),("NEL","{\"success_fraction\":0,\"report_to\":\"cf-nel\",\"max_age\":604800}"),("Vary","Accept-Encoding"),("Server","cloudflare"),("CF-RAY","7ae05946feddcad9-DUS"),("alt-svc","h3=\":443\"; ma=86400, h3-29=\":443\"; ma=86400")], responseBody = "<html>\r\n<head><title>308 Permanent Redirect</title></head>\r\n<body>\r\n<center><h1>308 Permanent Redirect</h1></center>\r\n<hr><center>openresty</center>\r\n</body>\r\n</html>\r\n", responseCookieJar = CJ {expose = []}, responseClose' = ResponseClose},Response {responseStatus = Status {statusCode = 308, statusMessage = "Permanent Redirect"}, responseVersion = HTTP/1.1, responseHeaders = [("Date","Sun, 26 Mar 2023 15:15:23 GMT"),("Content-Type","text/html"),("Transfer-Encoding","chunked"),("Connection","keep-alive"),("Location","https://travis-ci.org/ropenscilabs/ezknitr.svg?branch=master"),("CF-Cache-Status","BYPASS"),("Report-To","{\"endpoints\":[{\"url\":\"https:\\/\\/a.nel.cloudflare.com\\/report\\/v3?s=bYuHdkzw7iiXUJQ6eJO%2ByoK60BPouQWnfdBYSUc1Y7hRoFxJiLFSA%2BKQ51xfyKKa2yKvfm85QKtEQRy0fRbnOORbOBfpGgwXidN%2BxiXFoFRxJxy5Dh25AdVAH%2BhXA4Co\"}],\"group\":\"cf-nel\",\"max_age\":604800}"),("NEL","{\"success_fraction\":0,\"report_to\":\"cf-nel\",\"max_age\":604800}"),("Vary","Accept-Encoding"),("Server","cloudflare"),("CF-RAY","7ae059461d97cad9-DUS"),("alt-svc","h3=\":443\"; ma=86400, h3-29=\":443\"; ma=86400")], responseBody = "<html>\r\n<head><title>308 Permanent Redirect</title></head>\r\n<body>\r\n<center><h1>308 Permanent Redirect</h1></center>\r\n<hr><center>openresty</center>\r\n</body>\r\n</html>\r\n", responseCookieJar = CJ {expose = []}, responseClose' = ResponseClose},Response {responseStatus = Status {statusCode = 308, statusMessage = "Permanent Redirect"}, responseVersion = HTTP/1.1, responseHeaders = [("Date","Sun, 26 Mar 2023 15:15:23 GMT"),("Content-Type","text/html"),("Transfer-Encoding","chunked"),("Connection","keep-alive"),("Location","https://travis-ci.org/ropenscilabs/ezknitr.svg?branch=master"),("CF-Cache-Status","BYPASS"),("Report-To","{\"endpoints\":[{\"url\":\"https:\\/\\/a.nel.cloudflare.com\\/report\\/v3?s=5LN%2BWDBzPPto4ksbgi2DiyqdSAW7TJtTRIa%2F%2BxEV4ok6inZziQUzKakMeLYYWGOoDQHaNJHMDGPDkSetSSHUTwhNvikFMPe5krKorndZoePUG4UERM76I931oCyKvP06\"}],\"group\":\"cf-nel\",\"max_age\":604800}"),("NEL","{\"success_fraction\":0,\"report_to\":\"cf-nel\",\"max_age\":604800}"),("Vary","Accept-Encoding"),("Server","cloudflare"),("CF-RAY","7ae059456c8acad9-DUS"),("alt-svc","h3=\":443\"; ma=86400, h3-29=\":443\"; ma=86400")], responseBody = "<html>\r\n<head><title>308 Permanent Redirect</title></head>\r\n<body>\r\n<center><h1>308 Permanent Redirect</h1></center>\r\n<hr><center>openresty</center>\r\n</body>\r\n</html>\r\n", responseCookieJar = CJ {expose = []}, responseClose' = ResponseClose},Response {responseStatus = Status {statusCode = 308, statusMessage = "Permanent Redirect"}, responseVersion = HTTP/1.1, responseHeaders = [("Date","Sun, 26 Mar 2023 15:15:23 GMT"),("Content-Type","text/html"),("Transfer-Encoding","chunked"),("Connection","keep-alive"),("Location","https://travis-ci.org/ropenscilabs/ezknitr.svg?branch=master"),("CF-Cache-Status","BYPASS"),("Report-To","{\"endpoints\":[{\"url\":\"https:\\/\\/a.nel.cloudflare.com\\/report\\/v3?s=teyqCJYORm9x4Qn47qUn3lj%2FG3y7JTZ4EzOMTEQQlzRvyfmWZyjx9%2BI9LtutaAgdWPvdyDxZW8eC099oXEBefFfoE4c9so%2FFBxfir203WSRRt3Urx2TgBn%2BGEV0uFaos\"}],\"group\":\"cf-nel\",\"max_age\":604800}"),("NEL","{\"success_fraction\":0,\"report_to\":\"cf-nel\",\"max_age\":604800}"),("Vary","Accept-Encoding"),("Server","cloudflare"),("CF-RAY","7ae05944bbafcad9-DUS"),("alt-svc","h3=\":443\"; ma=86400, h3-29=\":443\"; ma=86400")], responseBody = "<html>\r\n<head><title>308 Permanent Redirect</title></head>\r\n<body>\r\n<center><h1>308 Permanent Redirect</h1></center>\r\n<hr><center>openresty</center>\r\n</body>\r\n</html>\r\n", responseCookieJar = CJ {expose = []}, responseClose' = ResponseClose},Response {responseStatus = Status {statusCode = 308, statusMessage = "Permanent Redirect"}, responseVersion = HTTP/1.1, responseHeaders = [("Date","Sun, 26 Mar 2023 15:15:22 GMT"),("Content-Type","text/html"),("Transfer-Encoding","chunked"),("Connection","keep-alive"),("Location","https://travis-ci.org/ropenscilabs/ezknitr.svg?branch=master"),("CF-Cache-Status","BYPASS"),("Report-To","{\"endpoints\":[{\"url\":\"https:\\/\\/a.nel.cloudflare.com\\/report\\/v3?s=1ohQALTKf5k9Ahvfq7RGCIlklHcuLPrR6SjwqD%2BTuJY7JAonFt6b4LD6Y4iRoKeSMLwEyUwkP17sFpR5wpMNaQn7Xk0u1s6yv%2F0glxkJw0%2FSXsUb94MrBFbrB%2B1oC7vB\"}],\"group\":\"cf-nel\",\"max_age\":604800}"),("NEL","{\"success_fraction\":0,\"report_to\":\"cf-nel\",\"max_age\":604800}"),("Vary","Accept-Encoding"),("Server","cloudflare"),("CF-RAY","7ae05943eab6cad9-DUS"),("alt-svc","h3=\":443\"; ma=86400, h3-29=\":443\"; ma=86400")], responseBody = "<html>\r\n<head><title>308 Permanent Redirect</title></head>\r\n<body>\r\n<center><h1>308 Permanent Redirect</h1></center>\r\n<hr><center>openresty</center>\r\n</body>\r\n</html>\r\n", responseCookieJar = CJ {expose = []}, responseClose' = ResponseClose},Response {responseStatus = Status {statusCode = 308, statusMessage = "Permanent Redirect"}, responseVersion = HTTP/1.1, responseHeaders = [("Date","Sun, 26 Mar 2023 15:15:22 GMT"),("Content-Type","text/html"),("Transfer-Encoding","chunked"),("Connection","keep-alive"),("Location","https://travis-ci.org/ropenscilabs/ezknitr.svg?branch=master"),("CF-Cache-Status","BYPASS"),("Report-To","{\"endpoints\":[{\"url\":\"https:\\/\\/a.nel.cloudflare.com\\/report\\/v3?s=HJOeQmMJSSRZ7PPsNJHe%2Bo43OR3k7tWt1qSh5HYkf%2FtVotVlH2bWpXKS%2FTfHTcbbzcq71TmYNejyjFDwBcVBX6ZBSjFkDn7ay3nXAW6t1OlsbymSbRBpM01%2FcMqlhXw%2F\"}],\"group\":\"cf-nel\",\"max_age\":604800}"),("NEL","{\"success_fraction\":0,\"report_to\":\"cf-nel\",\"max_age\":604800}"),("Vary","Accept-Encoding"),("Server","cloudflare"),("CF-RAY","7ae0594339f6cad9-DUS"),("alt-svc","h3=\":443\"; ma=86400, h3-29=\":443\"; ma=86400")], responseBody = "<html>\r\n<head><title>308 Permanent Redirect</title></head>\r\n<body>\r\n<center><h1>308 Permanent Redirect</h1></center>\r\n<hr><center>openresty</center>\r\n</body>\r\n</html>\r\n", responseCookieJar = CJ {expose = []}, responseClose' = ResponseClose},Response {responseStatus = Status {statusCode = 308, statusMessage = "Permanent Redirect"}, responseVersion = HTTP/1.1, responseHeaders = [("Date","Sun, 26 Mar 2023 15:15:22 GMT"),("Content-Type","text/html"),("Transfer-Encoding","chunked"),("Connection","keep-alive"),("Location","https://travis-ci.org/ropenscilabs/ezknitr.svg?branch=master"),("CF-Cache-Status","BYPASS"),("Report-To","{\"endpoints\":[{\"url\":\"https:\\/\\/a.nel.cloudflare.com\\/report\\/v3?s=Som3cSFZek6Vc8NXaygB9oA4B5sSbR%2BMj%2FDFgGKP1Vs4yjyWYzwyARCFi5QEYe0iUSK8BWuUDU0mXNaoTNlx%2FO0LUf2u01Az6rfhRFKdN8iUweexpNb7EGTFtJT5uIBa\"}],\"group\":\"cf-nel\",\"max_age\":604800}"),("NEL","{\"success_fraction\":0,\"report_to\":\"cf-nel\",\"max_age\":604800}"),("Vary","Accept-Encoding"),("Server","cloudflare"),("CF-RAY","7ae059427906cad9-DUS"),("alt-svc","h3=\":443\"; ma=86400, h3-29=\":443\"; ma=86400")], responseBody = "<html>\r\n<head><title>308 Permanent Redirect</title></head>\r\n<body>\r\n<center><h1>308 Permanent Redirect</h1></center>\r\n<hr><center>openresty</center>\r\n</body>\r\n</html>\r\n", responseCookieJar = CJ {expose = []}, responseClose' = ResponseClose},Response {responseStatus = Status {statusCode = 308, statusMessage = "Permanent Redirect"}, responseVersion = HTTP/1.1, responseHeaders = [("Date","Sun, 26 Mar 2023 15:15:22 GMT"),("Content-Type","text/html"),("Transfer-Encoding","chunked"),("Connection","keep-alive"),("Location","https://travis-ci.org/ropenscilabs/ezknitr.svg?branch=master"),("CF-Cache-Status","BYPASS"),("Report-To","{\"endpoints\":[{\"url\":\"https:\\/\\/a.nel.cloudflare.com\\/report\\/v3?s=CcNLR7m5p7jgOWDTWI%2BfrO0sFoonUCuczAo7UoDwKmr7XLkr2NMHR1Zu%2F4fhyfdSS6XvZgK%2FNUJvhquUJTxB7Ii9Oih08BNoIx2%2FvWaBGYVdWb5XMUBkSWNfB8PN9Smp\"}],\"group\":\"cf-nel\",\"max_age\":604800}"),("NEL","{\"success_fraction\":0,\"report_to\":\"cf-nel\",\"max_age\":604800}"),("Vary","Accept-Encoding"),("Server","cloudflare"),("CF-RAY","7ae059411f6bcad9-DUS"),("alt-svc","h3=\":443\"; ma=86400, h3-29=\":443\"; ma=86400")], responseBody = "<html>\r\n<head><title>308 Permanent Redirect</title></head>\r\n<body>\r\n<center><h1>308 Permanent Redirect</h1></center>\r\n<hr><center>openresty</center>\r\n</body>\r\n</html>\r\n", responseCookieJar = CJ {expose = []}, responseClose' = ResponseClose}])
Error: processing vignette 'ezknitr.Rmd' failed with diagnostics:
pandoc document conversion failed with error 61
--- failed re-building 'ezknitr.Rmd'
SUMMARY: processing the following file failed:
'ezknitr.Rmd'
Error: Vignette re-building failed.
Execution halted
- checking PDF version of manual ... OK
- DONE
Status: 1 ERROR, 1 NOTE