- using R version 4.5.1 (2025-06-13 ucrt)
- using platform: x86_64-w64-mingw32
- R was compiled by
gcc.exe (GCC) 14.2.0
GNU Fortran (GCC) 14.2.0
- running under: Windows Server 2022 x64 (build 20348)
- using session charset: UTF-8
- checking for file 'dataRetrieval/DESCRIPTION' ... OK
- checking extension type ... Package
- this is package 'dataRetrieval' version '2.7.19'
- package encoding: UTF-8
- checking package namespace information ... OK
- checking package dependencies ... OK
- checking if this is a source package ... OK
- checking if there is a namespace ... OK
- checking for hidden files and directories ... OK
- checking for portable file names ... OK
- checking whether package 'dataRetrieval' can be installed ... OK
See the install log for details.
- checking installed package size ... OK
- checking package directory ... OK
- checking 'build' directory ... OK
- checking DESCRIPTION meta-information ... OK
- checking top-level files ... OK
- checking for left-over files ... OK
- checking index information ... OK
- checking package subdirectories ... OK
- checking code files for non-ASCII characters ... OK
- checking R files for syntax errors ... OK
- checking whether the package can be loaded ... [3s] OK
- checking whether the package can be loaded with stated dependencies ... [2s] OK
- checking whether the package can be unloaded cleanly ... [2s] OK
- checking whether the namespace can be loaded with stated dependencies ... [2s] OK
- checking whether the namespace can be unloaded cleanly ... [3s] OK
- checking loading without being on the library search path ... [3s] OK
- checking whether startup messages can be suppressed ... [2s] OK
- checking use of S3 registration ... OK
- checking dependencies in R code ... OK
- checking S3 generic/method consistency ... OK
- checking replacement functions ... OK
- checking foreign function calls ... OK
- checking R code for possible problems ... [13s] OK
- checking Rd files ... [1s] OK
- checking Rd metadata ... OK
- checking Rd cross-references ... OK
- checking for missing documentation entries ... OK
- checking for code/documentation mismatches ... OK
- checking Rd \usage sections ... OK
- checking Rd contents ... OK
- checking for unstated dependencies in examples ... OK
- checking R/sysdata.rda ... OK
- checking installed files from 'inst/doc' ... OK
- checking files in 'vignettes' ... OK
- checking examples ... [9s] OK
- checking for unstated dependencies in 'tests' ... OK
- checking tests ... [53s] OK
Running 'testthat.R' [53s]
- checking for unstated dependencies in vignettes ... OK
- checking package vignettes ... OK
- checking re-building of vignette outputs ... [11s] ERROR
Error(s) in re-building vignettes:
--- re-building 'dataRetrieval.Rmd' using rmarkdown
--- finished re-building 'dataRetrieval.Rmd'
--- re-building 'qwdata_changes.Rmd' using rmarkdown
Quitting from qwdata_changes.Rmd:218-220 [unnamed-chunk-10]
~~~~~~~~~~~~~~~~~~~~~~~~~~~~~~~~~~~~~~~~~~~~~~~~~~~~~~~~~~~~~~~~~~~~~~~~~~~~~~~~
<error/rlang_error>
Error in `open.connection()`:
! cannot open the connection
---
Backtrace:
▆
1. ├─readr::read_csv("https://www.epa.gov/system/files/other-files/2024-07/schema_outbound_wqx3.0.csv")
2. │ └─vroom::vroom(...)
3. │ └─vroom:::vroom_(...)
4. ├─base (local) `<fn>`(`<curl>`, "rb")
5. └─base::open.connection(`<curl>`, "rb")
~~~~~~~~~~~~~~~~~~~~~~~~~~~~~~~~~~~~~~~~~~~~~~~~~~~~~~~~~~~~~~~~~~~~~~~~~~~~~~~~
Error: processing vignette 'qwdata_changes.Rmd' failed with diagnostics:
cannot open the connection
--- failed re-building 'qwdata_changes.Rmd'
SUMMARY: processing the following file failed:
'qwdata_changes.Rmd'
Error: Vignette re-building failed.
Execution halted
- checking PDF version of manual ... [24s] OK
- checking HTML version of manual ... [12s] OK
- DONE
Status: 1 ERROR