- using R version 4.2.1 (2022-06-23 ucrt)
- using platform: x86_64-w64-mingw32 (64-bit)
- using session charset: UTF-8
- checking for file 'cvms/DESCRIPTION' ... OK
- this is package 'cvms' version '1.3.4'
- package encoding: UTF-8
- checking package namespace information ... OK
- checking package dependencies ... OK
- checking if this is a source package ... OK
- checking if there is a namespace ... OK
- checking for hidden files and directories ... OK
- checking for portable file names ... OK
- checking whether package 'cvms' can be installed ... OK
- checking installed package size ... OK
- checking package directory ... OK
- checking 'build' directory ... OK
- checking DESCRIPTION meta-information ... OK
- checking top-level files ... OK
- checking for left-over files ... OK
- checking index information ... OK
- checking package subdirectories ... OK
- checking R files for non-ASCII characters ... OK
- checking R files for syntax errors ... OK
- checking whether the package can be loaded ... OK
- checking whether the package can be loaded with stated dependencies ... OK
- checking whether the package can be unloaded cleanly ... OK
- checking whether the namespace can be loaded with stated dependencies ... OK
- checking whether the namespace can be unloaded cleanly ... OK
- checking loading without being on the library search path ... OK
- checking use of S3 registration ... OK
- checking dependencies in R code ... OK
- checking S3 generic/method consistency ... OK
- checking replacement functions ... OK
- checking foreign function calls ... OK
- checking R code for possible problems ... [24s] OK
- checking Rd files ... [3s] OK
- checking Rd metadata ... OK
- checking Rd cross-references ... OK
- checking for missing documentation entries ... OK
- checking for code/documentation mismatches ... OK
- checking Rd \usage sections ... OK
- checking Rd contents ... OK
- checking for unstated dependencies in examples ... OK
- checking contents of 'data' directory ... OK
- checking data for non-ASCII characters ... OK
- checking LazyData ... OK
- checking data for ASCII and uncompressed saves ... OK
- checking installed files from 'inst/doc' ... OK
- checking files in 'vignettes' ... OK
- checking examples ... [6s] OK
- checking for unstated dependencies in 'tests' ... OK
- checking tests ... [157s] ERROR
Running 'testthat.R' [157s]
Running the tests in 'tests/testthat.R' failed.
Complete output:
> library(testthat)
> library(cvms)
>
> test_check("cvms")
[ FAIL 1 | WARN 0 | SKIP 70 | PASS 3622 ]
══ Skipped tests ═══════════════════════════════════════════════════════════════
• Fails in check - IMPROVE THESE TESTS (1)
• On CRAN (58)
• Skipping check for CRAN release due to r_hub failure (1)
• Skipping parallel tests (3)
• empty test (1)
• keras and tensorflow take too long and have too many dependencies (1)
• mac and ubuntu give different warnings (4)
• tidymodels have too many dependencies (1)
══ Failed tests ════════════════════════════════════════════════════════════════
── Failure (test_cross_validate.R:3476:5): varying number of folds in repeated cv with cross_validate() ──
CV$Coefficients not equal to list(...).
Component 1: Attributes: < Names: 19 string mismatches >
Component 1: Attributes: < Length mismatch: comparison on first 32 components >
Component 1: Attributes: < Component "ci_method": 1 string mismatch >
Component 1: Attributes: < Component "df_method": 1 string mismatch >
Component 1: Attributes: < Component 15: Modes: logical, character >
Component 1: Attributes: < Component 15: target is logical, current is character >
Component 1: Attributes: < Component 16: Modes: logical, character >
Component 1: Attributes: < Component 16: target is logical, current is character >
Component 1: Attributes: < Component 17: Modes: logical, numeric >
...
[ FAIL 1 | WARN 0 | SKIP 70 | PASS 3622 ]
Error: Test failures
Execution halted
- checking for unstated dependencies in vignettes ... OK
- checking package vignettes in 'inst/doc' ... OK
- checking re-building of vignette outputs ... [234s] OK
- checking PDF version of manual ... OK
- DONE
Status: 1 ERROR