• using R version 4.2.2 (2022-10-31 ucrt)
  • using platform: x86_64-w64-mingw32 (64-bit)
  • using session charset: UTF-8
  • checking for file 'copyseparator/DESCRIPTION' ... OK
  • checking extension type ... Package
  • this is package 'copyseparator' version '1.2.0'
  • package encoding: UTF-8
  • checking package namespace information ... OK
  • checking package dependencies ... OK
  • checking if this is a source package ... OK
  • checking if there is a namespace ... OK
  • checking for hidden files and directories ... OK
  • checking for portable file names ... OK
  • checking whether package 'copyseparator' can be installed ... ERROR
    Installation failed.
    See 'd:/Rcompile/CRANpkg/local/4.2/copyseparator.Rcheck/00install.out' for details.
  • DONE
    See https://www.r-project.org/nosvn/R.check/r-release-windows-x86_64/copyseparator-00install.html for details.