- using R version 4.5.1 (2025-06-13 ucrt)
- using platform: x86_64-w64-mingw32
- R was compiled by
gcc.exe (GCC) 14.2.0
GNU Fortran (GCC) 14.2.0
- running under: Windows Server 2022 x64 (build 20348)
- using session charset: UTF-8
- checking for file 'causalBatch/DESCRIPTION' ... OK
- checking extension type ... Package
- this is package 'causalBatch' version '1.3.0'
- package encoding: UTF-8
- checking package namespace information ... OK
- checking package dependencies ... OK
- checking if this is a source package ... OK
- checking if there is a namespace ... OK
- checking for hidden files and directories ... OK
- checking for portable file names ... OK
- checking whether package 'causalBatch' can be installed ... OK
See the install log for details.
- checking installed package size ... OK
- checking package directory ... OK
- checking 'build' directory ... OK
- checking DESCRIPTION meta-information ... OK
- checking top-level files ... OK
- checking for left-over files ... OK
- checking index information ... OK
- checking package subdirectories ... OK
- checking code files for non-ASCII characters ... OK
- checking R files for syntax errors ... OK
- checking whether the package can be loaded ... [8s] OK
- checking whether the package can be loaded with stated dependencies ... [7s] OK
- checking whether the package can be unloaded cleanly ... [7s] OK
- checking whether the namespace can be loaded with stated dependencies ... [7s] OK
- checking whether the namespace can be unloaded cleanly ... [7s] OK
- checking loading without being on the library search path ... [8s] OK
- checking use of S3 registration ... OK
- checking dependencies in R code ... OK
- checking S3 generic/method consistency ... OK
- checking replacement functions ... OK
- checking foreign function calls ... OK
- checking R code for possible problems ... [17s] OK
- checking Rd files ... [1s] OK
- checking Rd metadata ... OK
- checking Rd cross-references ... OK
- checking for missing documentation entries ... OK
- checking for code/documentation mismatches ... OK
- checking Rd \usage sections ... OK
- checking Rd contents ... OK
- checking for unstated dependencies in examples ... OK
- checking installed files from 'inst/doc' ... OK
- checking files in 'vignettes' ... OK
- checking examples ... [14s] OK
- checking for unstated dependencies in 'tests' ... OK
- checking tests ... [33s] ERROR
Running 'testthat.R' [32s]
Running the tests in 'tests/testthat.R' failed.
Complete output:
> # This file is part of the standard setup for testthat.
> # It is recommended that you do not modify it.
> #
> # Where should you do additional test configuration?
> # Learn more about the roles of various files in:
> # * https://r-pkgs.org/testing-design.html#sec-tests-files-overview
> # * https://testthat.r-lib.org/articles/special-files.html
>
> library(testthat)
> library(causalBatch)
>
> test_check("causalBatch")
Adjusting for1covariate(s) or covariate level(s)
Adjusting for1covariate(s) or covariate level(s)
Adjusting for1covariate(s) or covariate level(s)
# weights: 3 (2 variable)
initial value 126.152787
final value 111.073716
converged
# weights: 3 (2 variable)
initial value 54.065480
final value 49.235622
converged
# weights: 3 (2 variable)
initial value 128.232228
final value 114.191966
converged
# weights: 3 (2 variable)
initial value 124.073345
final value 116.677193
converged
Loading required package: ks
Attaching package: 'ks'
The following object is masked from 'package:testthat':
compare
[ FAIL 1 | WARN 0 | SKIP 3 | PASS 47 ]
══ Skipped tests (3) ═══════════════════════════════════════════════════════════
• On CRAN (3): 'test-causal_cdcorr.R:31:3', 'test-causal_cdcorr.R:46:3',
'test-causal_cdcorr.R:89:3'
══ Failed tests ════════════════════════════════════════════════════════════════
── Failure ('test-vector_matching.R:106:3'): VM throws warning when samples retained is low ──
`cb.align.vm_trim(sim.low$Ts, sim.low$Xs, retain.ratio = 0.8)` did not throw the expected warning.
[ FAIL 1 | WARN 0 | SKIP 3 | PASS 47 ]
Error: Test failures
Execution halted
- checking for unstated dependencies in vignettes ... OK
- checking package vignettes ... OK
- checking re-building of vignette outputs ... [92s] OK
- checking PDF version of manual ... [21s] OK
- checking HTML version of manual ... [3s] OK
- DONE
Status: 1 ERROR