- using R version 4.5.1 (2025-06-13 ucrt)
- using platform: x86_64-w64-mingw32
- R was compiled by
gcc.exe (GCC) 14.2.0
GNU Fortran (GCC) 14.2.0
- running under: Windows Server 2022 x64 (build 20348)
- using session charset: UTF-8
- checking for file 'baf/DESCRIPTION' ... OK
- this is package 'baf' version '0.0.3'
- package encoding: UTF-8
- checking package namespace information ... OK
- checking package dependencies ... OK
- checking if this is a source package ... OK
- checking if there is a namespace ... OK
- checking for hidden files and directories ... OK
- checking for portable file names ... OK
- checking whether package 'baf' can be installed ... OK
See the install log for details.
- checking installed package size ... OK
- checking package directory ... OK
- checking DESCRIPTION meta-information ... OK
- checking top-level files ... OK
- checking for left-over files ... OK
- checking index information ... OK
- checking package subdirectories ... OK
- checking code files for non-ASCII characters ... OK
- checking R files for syntax errors ... OK
- checking whether the package can be loaded ... [1s] OK
- checking whether the package can be loaded with stated dependencies ... [1s] OK
- checking whether the package can be unloaded cleanly ... [1s] OK
- checking whether the namespace can be loaded with stated dependencies ... [1s] OK
- checking whether the namespace can be unloaded cleanly ... [1s] OK
- checking loading without being on the library search path ... [1s] OK
- checking use of S3 registration ... OK
- checking dependencies in R code ... OK
- checking S3 generic/method consistency ... OK
- checking replacement functions ... OK
- checking foreign function calls ... OK
- checking R code for possible problems ... [3s] OK
- checking Rd files ... [0s] OK
- checking Rd metadata ... OK
- checking Rd cross-references ... OK
- checking for missing documentation entries ... OK
- checking for code/documentation mismatches ... OK
- checking Rd \usage sections ... OK
- checking Rd contents ... OK
- checking for unstated dependencies in examples ... OK
- checking contents of 'data' directory ... OK
- checking data for non-ASCII characters ... [1s] OK
- checking LazyData ... OK
- checking data for ASCII and uncompressed saves ... OK
- checking examples ... [4s] OK
- checking for unstated dependencies in 'tests' ... OK
- checking tests ... [5s] ERROR
Running 'testthat.R' [5s]
Running the tests in 'tests/testthat.R' failed.
Complete output:
> # This file is part of the standard setup for testthat.
> # It is recommended that you do not modify it.
> #
> # Where should you do additional test configuration?
> # Learn more about the roles of various files in:
> # * https://r-pkgs.org/testing-design.html#sec-tests-files-overview
> # * https://testthat.r-lib.org/articles/special-files.html
>
> library(testthat)
> library(baf)
>
> test_check('baf')
[100%] Downloaded 8453 bytes...
[16%] Downloaded 1360 bytes...
[83%] Downloaded 7084 bytes...
[100%] Downloaded 8453 bytes...
[0%] Downloaded 6836 bytes...
[0%] Downloaded 8196 bytes...
[0%] Downloaded 24571 bytes...
[0%] Downloaded 28713 bytes...
[1%] Downloaded 35534 bytes...
[1%] Downloaded 48203 bytes...
[2%] Downloaded 65536 bytes...
[2%] Downloaded 78205 bytes...
[3%] Downloaded 94571 bytes...
[3%] Downloaded 95103 bytes...
[3%] Downloaded 105290 bytes...
[4%] Downloaded 121656 bytes...
[4%] Downloaded 129618 bytes...
[5%] Downloaded 145984 bytes...
[5%] Downloaded 146507 bytes...
[5%] Downloaded 154956 bytes...
[5%] Downloaded 159185 bytes...
[5%] Downloaded 162386 bytes...
[5%] Downloaded 170826 bytes...
[6%] Downloaded 179275 bytes...
[6%] Downloaded 187724 bytes...
[6%] Downloaded 195154 bytes...
[7%] Downloaded 211520 bytes...
[7%] Downloaded 227886 bytes...
[7%] Downloaded 227922 bytes...
[8%] Downloaded 244288 bytes...
[9%] Downloaded 260654 bytes...
[9%] Downloaded 260690 bytes...
[9%] Downloaded 277056 bytes...
[10%] Downloaded 293422 bytes...
[10%] Downloaded 293458 bytes...
[10%] Downloaded 309824 bytes...
[11%] Downloaded 326190 bytes...
[11%] Downloaded 326226 bytes...
[11%] Downloaded 342592 bytes...
[12%] Downloaded 358958 bytes...
[12%] Downloaded 358994 bytes...
[13%] Downloaded 375360 bytes...
[13%] Downloaded 391726 bytes...
[13%] Downloaded 391762 bytes...
[14%] Downloaded 408128 bytes...
[14%] Downloaded 424494 bytes...
[14%] Downloaded 424530 bytes...
[15%] Downloaded 440896 bytes...
[15%] Downloaded 457262 bytes...
[15%] Downloaded 457298 bytes...
[16%] Downloaded 473664 bytes...
[17%] Downloaded 490030 bytes...
[17%] Downloaded 490066 bytes...
[17%] Downloaded 506396 bytes...
[18%] Downloaded 522762 bytes...
[18%] Downloaded 522834 bytes...
[18%] Downloaded 539200 bytes...
[19%] Downloaded 555566 bytes...
[19%] Downloaded 555602 bytes...
[19%] Downloaded 562158 bytes...
[20%] Downloaded 578524 bytes...
[20%] Downloaded 594890 bytes...
[21%] Downloaded 611256 bytes...
[21%] Downloaded 611292 bytes...
[21%] Downloaded 627658 bytes...
[21%] Downloaded 627694 bytes...
[22%] Downloaded 644060 bytes...
[22%] Downloaded 660426 bytes...
[23%] Downloaded 676792 bytes...
[23%] Downloaded 676828 bytes...
[24%] Downloaded 693194 bytes...
[24%] Downloaded 693230 bytes...
[24%] Downloaded 709596 bytes...
[25%] Downloaded 725962 bytes...
[25%] Downloaded 725998 bytes...
[25%] Downloaded 742364 bytes...
[26%] Downloaded 758730 bytes...
[26%] Downloaded 758766 bytes...
[26%] Downloaded 775132 bytes...
[27%] Downloaded 781422 bytes...
[27%] Downloaded 797788 bytes...
[28%] Downloaded 814154 bytes...
[28%] Downloaded 814190 bytes...
[28%] Downloaded 830556 bytes...
[29%] Downloaded 846922 bytes...
[30%] Downloaded 863288 bytes...
[30%] Downloaded 879654 bytes...
[30%] Downloaded 879726 bytes...
[31%] Downloaded 896092 bytes...
[31%] Downloaded 912458 bytes...
[32%] Downloaded 928824 bytes...
[32%] Downloaded 945190 bytes...
[32%] Downloaded 945262 bytes...
[33%] Downloaded 961628 bytes...
[34%] Downloaded 977994 bytes...
[34%] Downloaded 994360 bytes...
[34%] Downloaded 1000686 bytes...
[35%] Downloaded 1017052 bytes...
[35%] Downloaded 1033418 bytes...
[35%] Downloaded 1033454 bytes...
[36%] Downloaded 1049820 bytes...
[37%] Downloaded 1066186 bytes...
[37%] Downloaded 1082552 bytes...
[37%] Downloaded 1082588 bytes...
[38%] Downloaded 1098954 bytes...
[38%] Downloaded 1115356 bytes...
[39%] Downloaded 1131722 bytes...
[39%] Downloaded 1148088 bytes...
[40%] Downloaded 1164454 bytes...
[40%] Downloaded 1164526 bytes...
[41%] Downloaded 1180892 bytes...
[41%] Downloaded 1197258 bytes...
[41%] Downloaded 1197294 bytes...
[42%] Downloaded 1213660 bytes...
[42%] Downloaded 1219950 bytes...
[42%] Downloaded 1236316 bytes...
[43%] Downloaded 1252682 bytes...
[43%] Downloaded 1252718 bytes...
[44%] Downloaded 1269084 bytes...
[44%] Downloaded 1285450 bytes...
[44%] Downloaded 1285486 bytes...
[45%] Downloaded 1301816 bytes...
[45%] Downloaded 1318182 bytes...
[46%] Downloaded 1334548 bytes...
[46%] Downloaded 1334620 bytes...
[46%] Downloaded 1350986 bytes...
[46%] Downloaded 1351022 bytes...
[47%] Downloaded 1367388 bytes...
[48%] Downloaded 1383754 bytes...
[48%] Downloaded 1383790 bytes...
[48%] Downloaded 1400156 bytes...
[49%] Downloaded 1416522 bytes...
[49%] Downloaded 1432888 bytes...
[49%] Downloaded 1432924 bytes...
[50%] Downloaded 1439214 bytes...
[50%] Downloaded 1455580 bytes...
[51%] Downloaded 1471946 bytes...
[51%] Downloaded 1471982 bytes...
[51%] Downloaded 1488312 bytes...
[52%] Downloaded 1504678 bytes...
[52%] Downloaded 1504750 bytes...
[52%] Downloaded 1521116 bytes...
[53%] Downloaded 1537482 bytes...
[53%] Downloaded 1537518 bytes...
[54%] Downloaded 1553884 bytes...
[54%] Downloaded 1570250 bytes...
[54%] Downloaded 1570286 bytes...
[55%] Downloaded 1586652 bytes...
[55%] Downloaded 1603018 bytes...
[55%] Downloaded 1603054 bytes...
[56%] Downloaded 1619420 bytes...
[56%] Downloaded 1635786 bytes...
[56%] Downloaded 1635822 bytes...
[57%] Downloaded 1652188 bytes...
[58%] Downloaded 1668554 bytes...
[58%] Downloaded 1668590 bytes...
[58%] Downloaded 1684956 bytes...
[59%] Downloaded 1701322 bytes...
[59%] Downloaded 1701358 bytes...
[59%] Downloaded 1717724 bytes...
[60%] Downloaded 1734090 bytes...
[60%] Downloaded 1734126 bytes...
[60%] Downloaded 1750492 bytes...
[61%] Downloaded 1766858 bytes...
[61%] Downloaded 1766894 bytes...
[62%] Downloaded 1783260 bytes...
[62%] Downloaded 1799626 bytes...
[62%] Downloaded 1799662 bytes...
[63%] Downloaded 1816028 bytes...
[63%] Downloaded 1832394 bytes...
[63%] Downloaded 1832430 bytes...
[64%] Downloaded 1848796 bytes...
[64%] Downloaded 1865162 bytes...
[64%] Downloaded 1865198 bytes...
[65%] Downloaded 1881564 bytes...
[66%] Downloaded 1897930 bytes...
[66%] Downloaded 1897966 bytes...
[66%] Downloaded 1914332 bytes...
[67%] Downloaded 1930698 bytes...
[67%] Downloaded 1930734 bytes...
[67%] Downloaded 1947100 bytes...
[68%] Downloaded 1963466 bytes...
[68%] Downloaded 1963502 bytes...
[68%] Downloaded 1979868 bytes...
[69%] Downloaded 1996234 bytes...
[69%] Downloaded 1996270 bytes...
[69%] Downloaded 2012636 bytes...
[70%] Downloaded 2029002 bytes...
[70%] Downloaded 2029038 bytes...
[71%] Downloaded 2045404 bytes...
[71%] Downloaded 2061770 bytes...
[71%] Downloaded 2061806 bytes...
[72%] Downloaded 2078172 bytes...
[72%] Downloaded 2094538 bytes...
[72%] Downloaded 2094574 bytes...
[73%] Downloaded 2110940 bytes...
[74%] Downloaded 2136860 bytes...
[74%] Downloaded 2153226 bytes...
[74%] Downloaded 2153262 bytes...
[75%] Downloaded 2169592 bytes...
[76%] Downloaded 2185958 bytes...
[76%] Downloaded 2202324 bytes...
[76%] Downloaded 2202396 bytes...
[77%] Downloaded 2218762 bytes...
[77%] Downloaded 2218798 bytes...
[77%] Downloaded 2235164 bytes...
[78%] Downloaded 2251530 bytes...
[78%] Downloaded 2251566 bytes...
[78%] Downloaded 2267932 bytes...
[79%] Downloaded 2284298 bytes...
[79%] Downloaded 2284334 bytes...
[80%] Downloaded 2300700 bytes...
[80%] Downloaded 2317066 bytes...
[80%] Downloaded 2317102 bytes...
[81%] Downloaded 2333468 bytes...
[81%] Downloaded 2349834 bytes...
[81%] Downloaded 2349870 bytes...
[82%] Downloaded 2366236 bytes...
[82%] Downloaded 2382602 bytes...
[83%] Downloaded 2398968 bytes...
[84%] Downloaded 2415334 bytes...
[84%] Downloaded 2415406 bytes...
[84%] Downloaded 2431772 bytes...
[85%] Downloaded 2448138 bytes...
[85%] Downloaded 2464504 bytes...
[86%] Downloaded 2480870 bytes...
[86%] Downloaded 2480942 bytes...
[86%] Downloaded 2497308 bytes...
[87%] Downloaded 2513674 bytes...
[87%] Downloaded 2530040 bytes...
[87%] Downloaded 2530076 bytes...
[88%] Downloaded 2546442 bytes...
[88%] Downloaded 2546478 bytes...
[89%] Downloaded 2562844 bytes...
[89%] Downloaded 2579210 bytes...
[89%] Downloaded 2579246 bytes...
[90%] Downloaded 2589358 bytes...
[90%] Downloaded 2605724 bytes...
[91%] Downloaded 2622090 bytes...
[91%] Downloaded 2622126 bytes...
[91%] Downloaded 2638456 bytes...
[92%] Downloaded 2654822 bytes...
[92%] Downloaded 2654894 bytes...
[92%] Downloaded 2671260 bytes...
[93%] Downloaded 2687626 bytes...
[93%] Downloaded 2687662 bytes...
[94%] Downloaded 2704028 bytes...
[94%] Downloaded 2720394 bytes...
[94%] Downloaded 2720430 bytes...
[95%] Downloaded 2736796 bytes...
[95%] Downloaded 2753162 bytes...
[95%] Downloaded 2753198 bytes...
[96%] Downloaded 2769564 bytes...
[96%] Downloaded 2785930 bytes...
[96%] Downloaded 2785966 bytes...
[97%] Downloaded 2802332 bytes...
[97%] Downloaded 2808622 bytes...
[98%] Downloaded 2824988 bytes...
[98%] Downloaded 2841354 bytes...
[99%] Downloaded 2857720 bytes...
[99%] Downloaded 2857756 bytes...
[99%] Downloaded 2874122 bytes...
[100%] Downloaded 2875289 bytes...
[ FAIL 1 | WARN 1 | SKIP 0 | PASS 4 ]
══ Failed tests ════════════════════════════════════════════════════════════════
── Failure ('test-baf.R:11:3'): baf works ──────────────────────────────────────
`out` has length 0, not length 7.
[ FAIL 1 | WARN 1 | SKIP 0 | PASS 4 ]
Error: Test failures
Execution halted
- checking PDF version of manual ... [21s] OK
- checking HTML version of manual ... [1s] OK
- DONE
Status: 1 ERROR