- using R version 4.0.3 (2020-10-10)
- using platform: x86_64-w64-mingw32 (64-bit)
- using session charset: ISO8859-1
- checking for file 'spatialfusion/DESCRIPTION' ... OK
- checking extension type ... Package
- this is package 'spatialfusion' version '0.6-2'
- package encoding: UTF-8
- checking package namespace information ... OK
- checking package dependencies ... OK
- checking if this is a source package ... OK
- checking if there is a namespace ... OK
- checking for hidden files and directories ... OK
- checking for portable file names ... OK
- checking whether package 'spatialfusion' can be installed ... ERROR
See * DONE
Check process probably crashed or hung up for 20 minutes ... killed
Most likely this happened in the example checks (?),
if not, ignore the following last lines of example output:
See https://www.r-project.org/nosvn/R.check/r-release-windows-ix86+x86_64/spatialfusion-00install.html for details.