- using R version 4.0.3 (2020-10-10)
- using platform: x86_64-w64-mingw32 (64-bit)
- using session charset: ISO8859-1
- checking for file 'rbi.helpers/DESCRIPTION' ... OK
- this is package 'rbi.helpers' version '0.3.2'
- checking package namespace information ... OK
- checking package dependencies ... OK
- checking if this is a source package ... OK
- checking if there is a namespace ... OK
- checking for hidden files and directories ... OK
- checking for portable file names ... OK
- checking whether package 'rbi.helpers' can be installed ... ERROR
Installation failed.
See for details.
- DONE
Status: 1 ERROR
Check process probably crashed or hung up for 20 minutes ... killed
Most likely this happened in the example checks (?),
if not, ignore the following last lines of example output:
See https://www.r-project.org/nosvn/R.check/r-release-windows-ix86+x86_64/rbi.helpers-00install.html for details.