- using R version 4.0.3 (2020-10-10)
- using platform: x86_64-w64-mingw32 (64-bit)
- using session charset: ISO8859-1
- checking for file 'nametagger/DESCRIPTION' ... OK
- checking extension type ... Package
- this is package 'nametagger' version '0.1.1'
- package encoding: UTF-8
- checking package namespace information ... OK
- checking package dependencies ... OK
- checking if this is a source package ... OK
- checking if there is a namespace ... OK
- checking for hidden files and directories ... OK
- checking for portable file names ... OK
- checking whether package 'nametagger' can be installed ... ERROR
Installation failed.
See https://www.r-project.org/nosvn/R.check/r-release-windows-ix86+x86_64/nametagger-00install.html for details.