• using R version 4.0.0 Patched (2020-05-24 r78557)
  • using platform: x86_64-apple-darwin17.0 (64-bit)
  • using session charset: UTF-8
  • checking for file ‘rGEDI/DESCRIPTION’ ... OK
  • checking extension type ... Package
  • this is package ‘rGEDI’ version ‘0.1.7’
  • package encoding: UTF-8
  • checking package namespace information ... OK
  • checking package dependencies ... OK
  • checking if this is a source package ... OK
  • checking if there is a namespace ... OK
  • checking for executable files ... OK
  • checking for hidden files and directories ... OK
  • checking for portable file names ... OK
  • checking for sufficient/correct file permissions ... OK
  • checking whether package ‘rGEDI’ can be installed ... [6s/7s] ERROR
    Installation failed.
    See ‘/Volumes/Builds/packages/high-sierra-x86_64/results/4.0/rGEDI.Rcheck/00install.out’ for details.
  • DONE
    Status: 1 ERROR

    See https://www.r-project.org/nosvn/R.check/r-release-osx-x86_64/rGEDI-00install.html for details.