- using R version 4.0.0 Patched (2020-05-24 r78557)
- using platform: x86_64-apple-darwin17.0 (64-bit)
- using session charset: UTF-8
- checking for file ‘pbdPROF/DESCRIPTION’ ... OK
- this is package ‘pbdPROF’ version ‘0.4-0’
- checking package namespace information ... OK
- checking package dependencies ... OK
- checking if this is a source package ... OK
- checking if there is a namespace ... OK
- checking for executable files ... OK
- checking for hidden files and directories ... OK
- checking for portable file names ... OK
- checking for sufficient/correct file permissions ... OK
- checking whether package ‘pbdPROF’ can be installed ... [3s/3s] ERROR
Installation failed.
See ‘/Volumes/Builds/packages/high-sierra-x86_64/results/4.0/pbdPROF.Rcheck/00install.out’ for details.
- DONE
Status: 1 ERROR
See https://www.r-project.org/nosvn/R.check/r-release-osx-x86_64/pbdPROF-00install.html for details.