• using R version 4.0.0 Patched (2020-05-10 r78402)
  • using platform: x86_64-apple-darwin17.0 (64-bit)
  • using session charset: UTF-8
  • checking for file ‘SunsetTSA/DESCRIPTION’ ... OK
  • checking extension type ... Package
  • this is package ‘SunsetTSA’ version ‘1.0.0’
  • package encoding: UTF-8
  • checking package namespace information ... OK
  • checking package dependencies ... OK
  • checking if this is a source package ... OK
  • checking if there is a namespace ... OK
  • checking for executable files ... OK
  • checking for hidden files and directories ... OK
  • checking for portable file names ... OK
  • checking for sufficient/correct file permissions ... OK
  • checking whether package ‘SunsetTSA’ can be installed ... [2s/2s] OK
  • checking installed package size ... OK
  • checking package directory ... OK
  • checking ‘build’ directory ... OK
  • checking DESCRIPTION meta-information ... OK
  • checking top-level files ... OK
  • checking for left-over files ... OK
  • checking index information ... OK
  • checking package subdirectories ... OK
  • checking R files for non-ASCII characters ... OK
  • checking R files for syntax errors ... OK
  • checking whether the package can be loaded ... OK
  • checking whether the package can be loaded with stated dependencies ... OK
  • checking whether the package can be unloaded cleanly ... OK
  • checking whether the namespace can be loaded with stated dependencies ... OK
  • checking whether the namespace can be unloaded cleanly ... OK
  • checking loading without being on the library search path ... OK
  • checking dependencies in R code ... OK
  • checking S3 generic/method consistency ... OK
  • checking replacement functions ... OK
  • checking foreign function calls ... OK
  • checking R code for possible problems ... [1s/2s] OK
  • checking Rd files ... OK
  • checking Rd metadata ... OK
  • checking Rd cross-references ... OK
  • checking for missing documentation entries ... OK
  • checking for code/documentation mismatches ... OK
  • checking Rd \usage sections ... OK
  • checking Rd contents ... OK
  • checking for unstated dependencies in examples ... OK
  • checking R/sysdata.rda ... OK
  • checking installed files from ‘inst/doc’ ... OK
  • checking files in ‘vignettes’ ... OK
  • checking examples ... [0s/1s] OK
  • checking for unstated dependencies in ‘tests’ ... OK
  • checking tests ... [2s/5s] ERROR
      Running ‘testthat.R’ [2s/4s]
    Running the tests in ‘tests/testthat.R’ failed.
    Last 13 lines of output:
      > library(testthat)
      > library(SunsetTSA)
      >
      > test_check("SunsetTSA")
      ── 1. Error: (unknown) (@test-sunrise_sunset.R#3) ─────────────────────────────
      argument is of length zero
      Backtrace:
       1. SunsetTSA::sunrise_sunset("GSP", "2019-12-20")
      
      ══ testthat results ═══════════════════════════════════════════════════════════
      [ OK: 10 | SKIPPED: 0 | WARNINGS: 1 | FAILED: 1 ]
      1. Error: (unknown) (@test-sunrise_sunset.R#3)
      
      Error: testthat unit tests failed
      Execution halted
  • checking for unstated dependencies in vignettes ... OK
  • checking package vignettes in ‘inst/doc’ ... OK
  • checking running R code from vignettes ... [0s/0s] NONE
      ‘Introduction.Rmd’ using ‘UTF-8’... [0s/0s] OK
  • checking re-building of vignette outputs ... [1s/3s] WARNING
    Error(s) in re-building vignettes:
      ...
    --- re-building ‘Introduction.Rmd’ using rmarkdown
    Quitting from lines 30-31 (Introduction.Rmd)
    Error: processing vignette 'Introduction.Rmd' failed with diagnostics:
    argument is of length zero
    --- failed re-building ‘Introduction.Rmd’

    SUMMARY: processing the following file failed:
      ‘Introduction.Rmd’

    Error: Vignette re-building failed.
    Execution halted
  • checking PDF version of manual ... OK
  • DONE
    Status: 1 ERROR, 1 WARNING