• using R version 4.0.0 (2020-04-24)
  • using platform: x86_64-apple-darwin17.0 (64-bit)
  • using session charset: UTF-8
  • checking for file ‘Rdrools/DESCRIPTION’ ... OK
  • checking extension type ... Package
  • this is package ‘Rdrools’ version ‘1.1.1’
  • package encoding: UTF-8
  • checking package namespace information ... OK
  • checking package dependencies ... OK
  • checking if this is a source package ... OK
  • checking if there is a namespace ... OK
  • checking for executable files ... OK
  • checking for hidden files and directories ... OK
  • checking for portable file names ... OK
  • checking for sufficient/correct file permissions ... OK
  • checking whether package ‘Rdrools’ can be installed ... [6s/8s] OK
  • checking installed package size ... OK
  • checking package directory ... OK
  • checking ‘build’ directory ... OK
  • checking DESCRIPTION meta-information ... OK
  • checking top-level files ... OK
  • checking for left-over files ... OK
  • checking index information ... OK
  • checking package subdirectories ... OK
  • checking R files for non-ASCII characters ... OK
  • checking R files for syntax errors ... OK
  • checking whether the package can be loaded ... OK
  • checking whether the package can be loaded with stated dependencies ... OK
  • checking whether the package can be unloaded cleanly ... OK
  • checking whether the namespace can be loaded with stated dependencies ... OK
  • checking whether the namespace can be unloaded cleanly ... OK
  • checking loading without being on the library search path ... OK
  • checking dependencies in R code ... OK
  • checking S3 generic/method consistency ... OK
  • checking replacement functions ... OK
  • checking foreign function calls ... OK
  • checking R code for possible problems ... [4s/4s] OK
  • checking Rd files ... OK
  • checking Rd metadata ... OK
  • checking Rd cross-references ... OK
  • checking for missing documentation entries ... OK
  • checking for code/documentation mismatches ... OK
  • checking Rd \usage sections ... OK
  • checking Rd contents ... OK
  • checking for unstated dependencies in examples ... OK
  • checking contents of ‘data’ directory ... OK
  • checking data for non-ASCII characters ... OK
  • checking data for ASCII and uncompressed saves ... OK
  • checking R/sysdata.rda ... OK
  • checking installed files from ‘inst/doc’ ... OK
  • checking files in ‘vignettes’ ... OK
  • checking examples ... [7s/6s] OK
  • checking for unstated dependencies in ‘tests’ ... OK
  • checking tests ... [3s/4s] OK
      Running ‘testthat.R’ [3s/4s]
  • checking for unstated dependencies in vignettes ... OK
  • checking package vignettes in ‘inst/doc’ ... OK
  • checking running R code from vignettes ... [1s/1s] NONE
      ‘Executing_Business_Rules_At_Scale_With_RDrools_using_Drools.Rmd’ using ‘UTF-8’... [1s/1s] OK
  • checking re-building of vignette outputs ... [9s/8s] WARNING
    Error(s) in re-building vignettes:
    --- re-building ‘Executing_Business_Rules_At_Scale_With_RDrools_using_Drools.Rmd’ using rmarkdown
    Loading required package: rJava
    Loading required package: Rdroolsjars

    Attaching package: 'dplyr'

    The following objects are masked from 'package:stats':

        filter, lag

    The following objects are masked from 'package:base':

        intersect, setdiff, setequal, union


    Attaching package: 'purrr'

    The following object is masked from 'package:magrittr':

        set_names

    SLF4J: Failed to load class "org.slf4j.impl.StaticLoggerBinder".
    SLF4J: Defaulting to no-operation (NOP) logger implementation
    SLF4J: See http://www.slf4j.org/codes.html#StaticLoggerBinder for further details.
    Quitting from lines 183-187 (Executing_Business_Rules_At_Scale_With_RDrools_using_Drools.Rmd)
    Error: processing vignette 'Executing_Business_Rules_At_Scale_With_RDrools_using_Drools.Rmd' failed with diagnostics:
    Assigned data `paste(seq(as.numeric(lowerRange), as.numeric(upperRange)), collapse = ",")` must be compatible with existing data.
    ℹ Error occurred for column `Indices`.
    ✖ No common type for `value` <character> and `x` <double>.
    --- failed re-building ‘Executing_Business_Rules_At_Scale_With_RDrools_using_Drools.Rmd’

    SUMMARY: processing the following file failed:
      ‘Executing_Business_Rules_At_Scale_With_RDrools_using_Drools.Rmd’

    Error: Vignette re-building failed.
    Execution halted
  • checking PDF version of manual ... OK
  • DONE
    Status: 1 WARNING