• using R version 4.0.0 alpha (2020-04-01 r78130)
  • using platform: x86_64-apple-darwin17.0 (64-bit)
  • using session charset: UTF-8
  • checking for file ‘MonoPhy/DESCRIPTION’ ... OK
  • checking extension type ... Package
  • this is package ‘MonoPhy’ version ‘1.2’
  • checking package namespace information ... OK
  • checking package dependencies ... NOTE
    Package suggested but not available for checking: ‘spacodiR’
  • checking if this is a source package ... OK
  • checking if there is a namespace ... OK
  • checking for executable files ... OK
  • checking for hidden files and directories ... OK
  • checking for portable file names ... OK
  • checking for sufficient/correct file permissions ... OK
  • checking whether package ‘MonoPhy’ can be installed ... [9s/11s] OK
  • checking installed package size ... OK
  • checking package directory ... OK
  • checking ‘build’ directory ... OK
  • checking DESCRIPTION meta-information ... OK
  • checking top-level files ... OK
  • checking for left-over files ... OK
  • checking index information ... OK
  • checking package subdirectories ... OK
  • checking R files for non-ASCII characters ... OK
  • checking R files for syntax errors ... OK
  • checking whether the package can be loaded ... OK
  • checking whether the package can be loaded with stated dependencies ... OK
  • checking whether the package can be unloaded cleanly ... OK
  • checking whether the namespace can be loaded with stated dependencies ... OK
  • checking whether the namespace can be unloaded cleanly ... OK
  • checking loading without being on the library search path ... OK
  • checking dependencies in R code ... OK
  • checking S3 generic/method consistency ... OK
  • checking replacement functions ... OK
  • checking foreign function calls ... OK
  • checking R code for possible problems ... [7s/10s] OK
  • checking Rd files ... OK
  • checking Rd metadata ... OK
  • checking Rd cross-references ... OK
  • checking for missing documentation entries ... OK
  • checking for code/documentation mismatches ... OK
  • checking Rd \usage sections ... OK
  • checking Rd contents ... OK
  • checking for unstated dependencies in examples ... OK
  • checking contents of ‘data’ directory ... OK
  • checking data for non-ASCII characters ... OK
  • checking data for ASCII and uncompressed saves ... OK
  • checking installed files from ‘inst/doc’ ... OK
  • checking files in ‘vignettes’ ... OK
  • checking examples ... [3s/4s] OK
  • checking for unstated dependencies in ‘tests’ ... OK
  • checking tests ... [3s/4s] ERROR
      Running ‘testthat.R’ [3s/4s]
    Running the tests in ‘tests/testthat.R’ failed.
    Last 13 lines of output:
      ══ testthat results ═══════════════════════════════════════════════════════════
      [ OK: 12 | SKIPPED: 0 | WARNINGS: 0 | FAILED: 15 ]
      1. Failure: Regular solution is accurate (@test_solutions.R#11)
      2. Failure: Regular solution is accurate (@test_solutions.R#12)
      3. Failure: Regular solution is accurate (@test_solutions.R#13)
      4. Failure: Regular solution is accurate (@test_solutions.R#14)
      5. Failure: Regular solution is accurate (@test_solutions.R#15)
      6. Failure: Regular solution is accurate (@test_solutions.R#16)
      7. Failure: Regular solution is accurate (@test_solutions.R#17)
      8. Failure: Regular solution is accurate (@test_solutions.R#18)
      9. Failure: Regular solution is accurate (@test_solutions.R#19)
      1. ...
      
      Error: testthat unit tests failed
      Execution halted
  • checking for unstated dependencies in vignettes ... OK
  • checking package vignettes in ‘inst/doc’ ... OK
  • checking running R code from vignettes ... [1s/1s] NONE
      ‘MonoPhyVignette.Rmd’ using ‘UTF-8’... [1s/1s] OK
  • checking re-building of vignette outputs ... [12s/24s] WARNING
    Error(s) in re-building vignettes:
      ...
    --- re-building ‘MonoPhyVignette.Rmd’ using rmarkdown
    Loading required package: ape
    Loading required package: phytools
    Loading required package: maps
    Loading required package: phangorn
    Loading required package: RColorBrewer
    Loading required package: taxize
    dyld: lazy symbol binding failed: Symbol not found: ____chkstk_darwin
      Referenced from: /usr/local/bin/pandoc (which was built for Mac OS X 10.15)
      Expected in: /usr/lib/libSystem.B.dylib

    dyld: Symbol not found: ____chkstk_darwin
      Referenced from: /usr/local/bin/pandoc (which was built for Mac OS X 10.15)
      Expected in: /usr/lib/libSystem.B.dylib

    Error: processing vignette 'MonoPhyVignette.Rmd' failed with diagnostics:
    pandoc document conversion failed with error 6
    --- failed re-building ‘MonoPhyVignette.Rmd’

    SUMMARY: processing the following file failed:
      ‘MonoPhyVignette.Rmd’

    Error: Vignette re-building failed.
    Execution halted
  • checking PDF version of manual ... OK
  • DONE
    Status: 1 ERROR, 1 WARNING, 1 NOTE