• using R version 4.0.0 (2020-04-24)
  • using platform: x86_64-apple-darwin17.0 (64-bit)
  • using session charset: UTF-8
  • checking for file ‘DataPackageR/DESCRIPTION’ ... OK
  • checking extension type ... Package
  • this is package ‘DataPackageR’ version ‘0.15.7’
  • package encoding: UTF-8
  • checking package namespace information ... OK
  • checking package dependencies ... OK
  • checking if this is a source package ... OK
  • checking if there is a namespace ... OK
  • checking for executable files ... OK
  • checking for hidden files and directories ... OK
  • checking for portable file names ... OK
  • checking for sufficient/correct file permissions ... OK
  • checking whether package ‘DataPackageR’ can be installed ... [6s/8s] OK
  • checking installed package size ... OK
  • checking package directory ... OK
  • checking ‘build’ directory ... OK
  • checking DESCRIPTION meta-information ... OK
  • checking top-level files ... OK
  • checking for left-over files ... OK
  • checking index information ... OK
  • checking package subdirectories ... OK
  • checking R files for non-ASCII characters ... OK
  • checking R files for syntax errors ... OK
  • checking whether the package can be loaded ... OK
  • checking whether the package can be loaded with stated dependencies ... OK
  • checking whether the package can be unloaded cleanly ... OK
  • checking whether the namespace can be loaded with stated dependencies ... OK
  • checking whether the namespace can be unloaded cleanly ... OK
  • checking loading without being on the library search path ... OK
  • checking dependencies in R code ... OK
  • checking S3 generic/method consistency ... OK
  • checking replacement functions ... OK
  • checking foreign function calls ... OK
  • checking R code for possible problems ... [5s/6s] OK
  • checking Rd files ... OK
  • checking Rd metadata ... OK
  • checking Rd cross-references ... OK
  • checking for missing documentation entries ... OK
  • checking for code/documentation mismatches ... OK
  • checking Rd \usage sections ... OK
  • checking Rd contents ... OK
  • checking for unstated dependencies in examples ... OK
  • checking installed files from ‘inst/doc’ ... OK
  • checking files in ‘vignettes’ ... OK
  • checking examples ... [13s/16s] OK
  • checking for unstated dependencies in ‘tests’ ... OK
  • checking tests ... [66s/80s] ERROR
      Running ‘spelling.R’ [0s/0s]
      Running ‘testthat.R’ [66s/79s]
    Running the tests in ‘tests/testthat.R’ failed.
    Last 13 lines of output:
        files:
          subsetCars.Rmd:
            enabled: yes
          extra.rmd:
            enabled: yes
        objects: cars_over_20
        render_root: dummy
      
      subsetCars.Rmd extra.rmd
      cars_over_20══ testthat results ═══════════════════════════════════════════════════════════
      [ OK: 209 | SKIPPED: 0 | WARNINGS: 0 | FAILED: 1 ]
      1. Failure: use_ignore works (@test-ignore.R#16)
      
      Error: testthat unit tests failed
      Execution halted
  • checking for unstated dependencies in vignettes ... OK
  • checking package vignettes in ‘inst/doc’ ... OK
  • checking running R code from vignettes ... [1s/1s] NONE
      ‘YAML_CONFIG.Rmd’ using ‘UTF-8’... [0s/0s] OK
      ‘usingDataPackageR.Rmd’ using ‘UTF-8’... [0s/1s] OK
  • checking re-building of vignette outputs ... [14s/17s] OK
  • checking PDF version of manual ... OK
  • DONE
    Status: 1 ERROR