• using R version 4.5.1 (2025-06-13)
  • using platform: x86_64-apple-darwin20
  • R was compiled by     Apple clang version 14.0.0 (clang-1400.0.29.202)     GNU Fortran (GCC) 14.2.0
  • running under: macOS Ventura 13.3.1
  • using session charset: UTF-8
  • checking for file ‘statgenHTP/DESCRIPTION’ ... OK
  • this is package ‘statgenHTP’ version ‘1.0.9’
  • package encoding: UTF-8
  • checking package namespace information ... OK
  • checking package dependencies ... INFO Package suggested but not available for checking: ‘asreml’
  • checking if this is a source package ... OK
  • checking if there is a namespace ... OK
  • checking for executable files ... OK
  • checking for hidden files and directories ... OK
  • checking for portable file names ... OK
  • checking for sufficient/correct file permissions ... OK
  • checking whether package ‘statgenHTP’ can be installed ... [9s/12s] OK See the install log for details.
  • checking installed package size ... INFO   installed size is 5.0Mb   sub-directories of 1Mb or more:     data 3.5Mb
  • checking package directory ... OK
  • checking ‘build’ directory ... OK
  • checking DESCRIPTION meta-information ... OK
  • checking top-level files ... OK
  • checking for left-over files ... OK
  • checking index information ... OK
  • checking package subdirectories ... OK
  • checking code files for non-ASCII characters ... OK
  • checking R files for syntax errors ... OK
  • checking whether the package can be loaded ... [1s/1s] OK
  • checking whether the package can be loaded with stated dependencies ... [1s/1s] OK
  • checking whether the package can be unloaded cleanly ... [1s/1s] OK
  • checking whether the namespace can be loaded with stated dependencies ... [1s/1s] OK
  • checking whether the namespace can be unloaded cleanly ... [1s/1s] OK
  • checking loading without being on the library search path ... [1s/1s] OK
  • checking dependencies in R code ... OK
  • checking S3 generic/method consistency ... OK
  • checking replacement functions ... OK
  • checking foreign function calls ... OK
  • checking R code for possible problems ... [9s/12s] OK
  • checking Rd files ... [1s/1s] OK
  • checking Rd metadata ... OK
  • checking Rd cross-references ... OK
  • checking for missing documentation entries ... OK
  • checking for code/documentation mismatches ... OK
  • checking Rd \usage sections ... OK
  • checking Rd contents ... OK
  • checking for unstated dependencies in examples ... OK
  • checking contents of ‘data’ directory ... OK
  • checking data for non-ASCII characters ... [1s/2s] OK
  • checking LazyData ... OK
  • checking data for ASCII and uncompressed saves ... OK
  • checking R/sysdata.rda ... OK
  • checking installed files from ‘inst/doc’ ... OK
  • checking files in ‘vignettes’ ... OK
  • checking examples ... [28s/40s] OK
  • checking for unstated dependencies in ‘tests’ ... OK
  • checking tests ... [107s/159s] ERROR   Running ‘tinytest.R’ [106s/159s] Running the tests in ‘tests/tinytest.R’ failed. Complete output:   >   > if ( requireNamespace("tinytest", quietly=TRUE) ){   + tinytest::test_package("statgenHTP")   + }      test_TP.R..................... 0 tests   test_TP.R..................... 0 tests   test_TP.R..................... 1 tests [0;32mOK [0m   test_TP.R..................... 2 tests [0;32mOK [0m   test_TP.R..................... 3 tests [0;32mOK [0m   test_TP.R..................... 4 tests [0;32mOK [0m   test_TP.R..................... 5 tests [0;32mOK [0m   test_TP.R..................... 6 tests [0;32mOK [0m   test_TP.R..................... 7 tests [0;32mOK [0m   test_TP.R..................... 8 tests [0;32mOK [0m   test_TP.R..................... 9 tests [0;32mOK [0m   test_TP.R..................... 9 tests [0;32mOK [0m   test_TP.R..................... 10 tests [0;32mOK [0m   test_TP.R..................... 11 tests [0;32mOK [0m   test_TP.R..................... 11 tests [0;32mOK [0m   test_TP.R..................... 11 tests [0;32mOK [0m   test_TP.R..................... 12 tests [0;32mOK [0m   test_TP.R..................... 13 tests [0;32mOK [0m   test_TP.R..................... 13 tests [0;32mOK [0m   test_TP.R..................... 14 tests [0;32mOK [0m   test_TP.R..................... 15 tests [0;32mOK [0m   test_TP.R..................... 16 tests [0;32mOK [0m   test_TP.R..................... 17 tests [0;32mOK [0m   test_TP.R..................... 18 tests [0;32mOK [0m   test_TP.R..................... 19 tests [0;32mOK [0m   test_TP.R..................... 20 tests [0;32mOK [0m   test_TP.R..................... 21 tests [0;32mOK [0m   test_TP.R..................... 21 tests [0;32mOK [0m   test_TP.R..................... 22 tests [0;32mOK [0m   test_TP.R..................... 23 tests [0;32mOK [0m   test_TP.R..................... 24 tests [0;32mOK [0m   test_TP.R..................... 25 tests [0;32mOK [0m   test_TP.R..................... 26 tests [0;32mOK [0m   test_TP.R..................... 27 tests [0;32mOK [0m   test_TP.R..................... 28 tests [0;32mOK [0m   test_TP.R..................... 28 tests [0;32mOK [0m   test_TP.R..................... 29 tests [0;32mOK [0m   test_TP.R..................... 30 tests [0;32mOK [0m   test_TP.R..................... 31 tests [0;32mOK [0m   test_TP.R..................... 32 tests [0;32mOK [0m   test_TP.R..................... 33 tests [0;32mOK [0m   test_TP.R..................... 34 tests [0;32mOK [0m   test_TP.R..................... 35 tests [0;32mOK [0m   test_TP.R..................... 35 tests [0;32mOK [0m   test_TP.R..................... 36 tests [0;32mOK [0m   test_TP.R..................... 37 tests [0;32mOK [0m   test_TP.R..................... 38 tests [0;32mOK [0m   test_TP.R..................... 38 tests [0;32mOK [0m   test_TP.R..................... 38 tests [0;32mOK [0m   test_TP.R..................... 39 tests [0;32mOK [0m   test_TP.R..................... 40 tests [0;32mOK [0m   test_TP.R..................... 41 tests [0;32mOK [0m [0;34m0.3s [0m      test_TPPlots.R................ 0 tests   test_TPPlots.R................ 0 tests   test_TPPlots.R................ 1 tests [0;32mOK [0m   test_TPPlots.R................ 1 tests [0;32mOK [0m   test_TPPlots.R................ 1 tests [0;32mOK [0m   test_TPPlots.R................ 2 tests [0;32mOK [0m   test_TPPlots.R................ 2 tests [0;32mOK [0m   test_TPPlots.R................ 3 tests [0;32mOK [0m   test_TPPlots.R................ 4 tests [0;32mOK [0m   test_TPPlots.R................ 5 tests [0;32mOK [0m   test_TPPlots.R................ 5 tests [0;32mOK [0m   test_TPPlots.R................ 5 tests [0;32mOK [0m   test_TPPlots.R................ 6 tests [0;32mOK [0m   test_TPPlots.R................ 6 tests [0;32mOK [0m   test_TPPlots.R................ 7 tests [0;32mOK [0m   test_TPPlots.R................ 7 tests [0;32mOK [0m   test_TPPlots.R................ 8 tests [0;32mOK [0m   test_TPPlots.R................ 8 tests [0;32mOK [0m   test_TPPlots.R................ 9 tests [0;32mOK [0m   test_TPPlots.R................ 9 tests [0;32mOK [0m   test_TPPlots.R................ 9 tests [0;32mOK [0m   test_TPPlots.R................ 9 tests [0;32mOK [0m   test_TPPlots.R................ 10 tests [0;32mOK [0m   test_TPPlots.R................ 11 tests [0;32mOK [0m   test_TPPlots.R................ 11 tests [0;32mOK [0m   test_TPPlots.R................ 11 tests [0;32mOK [0m   test_TPPlots.R................ 12 tests [0;32mOK [0m   test_TPPlots.R................ 13 tests [0;32mOK [0m   test_TPPlots.R................ 14 tests [0;32mOK [0m   test_TPPlots.R................ 14 tests [0;32mOK [0m   test_TPPlots.R................ 15 tests [0;32mOK [0m   test_TPPlots.R................ 16 tests [0;32mOK [0m   test_TPPlots.R................ 17 tests [0;32mOK [0m   test_TPPlots.R................ 18 tests [0;32mOK [0m   test_TPPlots.R................ 19 tests [0;32mOK [0m   test_TPPlots.R................ 19 tests [0;32mOK [0m   test_TPPlots.R................ 20 tests [0;32mOK [0m   test_TPPlots.R................ 21 tests [0;32mOK [0m   test_TPPlots.R................ 22 tests [0;32mOK [0m   test_TPPlots.R................ 22 tests [0;32mOK [0m   test_TPPlots.R................ 23 tests [0;32mOK [0m   test_TPPlots.R................ 23 tests [0;32mOK [0m   test_TPPlots.R................ 23 tests [0;32mOK [0m   test_TPPlots.R................ 23 tests [0;32mOK [0m   test_TPPlots.R................ 24 tests [0;32mOK [0m   test_TPPlots.R................ 25 tests [0;32mOK [0m   test_TPPlots.R................ 26 tests [0;32mOK [0m   test_TPPlots.R................ 27 tests [0;32mOK [0m   test_TPPlots.R................ 28 tests [0;32mOK [0m   test_TPPlots.R................ 28 tests [0;32mOK [0m   test_TPPlots.R................ 29 tests [0;32mOK [0m   test_TPPlots.R................ 30 tests [0;32mOK [0m   test_TPPlots.R................ 31 tests [0;32mOK [0m   test_TPPlots.R................ 32 tests [0;32mOK [0m   test_TPPlots.R................ 33 tests [0;32mOK [0m   test_TPPlots.R................ 33 tests [0;32mOK [0m   test_TPPlots.R................ 34 tests [0;32mOK [0m   test_TPPlots.R................ 35 tests [0;32mOK [0m   test_TPPlots.R................ 36 tests [0;32mOK [0m   test_TPPlots.R................ 37 tests [0;32mOK [0m   test_TPPlots.R................ 38 tests [0;32mOK [0m   test_TPPlots.R................ 39 tests [0;32mOK [0m   test_TPPlots.R................ 39 tests [0;32mOK [0m [0;34m16.2s [0m      test_detectSerieOut.R......... 0 tests   test_detectSerieOut.R......... 0 tests   test_detectSerieOut.R......... 0 tests   test_detectSerieOut.R......... 0 tests   test_detectSerieOut.R......... 0 tests   test_detectSerieOut.R......... 0 tests   test_detectSerieOut.R......... 0 tests   test_detectSerieOut.R......... 0 tests   test_detectSerieOut.R......... 1 tests [0;32mOK [0m   test_detectSerieOut.R......... 2 tests [0;32mOK [0m   test_detectSerieOut.R......... 2 tests [0;32mOK [0m   test_detectSerieOut.R......... 2 tests [0;32mOK [0m   test_detectSerieOut.R......... 2 tests [0;32mOK [0m   test_detectSerieOut.R......... 2 tests [0;32mOK [0m   test_detectSerieOut.R......... 3 tests [0;32mOK [0m   test_detectSerieOut.R......... 4 tests [0;32mOK [0m   test_detectSerieOut.R......... 5 tests [0;32mOK [0m   test_detectSerieOut.R......... 6 tests [0;32mOK [0m   test_detectSerieOut.R......... 7 tests [0;32mOK [0m   test_detectSerieOut.R......... 8 tests [0;32mOK [0m   test_detectSerieOut.R......... 9 tests [0;32mOK [0m   test_detectSerieOut.R......... 10 tests [0;32mOK [0m   test_detectSerieOut.R......... 11 tests [0;32mOK [0m   test_detectSerieOut.R......... 12 tests [0;32mOK [0m   test_detectSerieOut.R......... 13 tests [0;32mOK [0m   test_detectSerieOut.R......... 14 tests [0;32mOK [0m   test_detectSerieOut.R......... 15 tests [0;32mOK [0m   test_detectSerieOut.R......... 16 tests [0;32mOK [0m   test_detectSerieOut.R......... 17 tests [0;32mOK [0m   test_detectSerieOut.R......... 18 tests [0;32mOK [0m   test_detectSerieOut.R......... 19 tests [0;32mOK [0m   test_detectSerieOut.R......... 20 tests [0;32mOK [0m   test_detectSerieOut.R......... 21 tests [0;32mOK [0m   test_detectSerieOut.R......... 22 tests [0;32mOK [0m   test_detectSerieOut.R......... 23 tests [0;32mOK [0m   test_detectSerieOut.R......... 24 tests [0;32mOK [0m   test_detectSerieOut.R......... 25 tests [0;32mOK [0m   test_detectSerieOut.R......... 26 tests [0;32mOK [0m   test_detectSerieOut.R......... 27 tests [0;32mOK [0m   test_detectSerieOut.R......... 28 tests [0;32mOK [0m   test_detectSerieOut.R......... 29 tests [0;32mOK [0m   test_detectSerieOut.R......... 30 tests [0;32mOK [0m   test_detectSerieOut.R......... 31 tests [0;32mOK [0m   test_detectSerieOut.R......... 32 tests [0;32mOK [0m   test_detectSerieOut.R......... 32 tests [0;32mOK [0m   test_detectSerieOut.R......... 33 tests [0;32mOK [0m   test_detectSerieOut.R......... 33 tests [0;32mOK [0m   test_detectSerieOut.R......... 34 tests [0;32mOK [0m   test_detectSerieOut.R......... 35 tests [0;32mOK [0m   test_detectSerieOut.R......... 36 tests [0;32mOK [0m   test_detectSerieOut.R......... 36 tests [0;32mOK [0m   test_detectSerieOut.R......... 36 tests [0;32mOK [0m   test_detectSerieOut.R......... 36 tests [0;32mOK [0m   test_detectSerieOut.R......... 36 tests [0;32mOK [0m   test_detectSerieOut.R......... 36 tests [0;32mOK [0m   test_detectSerieOut.R......... 36 tests [0;32mOK [0m   test_detectSerieOut.R......... 36 tests [0;32mOK [0m   test_detectSerieOut.R......... 37 tests [0;32mOK [0m   test_detectSerieOut.R......... 38 tests [0;32mOK [0m   test_detectSerieOut.R......... 39 tests [0;32mOK [0m   test_detectSerieOut.R......... 40 tests [0;32mOK [0m   test_detectSerieOut.R......... 41 tests [0;32mOK [0m   test_detectSerieOut.R......... 42 tests [0;32mOK [0m   test_detectSerieOut.R......... 43 tests [0;32mOK [0m   test_detectSerieOut.R......... 44 tests [0;32mOK [0m   test_detectSerieOut.R......... 45 tests [0;32mOK [0m   test_detectSerieOut.R......... 46 tests [0;32mOK [0m   test_detectSerieOut.R......... 47 tests [0;32mOK [0m   test_detectSerieOut.R......... 48 tests [0;32mOK [0m   test_detectSerieOut.R......... 49 tests [0;32mOK [0m   test_detectSerieOut.R......... 50 tests [0;32mOK [0m   test_detectSerieOut.R......... 51 tests [0;32mOK [0m   test_detectSerieOut.R......... 52 tests [0;32mOK [0m   test_detectSerieOut.R......... 53 tests [0;32mOK [0m   test_detectSerieOut.R......... 54 tests [0;32mOK [0m   test_detectSerieOut.R......... 55 tests [0;32mOK [0m   test_detectSerieOut.R......... 56 tests [0;32mOK [0m   test_detectSerieOut.R......... 57 tests [0;32mOK [0m   test_detectSerieOut.R......... 58 tests [0;32mOK [0m   test_detectSerieOut.R......... 59 tests [0;32mOK [0m   test_detectSerieOut.R......... 60 tests [0;32mOK [0m   test_detectSerieOut.R......... 61 tests [0;32mOK [0m   test_detectSerieOut.R......... 61 tests [0;32mOK [0m   test_detectSerieOut.R......... 62 tests [0;32mOK [0m   test_detectSerieOut.R......... 62 tests [0;32mOK [0m   test_detectSerieOut.R......... 63 tests [0;32mOK [0m   test_detectSerieOut.R......... 63 tests [0;32mOK [0m   test_detectSerieOut.R......... 63 tests [0;32mOK [0m   test_detectSerieOut.R......... 63 tests [0;32mOK [0m   test_detectSerieOut.R......... 63 tests [0;32mOK [0m   test_detectSerieOut.R......... 64 tests [0;32mOK [0m   test_detectSerieOut.R......... 65 tests [0;32mOK [0m   test_detectSerieOut.R......... 66 tests [0;32mOK [0m   test_detectSerieOut.R......... 67 tests [0;32mOK [0m   test_detectSerieOut.R......... 68 tests [0;32mOK [0m   test_detectSerieOut.R......... 68 tests [0;32mOK [0m   test_detectSerieOut.R......... 69 tests [0;32mOK [0m   test_detectSerieOut.R......... 69 tests [0;32mOK [0m   test_detectSerieOut.R......... 70 tests [0;32mOK [0m [0;34m8.8s [0m      test_detectSingleOut.R........ 0 tests   test_detectSingleOut.R........ 0 tests   test_detectSingleOut.R........ 1 tests [0;32mOK [0m   test_detectSingleOut.R........ 2 tests [0;32mOK [0m   test_detectSingleOut.R........ 3 tests [0;32mOK [0m   test_detectSingleOut.R........ 4 tests [0;32mOK [0m   test_detectSingleOut.R........ 5 tests [0;32mOK [0m   test_detectSingleOut.R........ 6 tests [0;32mOK [0m   test_detectSingleOut.R........ 7 tests [0;32mOK [0m   test_detectSingleOut.R........ 7 tests [0;32mOK [0m   test_detectSingleOut.R........ 7 tests [0;32mOK [0m   test_detectSingleOut.R........ 7 tests [0;32mOK [0m   test_detectSingleOut.R........ 8 tests [0;32mOK [0m   test_detectSingleOut.R........ 9 tests [0;32mOK [0m   test_detectSingleOut.R........ 10 tests [0;32mOK [0m   test_detectSingleOut.R........ 11 tests [0;32mOK [0m   test_detectSingleOut.R........ 11 tests [0;32mOK [0m   test_detectSingleOut.R........ 12 tests [0;32mOK [0m   test_detectSingleOut.R........ 12 tests [0;32mOK [0m   test_detectSingleOut.R........ 13 tests [0;32mOK [0m   test_detectSingleOut.R........ 13 tests [0;32mOK [0m   test_detectSingleOut.R........ 14 tests [0;32mOK [0m   test_detectSingleOut.R........ 14 tests [0;32mOK [0m   test_detectSingleOut.R........ 14 tests [0;32mOK [0m   test_detectSingleOut.R........ 14 tests [0;32mOK [0m   test_detectSingleOut.R........ 14 tests [0;32mOK [0m   test_detectSingleOut.R........ 15 tests [0;32mOK [0m   test_detectSingleOut.R........ 16 tests [0;32mOK [0m   test_detectSingleOut.R........ 17 tests [0;32mOK [0m   test_detectSingleOut.R........ 18 tests [0;32mOK [0m   test_detectSingleOut.R........ 19 tests [0;32mOK [0m   test_detectSingleOut.R........ 20 tests [0;32mOK [0m   test_detectSingleOut.R........ 21 tests [0;32mOK [0m   test_detectSingleOut.R........ 22 tests [0;32mOK [0m   test_detectSingleOut.R........ 23 tests [0;32mOK [0m   test_detectSingleOut.R........ 24 tests [0;32mOK [0m   test_detectSingleOut.R........ 25 tests [0;32mOK [0m   test_detectSingleOut.R........ 26 tests [0;32mOK [0m   test_detectSingleOut.R........ 27 tests [0;32mOK [0m   test_detectSingleOut.R........ 28 tests [0;32mOK [0m   test_detectSingleOut.R........ 28 tests [0;32mOK [0m   test_detectSingleOut.R........ 29 tests [0;32mOK [0m   test_detectSingleOut.R........ 30 tests [0;32mOK [0m   test_detectSingleOut.R........ 30 tests [0;32mOK [0m   test_detectSingleOut.R........ 31 tests [0;32mOK [0m [0;34m6.9s [0m      test_estimateSplineParameters.R 0 tests   test_estimateSplineParameters.R 0 tests   test_estimateSplineParameters.R 0 tests   test_estimateSplineParameters.R 0 tests   test_estimateSplineParameters.R 0 tests   test_estimateSplineParameters.R 0 tests   test_estimateSplineParameters.R 0 tests   test_estimateSplineParameters.R 0 tests   test_estimateSplineParameters.R 1 tests [0;32mOK [0m   test_estimateSplineParameters.R 2 tests [0;32mOK [0m   test_estimateSplineParameters.R 3 tests [0;32mOK [0m   test_estimateSplineParameters.R 4 tests [0;32mOK [0m   test_estimateSplineParameters.R 5 tests [0;32mOK [0m   test_estimateSplineParameters.R 6 tests [0;32mOK [0m   test_estimateSplineParameters.R 7 tests [0;32mOK [0m   test_estimateSplineParameters.R 8 tests [0;32mOK [0m   test_estimateSplineParameters.R 8 tests [0;32mOK [0m   test_estimateSplineParameters.R 8 tests [0;32mOK [0m   test_estimateSplineParameters.R 9 tests [0;32mOK [0m   test_estimateSplineParameters.R 10 tests [0;32mOK [0m   test_estimateSplineParameters.R 11 tests [0;32mOK [0m   test_estimateSplineParameters.R 11 tests [0;32mOK [0m   test_estimateSplineParameters.R 12 tests [0;32mOK [0m   test_estimateSplineParameters.R 12 tests [0;32mOK [0m   test_estimateSplineParameters.R 13 tests [0;32mOK [0m   test_estimateSplineParameters.R 14 tests [0;32mOK [0m   test_estimateSplineParameters.R 15 tests [0;32mOK [0m   test_estimateSplineParameters.R 16 tests [0;32mOK [0m   test_estimateSplineParameters.R 16 tests [0;32mOK [0m   test_estimateSplineParameters.R 16 tests [0;32mOK [0m   test_estimateSplineParameters.R 16 tests [0;32mOK [0m   test_estimateSplineParameters.R 16 tests [0;32mOK [0m   test_estimateSplineParameters.R 16 tests [0;32mOK [0m   test_estimateSplineParameters.R 16 tests [0;32mOK [0m   test_estimateSplineParameters.R 17 tests [0;32mOK [0m   test_estimateSplineParameters.R 17 tests [0;32mOK [0m   test_estimateSplineParameters.R 17 tests [0;32mOK [0m   test_estimateSplineParameters.R 18 tests [0;32mOK [0m   test_estimateSplineParameters.R 19 tests [0;32mOK [0m   test_estimateSplineParameters.R 19 tests [0;32mOK [0m   test_estimateSplineParameters.R 19 tests [0;32mOK [0m   test_estimateSplineParameters.R 20 tests [0;32mOK [0m   test_estimateSplineParameters.R 21 tests [0;32mOK [0m   test_estimateSplineParameters.R 21 tests [0;32mOK [0m   test_estimateSplineParameters.R 22 tests [0;32mOK [0m   test_estimateSplineParameters.R 23 tests [0;32mOK [0m [0;34m4.8s [0m      test_fitModPlots.R............ 0 tests   test_fitModPlots.R............ 0 tests   test_fitModPlots.R............ 0 tests   test_fitModPlots.R............ 0 tests   test_fitModPlots.R............ 0 tests   test_fitModPlots.R............ 0 tests   test_fitModPlots.R............ 0 tests   test_fitModPlots.R............ 1 tests [0;32mOK [0m   test_fitModPlots.R............ 2 tests [0;32mOK [0m   test_fitModPlots.R............ 3 tests [0;32mOK [0m   test_fitModPlots.R............ 4 tests [0;32mOK [0m   test_fitModPlots.R............ 5 tests [0;32mOK [0m   test_fitModPlots.R............ 6 tests [0;32mOK [0m   test_fitModPlots.R............ 7 tests [0;32mOK [0m   test_fitModPlots.R............ 8 tests [0;32mOK [0m   test_fitModPlots.R............ 8 tests [0;32mOK [0m   test_fitModPlots.R............ 9 tests [0;32mOK [0m   test_fitModPlots.R............ 10 tests [0;32mOK [0m   test_fitModPlots.R............ 10 tests [0;32mOK [0m   test_fitModPlots.R............ 11 tests [0;32mOK [0m   test_fitModPlots.R............ 12 tests [0;32mOK [0m   test_fitModPlots.R............ 12 tests [0;32mOK [0m   test_fitModPlots.R............ 12 tests [0;32mOK [0m   test_fitModPlots.R............ 13 tests [0;32mOK [0m   test_fitModPlots.R............ 14 tests [0;32mOK [0m   test_fitModPlots.R............ 15 tests [0;32mOK [0m   test_fitModPlots.R............ 16 tests [0;32mOK [0m   test_fitModPlots.R............ 17 tests [0;32mOK [0m   test_fitModPlots.R............ 18 tests [0;32mOK [0m   test_fitModPlots.R............ 19 tests [0;32mOK [0m   test_fitModPlots.R............ 19 tests [0;32mOK [0m   test_fitModPlots.R............ 20 tests [0;32mOK [0m   test_fitModPlots.R............ 21 tests [0;32mOK [0m   test_fitModPlots.R............ 22 tests [0;32mOK [0m   test_fitModPlots.R............ 23 tests [0;32mOK [0m   test_fitModPlots.R............ 24 tests [0;32mOK [0m   test_fitModPlots.R............ 25 tests [0;32mOK [0m   test_fitModPlots.R............ 25 tests [0;32mOK [0m   test_fitModPlots.R............ 26 tests [0;32mOK [0m   test_fitModPlots.R............ 27 tests [0;32mOK [0m   test_fitModPlots.R............ 27 tests [0;32mOK [0m   test_fitModPlots.R............ 28 tests [0;32mOK [0m   test_fitModPlots.R............ 29 tests [0;32mOK [0m   test_fitModPlots.R............ 29 tests [0;32mOK [0m   test_fitModPlots.R............ 29 tests [0;32mOK [0m   test_fitModPlots.R............ 30 tests [0;32mOK [0m   test_fitModPlots.R............ 31 tests [0;32mOK [0m   test_fitModPlots.R............ 32 tests [0;32mOK [0m   test_fitModPlots.R............ 33 tests [0;32mOK [0m   test_fitModPlots.R............ 34 tests [0;32mOK [0m   test_fitModPlots.R............ 35 tests [0;32mOK [0m   test_fitModPlots.R............ 36 tests [0;32mOK [0m   test_fitModPlots.R............ 36 tests [0;32mOK [0m   test_fitModPlots.R............ 37 tests [0;32mOK [0m   test_fitModPlots.R............ 38 tests [0;32mOK [0m   test_fitModPlots.R............ 38 tests [0;32mOK [0m   test_fitModPlots.R............ 39 tests [0;32mOK [0m   test_fitModPlots.R............ 40 tests [0;32mOK [0m   test_fitModPlots.R............ 40 tests [0;32mOK [0m   test_fitModPlots.R............ 41 tests [0;32mOK [0m   test_fitModPlots.R............ 42 tests [0;32mOK [0m   test_fitModPlots.R............ 43 tests [0;32mOK [0m   test_fitModPlots.R............ 44 tests [0;32mOK [0m   test_fitModPlots.R............ 45 tests [0;32mOK [0m   test_fitModPlots.R............ 46 tests [0;32mOK [0m   test_fitModPlots.R............ 46 tests [0;32mOK [0m   test_fitModPlots.R............ 47 tests [0;32mOK [0m   test_fitModPlots.R............ 48 tests [0;32mOK [0m   test_fitModPlots.R............ 48 tests [0;32mOK [0m   test_fitModPlots.R............ 49 tests [0;32mOK [0m   test_fitModPlots.R............ 50 tests [0;32mOK [0m   test_fitModPlots.R............ 51 tests [0;32mOK [0m   test_fitModPlots.R............ 52 tests [0;32mOK [0m   test_fitModPlots.R............ 53 tests [0;32mOK [0m   test_fitModPlots.R............ 54 tests [0;32mOK [0m   test_fitModPlots.R............ 55 tests [0;32mOK [0m   test_fitModPlots.R............ 56 tests [0;32mOK [0m   test_fitModPlots.R............ 56 tests [0;32mOK [0m   test_fitModPlots.R............ 57 tests [0;32mOK [0m   test_fitModPlots.R............ 58 tests [0;32mOK [0m   test_fitModPlots.R............ 58 tests [0;32mOK [0m   test_fitModPlots.R............ 59 tests [0;32mOK [0m   test_fitModPlots.R............ 60 tests [0;32mOK [0m   test_fitModPlots.R............ 60 tests [0;32mOK [0m   test_fitModPlots.R............ 61 tests [0;32mOK [0m   test_fitModPlots.R............ 62 tests [0;32mOK [0m   test_fitModPlots.R............ 63 tests [0;32mOK [0m   test_fitModPlots.R............ 64 tests [0;32mOK [0m   test_fitModPlots.R............ 65 tests [0;32mOK [0m   test_fitModPlots.R............ 66 tests [0;32mOK [0m   test_fitModPlots.R............ 67 tests [0;32mOK [0m   test_fitModPlots.R............ 68 tests [0;32mOK [0m   test_fitModPlots.R............ 69 tests [0;32mOK [0m   test_fitModPlots.R............ 70 tests [0;32mOK [0m   test_fitModPlots.R............ 71 tests [0;32mOK [0m   test_fitModPlots.R............ 72 tests [0;32mOK [0m   test_fitModPlots.R............ 73 tests [0;32mOK [0m   test_fitModPlots.R............ 74 tests [0;32mOK [0m   test_fitModPlots.R............ 74 tests [0;32mOK [0m   test_fitModPlots.R............ 74 tests [0;32mOK [0m Output at: /var/folders/2b/t0kwbtmn3p7brv2mvx39c9cr0000gn/T//RtmpdBXetU/file6e303f4766c3.gif      test_fitModPlots.R............ 75 tests [0;32mOK [0m Output at: /var/folders/2b/t0kwbtmn3p7brv2mvx39c9cr0000gn/T//RtmpdBXetU/file6e303f4766c3.gif      test_fitModPlots.R............ 76 tests [0;32mOK [0m   test_fitModPlots.R............ 76 tests [0;32mOK [0m   test_fitModPlots.R............ 76 tests [0;32mOK [0m [0;34m1.2s [0m      test_fitModels.R.............. 0 tests   test_fitModels.R.............. 0 tests   test_fitModels.R.............. 1 tests [0;32mOK [0m   test_fitModels.R.............. 2 tests [0;32mOK [0m   test_fitModels.R.............. 3 tests [0;32mOK [0m   test_fitModels.R.............. 4 tests [0;32mOK [0m   test_fitModels.R.............. 5 tests [0;32mOK [0m   test_fitModels.R.............. 6 tests [0;32mOK [0m   test_fitModels.R.............. 7 tests [0;32mOK [0m   test_fitModels.R.............. 8 tests [0;32mOK [0m   test_fitModels.R.............. 9 tests [0;32mOK [0m   test_fitModels.R.............. 9 tests [0;32mOK [0m   test_fitModels.R.............. 10 tests [0;32mOK [0m   test_fitModels.R.............. 11 tests [0;32mOK [0m   test_fitModels.R.............. 12 tests [0;32mOK [0m   test_fitModels.R.............. 12 tests [0;32mOK [0m   test_fitModels.R.............. 12 tests [0;32mOK [0m   test_fitModels.R.............. 13 tests [0;32mOK [0m   test_fitModels.R.............. 14 tests [0;32mOK [0m   test_fitModels.R.............. 14 tests [0;32mOK [0m   test_fitModels.R.............. 15 tests [0;32mOK [0m   test_fitModels.R.............. 16 tests [0;32mOK [0m   test_fitModels.R.............. 17 tests [0;32mOK [0m   test_fitModels.R.............. 18 tests [0;32mOK [0m   test_fitModels.R.............. 19 tests [0;32mOK [0m   test_fitModels.R.............. 20 tests [0;32mOK [0m   test_fitModels.R.............. 21 tests [0;32mOK [0m   test_fitModels.R.............. 22 tests [0;32mOK [0m   test_fitModels.R.............. 23 tests [0;32mOK [0m   test_fitModels.R.............. 23 tests [0;32mOK [0m   test_fitModels.R.............. 23 tests [0;32mOK [0m   test_fitModels.R.............. 23 tests [0;32mOK [0m   test_fitModels.R.............. 24 tests [0;32mOK [0m   test_fitModels.R.............. 25 tests [0;32mOK [0m   test_fitModels.R.............. 26 tests [0;32mOK [0m   test_fitModels.R.............. 26 tests [0;32mOK [0m   test_fitModels.R.............. 27 tests [0;32mOK [0m   test_fitModels.R.............. 28 tests [0;32mOK [0m   test_fitModels.R.............. 29 tests [0;32mOK [0m   test_fitModels.R.............. 29 tests [0;32mOK [0m   test_fitModels.R.............. 30 tests [0;32mOK [0m   test_fitModels.R.............. 31 tests [0;32mOK [0m   test_fitModels.R.............. 32 tests [0;32mOK [0m   test_fitModels.R.............. 32 tests [0;32mOK [0m   test_fitModels.R.............. 33 tests [0;32mOK [0m   test_fitModels.R.............. 34 tests [0;32mOK [0m   test_fitModels.R.............. 35 tests [0;32mOK [0m   test_fitModels.R.............. 35 tests [0;32mOK [0m   test_fitModels.R.............. 36 tests [0;32mOK [0m   test_fitModels.R.............. 37 tests [0;32mOK [0m   test_fitModels.R.............. 38 tests [0;32mOK [0m   test_fitModels.R.............. 38 tests [0;32mOK [0m   test_fitModels.R.............. 39 tests [0;32mOK [0m   test_fitModels.R.............. 40 tests [0;32mOK [0m   test_fitModels.R.............. 41 tests [0;32mOK [0m   test_fitModels.R.............. 41 tests [0;32mOK [0m   test_fitModels.R.............. 42 tests [0;32mOK [0m   test_fitModels.R.............. 43 tests [0;32mOK [0m   test_fitModels.R.............. 44 tests [0;32mOK [0m   test_fitModels.R.............. 44 tests [0;32mOK [0m [0;34m5.1s [0m      test_fitSpline.R.............. 0 tests   test_fitSpline.R.............. 0 tests   test_fitSpline.R.............. 0 tests   test_fitSpline.R.............. 0 tests   test_fitSpline.R.............. 0 tests   test_fitSpline.R.............. 1 tests [0;32mOK [0m   test_fitSpline.R.............. 2 tests [0;32mOK [0m   test_fitSpline.R.............. 3 tests [0;32mOK [0m   test_fitSpline.R.............. 4 tests [0;32mOK [0m   test_fitSpline.R.............. 5 tests [0;32mOK [0m   test_fitSpline.R.............. 6 tests [0;32mOK [0m   test_fitSpline.R.............. 7 tests [0;32mOK [0m   test_fitSpline.R.............. 8 tests [0;32mOK [0m   test_fitSpline.R.............. 9 tests [0;32mOK [0m   test_fitSpline.R.............. 9 tests [0;32mOK [0m   test_fitSpline.R.............. 9 tests [0;32mOK [0m   test_fitSpline.R.............. 10 tests [0;32mOK [0m   test_fitSpline.R.............. 11 tests [0;32mOK [0m   test_fitSpline.R.............. 12 tests [0;32mOK [0m   test_fitSpline.R.............. 13 tests [0;32mOK [0m   test_fitSpline.R.............. 14 tests [0;32mOK [0m   test_fitSpline.R.............. 15 tests [0;32mOK [0m   test_fitSpline.R.............. 16 tests [0;32mOK [0m   test_fitSpline.R.............. 16 tests [0;32mOK [0m   test_fitSpline.R.............. 17 tests [0;32mOK [0m   test_fitSpline.R.............. 18 tests [0;32mOK [0m   test_fitSpline.R.............. 19 tests [0;32mOK [0m   test_fitSpline.R.............. 20 tests [0;32mOK [0m   test_fitSpline.R.............. 21 tests [0;32mOK [0m   test_fitSpline.R.............. 21 tests [0;32mOK [0m   test_fitSpline.R.............. 22 tests [0;32mOK [0m   test_fitSpline.R.............. 23 tests [0;32mOK [0m   test_fitSpline.R.............. 24 tests [0;32mOK [0m   test_fitSpline.R.............. 25 tests [0;32mOK [0m   test_fitSpline.R.............. 26 tests [0;32mOK [0m   test_fitSpline.R.............. 27 tests [0;32mOK [0m   test_fitSpline.R.............. 28 tests [0;32mOK [0m   test_fitSpline.R.............. 29 tests [0;32mOK [0m   test_fitSpline.R.............. 29 tests [0;32mOK [0m   test_fitSpline.R.............. 29 tests [0;32mOK [0m   test_fitSpline.R.............. 30 tests [0;32mOK [0m   test_fitSpline.R.............. 31 tests [0;32mOK [0m   test_fitSpline.R.............. 31 tests [0;32mOK [0m   test_fitSpline.R.............. 31 tests [0;32mOK [0m   test_fitSpline.R.............. 32 tests [0;32mOK [0m   test_fitSpline.R.............. 33 tests [0;32mOK [0m   test_fitSpline.R.............. 33 tests [0;32mOK [0m   test_fitSpline.R.............. 34 tests [0;32mOK [0m   test_fitSpline.R.............. 35 tests [0;32mOK [0m   test_fitSpline.R.............. 36 tests [0;32mOK [0m   test_fitSpline.R.............. 37 tests [0;32mOK [0m   test_fitSpline.R.............. 38 tests [0;32mOK [0m   test_fitSpline.R.............. 39 tests [0;32mOK [0m   test_fitSpline.R.............. 40 tests [0;32mOK [0m   test_fitSpline.R.............. 41 tests [0;32mOK [0m   test_fitSpline.R.............. 41 tests [0;32mOK [0m   test_fitSpline.R.............. 42 tests [0;32mOK [0m   test_fitSpline.R.............. 43 tests [0;32mOK [0m   test_fitSpline.R.............. 43 tests [0;32mOK [0m   test_fitSpline.R.............. 44 tests [0;32mOK [0m   test_fitSpline.R.............. 44 tests [0;32mOK [0m   test_fitSpline.R.............. 45 tests [0;32mOK [0m   test_fitSpline.R.............. 46 tests [0;32mOK [0m   test_fitSpline.R.............. 47 tests [0;32mOK [0m   test_fitSpline.R.............. 47 tests [0;32mOK [0m [0;34m8.3s [0m      test_fitSplineHDM.R........... 0 tests   test_fitSplineHDM.R........... 0 tests   test_fitSplineHDM.R........... 0 tests   test_fitSplineHDM.R........... 0 tests   test_fitSplineHDM.R........... 0 tests   test_fitSplineHDM.R........... 1 tests [0;32mOK [0m   test_fitSplineHDM.R........... 2 tests [0;32mOK [0m   test_fitSplineHDM.R........... 3 tests [0;32mOK [0m   test_fitSplineHDM.R........... 4 tests [0;32mOK [0m   test_fitSplineHDM.R........... 4 tests [0;32mOK [0m   test_fitSplineHDM.R........... 4 tests [0;32mOK [0m   test_fitSplineHDM.R........... 4 tests [0;32mOK [0m   test_fitSplineHDM.R........... 5 tests [0;32mOK [0m   test_fitSplineHDM.R........... 6 tests [0;32mOK [0m   test_fitSplineHDM.R........... 7 tests [0;32mOK [0m   test_fitSplineHDM.R........... 8 tests [0;32mOK [0m   test_fitSplineHDM.R........... 9 tests [0;32mOK [0m   test_fitSplineHDM.R........... 10 tests [0;32mOK [0m   test_fitSplineHDM.R........... 11 tests [0;32mOK [0m   test_fitSplineHDM.R........... 12 tests [0;32mOK [0m   test_fitSplineHDM.R........... 13 tests [0;32mOK [0m   test_fitSplineHDM.R........... 14 tests [0;32mOK [0m   test_fitSplineHDM.R........... 15 tests [0;32mOK [0m   test_fitSplineHDM.R........... 16 tests [0;32mOK [0m   test_fitSplineHDM.R........... 17 tests [0;32mOK [0m   test_fitSplineHDM.R........... 18 tests [0;32mOK [0m   test_fitSplineHDM.R........... 19 tests [0;32mOK [0m   test_fitSplineHDM.R........... 20 tests [0;32mOK [0m   test_fitSplineHDM.R........... 21 tests [0;32mOK [0m   test_fitSplineHDM.R........... 22 tests [0;32mOK [0m   test_fitSplineHDM.R........... 23 tests [0;32mOK [0m   test_fitSplineHDM.R........... 24 tests [0;32mOK [0m   test_fitSplineHDM.R........... 25 tests [0;32mOK [0m   test_fitSplineHDM.R........... 26 tests [0;32mOK [0m   test_fitSplineHDM.R........... 27 tests [0;32mOK [0m   test_fitSplineHDM.R........... 28 tests [0;32mOK [0m   test_fitSplineHDM.R........... 29 tests [0;32mOK [0m   test_fitSplineHDM.R........... 30 tests [0;32mOK [0m   test_fitSplineHDM.R........... 31 tests [0;32mOK [0m   test_fitSplineHDM.R........... 32 tests [0;32mOK [0m   test_fitSplineHDM.R........... 33 tests [0;32mOK [0m   test_fitSplineHDM.R........... 34 tests [0;32mOK [0m   test_fitSplineHDM.R........... 35 tests [0;32mOK [0m   test_fitSplineHDM.R........... 36 tests [0;32mOK [0m   test_fitSplineHDM.R........... 37 tests [0;32mOK [0m   test_fitSplineHDM.R........... 38 tests [0;32mOK [0m   test_fitSplineHDM.R........... 39 tests [0;32mOK [0m   test_fitSplineHDM.R........... 40 tests [0;32mOK [0m   test_fitSplineHDM.R........... 41 tests [0;32mOK [0m   test_fitSplineHDM.R........... 41 tests [0;32mOK [0m   test_fitSplineHDM.R........... 41 tests [0;32mOK [0m   test_fitSplineHDM.R........... 41 tests [0;32mOK [0m   test_fitSplineHDM.R........... 42 tests [0;32mOK [0m   test_fitSplineHDM.R........... 43 tests [0;32mOK [0m   test_fitSplineHDM.R........... 44 tests [0;32mOK [0m   test_fitSplineHDM.R........... 45 tests [0;32mOK [0m   test_fitSplineHDM.R........... 46 tests [0;32mOK [0m   test_fitSplineHDM.R........... 47 tests [0;32mOK [0m   test_fitSplineHDM.R........... 48 tests [0;32mOK [0m   test_fitSplineHDM.R........... 49 tests [0;32mOK [0m   test_fitSplineHDM.R........... 50 tests [0;32mOK [0m   test_fitSplineHDM.R........... 51 tests [0;32mOK [0m   test_fitSplineHDM.R........... 52 tests [0;32mOK [0m   test_fitSplineHDM.R........... 53 tests [0;32mOK [0m   test_fitSplineHDM.R........... 54 tests [0;32mOK [0m   test_fitSplineHDM.R........... 55 tests [0;32mOK [0m   test_fitSplineHDM.R........... 55 tests [0;32mOK [0m   test_fitSplineHDM.R........... 56 tests [0;32mOK [0m   test_fitSplineHDM.R........... 57 tests [0;32mOK [0m   test_fitSplineHDM.R........... 58 tests [0;32mOK [0m   test_fitSplineHDM.R........... 59 tests [0;32mOK [0m   test_fitSplineHDM.R........... 60 tests [0;32mOK [0m   test_fitSplineHDM.R........... 60 tests [0;32mOK [0m   test_fitSplineHDM.R........... 61 tests [0;32mOK [0m   test_fitSplineHDM.R........... 62 tests [0;32mOK [0m   test_fitSplineHDM.R........... 63 tests [0;32mOK [0m   test_fitSplineHDM.R........... 64 tests [0;32mOK [0m   test_fitSplineHDM.R........... 64 tests [0;32mOK [0m   test_fitSplineHDM.R........... 64 tests [0;32mOK [0m   test_fitSplineHDM.R........... 65 tests [0;32mOK [0m   test_fitSplineHDM.R........... 66 tests [0;32mOK [0m   test_fitSplineHDM.R........... 67 tests [0;32mOK [0m   test_fitSplineHDM.R........... 68 tests [0;32mOK [0m   test_fitSplineHDM.R........... 68 tests [0;32mOK [0m   test_fitSplineHDM.R........... 69 tests [0;32mOK [0m   test_fitSplineHDM.R........... 70 tests [0;32mOK [0m   test_fitSplineHDM.R........... 71 tests [0;32mOK [0m   test_fitSplineHDM.R........... 71 tests [0;32mOK [0m   test_fitSplineHDM.R........... 72 tests [0;32mOK [0m   test_fitSplineHDM.R........... 73 tests [0;32mOK [0m   test_fitSplineHDM.R........... 74 tests [0;32mOK [0m   test_fitSplineHDM.R........... 75 tests [0;32mOK [0m   test_fitSplineHDM.R........... 75 tests [0;32mOK [0m   test_fitSplineHDM.R........... 75 tests [0;32mOK [0m   test_fitSplineHDM.R........... 75 tests [0;32mOK [0m   test_fitSplineHDM.R........... 76 tests [0;32mOK [0m   test_fitSplineHDM.R........... 77 tests [0;32mOK [0m   test_fitSplineHDM.R........... 78 tests [0;32mOK [0m   test_fitSplineHDM.R........... 79 tests [0;32mOK [0m   test_fitSplineHDM.R........... 80 tests [0;32mOK [0m   test_fitSplineHDM.R........... 81 tests [0;32mOK [0m   test_fitSplineHDM.R........... 82 tests [0;32mOK [0m   test_fitSplineHDM.R........... 82 tests [0;32mOK [0m   test_fitSplineHDM.R........... 83 tests [0;32mOK [0m   test_fitSplineHDM.R........... 84 tests [0;32mOK [0m   test_fitSplineHDM.R........... 85 tests [0;32mOK [0m   test_fitSplineHDM.R........... 86 tests [0;32mOK [0m   test_fitSplineHDM.R........... 87 tests [0;32mOK [0m   test_fitSplineHDM.R........... 87 tests [0;32mOK [0m   test_fitSplineHDM.R........... 88 tests [0;32mOK [0m   test_fitSplineHDM.R........... 89 tests [0;32mOK [0m   test_fitSplineHDM.R........... 90 tests [0;32mOK [0m   test_fitSplineHDM.R........... 91 tests [0;32mOK [0m   test_fitSplineHDM.R........... 92 tests [0;32mOK [0m   test_fitSplineHDM.R........... 92 tests [0;32mOK [0m   test_fitSplineHDM.R........... 93 tests [0;32mOK [0m   test_fitSplineHDM.R........... 94 tests [0;32mOK [0m   test_fitSplineHDM.R........... 94 tests [0;32mOK [0m   test_fitSplineHDM.R........... 95 tests [0;32mOK [0m   test_fitSplineHDM.R........... 95 tests [0;32mOK [0m [0;34m13.0s [0m      test_getCorrected.R........... 0 tests   test_getCorrected.R........... 0 tests   test_getCorrected.R........... 0 tests   test_getCorrected.R........... 0 tests   test_getCorrected.R........... 0 tests   test_getCorrected.R........... 0 tests   test_getCorrected.R........... 0 tests   test_getCorrected.R........... 0 tests   test_getCorrected.R........... 0 tests   test_getCorrected.R........... 1 tests [0;32mOK [0m   test_getCorrected.R........... 1 tests [0;32mOK [0m   test_getCorrected.R........... 1 tests [0;32mOK [0m   test_getCorrected.R........... 1 tests [0;32mOK [0m   test_getCorrected.R........... 1 tests [0;32mOK [0m   test_getCorrected.R........... 1 tests [0;32mOK [0m   test_getCorrected.R........... 1 tests [0;32mOK [0m   test_getCorrected.R........... 2 tests [0;32mOK [0m   test_getCorrected.R........... 3 tests [0;32mOK [0m   test_getCorrected.R........... 4 tests [0;32mOK [0m   test_getCorrected.R........... 5 tests [0;32mOK [0m   test_getCorrected.R........... 6 tests [0;32mOK [0m   test_getCorrected.R........... 7 tests [0;32mOK [0m   test_getCorrected.R........... 8 tests [0;32mOK [0m   test_getCorrected.R........... 9 tests [0;32mOK [0m   test_getCorrected.R........... 10 tests [0;32mOK [0m   test_getCorrected.R........... 11 tests [0;32mOK [0m   test_getCorrected.R........... 12 tests [0;32mOK [0m   test_getCorrected.R........... 12 tests [0;32mOK [0m   test_getCorrected.R........... 13 tests [0;32mOK [0m   test_getCorrected.R........... 13 tests [0;32mOK [0m   test_getCorrected.R........... 13 tests [0;32mOK [0m   test_getCorrected.R........... 14 tests [0;32mOK [0m   test_getCorrected.R........... 14 tests [0;32mOK [0m [0;34m3.9s [0m      test_getEffDims.R............. 0 tests   test_getEffDims.R............. 0 tests   test_getEffDims.R............. 0 tests   test_getEffDims.R............. 0 tests   test_getEffDims.R............. 1 tests [0;32mOK [0m   test_getEffDims.R............. 1 tests [0;32mOK [0m   test_getEffDims.R............. 1 tests [0;32mOK [0m   test_getEffDims.R............. 1 tests [0;32mOK [0m   test_getEffDims.R............. 1 tests [0;32mOK [0m   test_getEffDims.R............. 2 tests [0;32mOK [0m   test_getEffDims.R............. 3 tests [0;32mOK [0m   test_getEffDims.R............. 4 tests [0;32mOK [0m   test_getEffDims.R............. 5 tests [0;32mOK [0m   test_getEffDims.R............. 6 tests [0;32mOK [0m   test_getEffDims.R............. 7 tests [0;32mOK [0m   test_getEffDims.R............. 8 tests [0;32mOK [0m   test_getEffDims.R............. 9 tests [0;32mOK [0m   test_getEffDims.R............. 9 tests [0;32mOK [0m   test_getEffDims.R............. 10 tests [0;32mOK [0m   test_getEffDims.R............. 10 tests [0;32mOK [0m   test_getEffDims.R............. 10 tests [0;32mOK [0m   test_getEffDims.R............. 11 tests [0;32mOK [0m   test_getEffDims.R............. 11 tests [0;32mOK [0m [0;34m1.5s [0m      test_getGenoPred.R............ 0 tests   test_getGenoPred.R............ 0 tests   test_getGenoPred.R............ 0 tests   test_getGenoPred.R............ 0 tests   test_getGenoPred.R............ 0 tests   test_getGenoPred.R............ 0 tests   test_getGenoPred.R............ 0 tests   test_getGenoPred.R............ 0 tests   test_getGenoPred.R............ 0 tests   test_getGenoPred.R............ 1 tests [0;32mOK [0m   test_getGenoPred.R............ 2 tests [0;32mOK [0m   test_getGenoPred.R............ 2 tests [0;32mOK [0m   test_getGenoPred.R............ 2 tests [0;32mOK [0m   test_getGenoPred.R............ 2 tests [0;32mOK [0m   test_getGenoPred.R............ 2 tests [0;32mOK [0m   test_getGenoPred.R............ 2 tests [0;32mOK [0m   test_getGenoPred.R............ 2 tests [0;32mOK [0m   test_getGenoPred.R............ 2 tests [0;32mOK [0m   test_getGenoPred.R............ 2 tests [0;32mOK [0m   test_getGenoPred.R............ 3 tests [0;32mOK [0m   test_getGenoPred.R............ 4 tests [0;32mOK [0m   test_getGenoPred.R............ 5 tests [0;32mOK [0m   test_getGenoPred.R............ 6 tests [0;32mOK [0m   test_getGenoPred.R............ 7 tests [0;32mOK [0m   test_getGenoPred.R............ 8 tests [0;32mOK [0m   test_getGenoPred.R............ 9 tests [0;32mOK [0m   test_getGenoPred.R............ 10 tests [0;32mOK [0m   test_getGenoPred.R............ 11 tests [0;32mOK [0m   test_getGenoPred.R............ 12 tests [0;32mOK [0m   test_getGenoPred.R............ 13 tests [0;32mOK [0m   test_getGenoPred.R............ 14 tests [0;32mOK [0m   test_getGenoPred.R............ 15 tests [0;32mOK [0m   test_getGenoPred.R............ 16 tests [0;32mOK [0m   test_getGenoPred.R............ 16 tests [0;32mOK [0m   test_getGenoPred.R............ 16 tests [0;32mOK [0m   test_getGenoPred.R............ 16 tests [0;32mOK [0m   test_getGenoPred.R............ 16 tests [0;32mOK [0m   test_getGenoPred.R............ 16 tests [0;32mOK [0m   test_getGenoPred.R............ 16 tests [0;32mOK [0m   test_getGenoPred.R............ 16 tests [0;32mOK [0m   test_getGenoPred.R............ 16 tests [0;32mOK [0m   test_getGenoPred.R............ 17 tests [0;32mOK [0m   test_getGenoPred.R............ 18 tests [0;32mOK [0m   test_getGenoPred.R............ 19 tests [0;32mOK [0m   test_getGenoPred.R............ 20 tests [0;32mOK [0m   test_getGenoPred.R............ 21 tests [0;32mOK [0m   test_getGenoPred.R............ 22 tests [0;32mOK [0m   test_getGenoPred.R............ 23 tests [0;32mOK [0m   test_getGenoPred.R............ 24 tests [0;32mOK [0m   test_getGenoPred.R............ 24 tests [0;32mOK [0m   test_getGenoPred.R............ 25 tests [0;32mOK [0m   test_getGenoPred.R............ 25 tests [0;32mOK [0m   test_getGenoPred.R............ 25 tests [0;32mOK [0m   test_getGenoPred.R............ 26 tests [0;32mOK [0m   test_getGenoPred.R............ 26 tests [0;32mOK [0m   test_getGenoPred.R............ 26 tests [0;32mOK [0m   test_getGenoPred.R............ 26 tests [0;32mOK [0m   test_getGenoPred.R............ 27 tests [0;32mOK [0m   test_getGenoPred.R............ 27 tests [0;32mOK [0m   test_getGenoPred.R............ 28 tests [0;32mOK [0m   test_getGenoPred.R............ 28 tests [0;32mOK [0m [0;34m4.5s [0m      test_getHerit.R............... 0 tests   test_getHerit.R............... 0 tests   test_getHerit.R............... 0 tests   test_getHerit.R............... 0 tests   test_getHerit.R............... 1 tests [0;32mOK [0m   test_getHerit.R............... 1 tests [0;32mOK [0m   test_getHerit.R............... 1 tests [0;32mOK [0m   test_getHerit.R............... 2 tests [0;32mOK [0m   test_getHerit.R............... 3 tests [0;32mOK [0m   test_getHerit.R............... 4 tests [0;32mOK [0m   test_getHerit.R............... 5 tests [0;32mOK [0m   test_getHerit.R............... 6 tests [0;32mOK [0m   test_getHerit.R............... 7 tests [0;32mOK [0m   test_getHerit.R............... 8 tests [0;32mOK [0m   test_getHerit.R............... 9 tests [0;32mOK [0m   test_getHerit.R............... 9 tests [0;32mOK [0m   test_getHerit.R............... 10 tests [0;32mOK [0m   test_getHerit.R............... 10 tests [0;32mOK [0m   test_getHerit.R............... 10 tests [0;32mOK [0m   test_getHerit.R............... 11 tests [0;32mOK [0m   test_getHerit.R............... 11 tests [0;32mOK [0m [0;34m1.2s [0m      test_getVar.R................. 0 tests   test_getVar.R................. 0 tests   test_getVar.R................. 0 tests   test_getVar.R................. 0 tests   test_getVar.R................. 0 tests   test_getVar.R................. 0 tests   test_getVar.R................. 1 tests [0;32mOK [0m   test_getVar.R................. 1 tests [0;32mOK [0m   test_getVar.R................. 1 tests [0;32mOK [0m   test_getVar.R................. 1 tests [0;32mOK [0m   test_getVar.R................. 1 tests [0;32mOK [0m   test_getVar.R................. 2 tests [0;32mOK [0m   test_getVar.R................. 3 tests [0;32mOK [0m   test_getVar.R................. 4 tests [0;32mOK [0m   test_getVar.R................. 5 tests [0;32mOK [0m   test_getVar.R................. 6 tests [0;32mOK [0m   test_getVar.R................. 7 tests [0;32mOK [0m   test_getVar.R................. 8 tests [0;32mOK [0m   test_getVar.R................. 9 tests [0;32mOK [0m   test_getVar.R................. 10 tests [0;32mOK [0m   test_getVar.R................. 10 tests [0;32mOK [0m   test_getVar.R................. 11 tests [0;32mOK [0m   test_getVar.R................. 11 tests [0;32mOK [0m   test_getVar.R................. 11 tests [0;32mOK [0m   test_getVar.R................. 12 tests [0;32mOK [0m   test_getVar.R................. 12 tests [0;32mOK [0m [0;34m2.6s [0m      test_plot.psHDM.R............. 0 tests   test_plot.psHDM.R............. 0 tests   test_plot.psHDM.R............. 0 tests   test_plot.psHDM.R............. 0 tests   test_plot.psHDM.R............. 0 tests   test_plot.psHDM.R............. 0 tests   test_plot.psHDM.R............. 0 tests   test_plot.psHDM.R............. 0 tests   test_plot.psHDM.R............. 0 tests   test_plot.psHDM.R............. 0 tests   test_plot.psHDM.R............. 1 tests [0;32mOK [0m   test_plot.psHDM.R............. 2 tests [0;32mOK [0m   test_plot.psHDM.R............. 3 tests [0;32mOK [0m   test_plot.psHDM.R............. 4 tests [0;32mOK [0m   test_plot.psHDM.R............. 5 tests [0;32mOK [0m   test_plot.psHDM.R............. 6 tests [0;32mOK [0m   test_plot.psHDM.R............. 7 tests [0;32mOK [0m   test_plot.psHDM.R............. 7 tests [0;32mOK [0m   test_plot.psHDM.R............. 8 tests [0;32mOK [0m   test_plot.psHDM.R............. 8 tests [0;32mOK [0m   test_plot.psHDM.R............. 9 tests [0;32mOK [0m   test_plot.psHDM.R............. 9 tests [0;32mOK [0m   test_plot.psHDM.R............. 10 tests [0;32mOK [0m   test_plot.psHDM.R............. 10 tests [0;32mOK [0m   test_plot.psHDM.R............. 11 tests [0;32mOK [0m   test_plot.psHDM.R............. 11 tests [0;32mOK [0m   test_plot.psHDM.R............. 12 tests [0;32mOK [0m   test_plot.psHDM.R............. 13 tests [0;32mOK [0m   test_plot.psHDM.R............. 14 tests [0;32mOK [0m   test_plot.psHDM.R............. 14 tests [0;32mOK [0m   test_plot.psHDM.R............. 15 tests [0;32mOK [0m   test_plot.psHDM.R............. 15 tests [0;32mOK [0m   test_plot.psHDM.R............. 16 tests [0;32mOK [0m   test_plot.psHDM.R............. 16 tests [0;32mOK [0m   test_plot.psHDM.R............. 17 tests [0;32mOK [0m [0;34m6.1s [0m      test_predict.psHDM.R.......... 0 tests   test_predict.psHDM.R.......... 0 tests   test_predict.psHDM.R.......... 0 tests   test_predict.psHDM.R.......... 0 tests   test_predict.psHDM.R.......... 0 tests   test_predict.psHDM.R.......... 0 tests   test_predict.psHDM.R.......... 0 tests   test_predict.psHDM.R.......... 1 tests [0;32mOK [0m   test_predict.psHDM.R.......... 2 tests [0;32mOK [0m   test_predict.psHDM.R.......... 3 tests [0;32mOK [0m   test_predict.psHDM.R.......... 4 tests [0;32mOK [0m   test_predict.psHDM.R.......... 5 tests [0;32mOK [0m   test_predict.psHDM.R.......... 6 tests [0;32mOK [0m   test_predict.psHDM.R.......... 7 tests [0;32mOK [0m   test_predict.psHDM.R.......... 8 tests [0;32mOK [0m   test_predict.psHDM.R.......... 9 tests [0;32mOK [0m   test_predict.psHDM.R.......... 10 tests [0;32mOK [0m   test_predict.psHDM.R.......... 10 tests [0;32mOK [0m   test_predict.psHDM.R.......... 11 tests [0;32mOK [0m   test_predict.psHDM.R.......... 12 tests [0;32mOK [0m   test_predict.psHDM.R.......... 13 tests [0;32mOK [0m   test_predict.psHDM.R.......... 14 tests [0;32mOK [0m   test_predict.psHDM.R.......... 15 tests [0;32mOK [0m   test_predict.psHDM.R.......... 16 tests [0;32mOK [0m   test_predict.psHDM.R.......... 17 tests [0;32mOK [0m   test_predict.psHDM.R.......... 18 tests [0;32mOK [0m   test_predict.psHDM.R.......... 18 tests [0;32mOK [0m   test_predict.psHDM.R.......... 19 tests [0;32mOK [0m   test_predict.psHDM.R.......... 20 tests [0;32mOK [0m   test_predict.psHDM.R.......... 21 tests [0;32mOK [0m   test_predict.psHDM.R.......... 22 tests [0;32mOK [0m   test_predict.psHDM.R.......... 22 tests [0;32mOK [0m   test_predict.psHDM.R.......... 23 tests [0;32mOK [0m   test_predict.psHDM.R.......... 24 tests [0;32mOK [0m   test_predict.psHDM.R.......... 25 tests [0;32mOK [0m [0;34m2.5s [0m      test_summaries.R.............. 0 tests   test_summaries.R.............. 0 tests   test_summaries.R.............. 0 tests   test_summaries.R.............. 0 tests   test_summaries.R.............. 0 tests   test_summaries.R.............. 1 tests [0;32mOK [0m   test_summaries.R.............. 2 tests [0;32mOK [0m   test_summaries.R.............. 3 tests [0;32mOK [0m   test_summaries.R.............. 4 tests [0;32mOK [0m   test_summaries.R.............. 5 tests [0;32mOK [0m   test_summaries.R.............. 6 tests [0;32mOK [0m   test_summaries.R.............. 6 tests [0;32mOK [0m   test_summaries.R.............. 6 tests [0;32mOK [0m   test_summaries.R.............. 7 tests [0;32mOK [0m   test_summaries.R.............. 8 tests [0;32mOK [0m   test_summaries.R.............. 9 tests [0;32mOK [0m   test_summaries.R.............. 9 tests [0;32mOK [0m [0;34m0.4s [0m      test_utils.R.................. 0 tests   test_utils.R.................. 0 tests   test_utils.R.................. 1 tests [0;32mOK [0m   test_utils.R.................. 2 tests [0;32mOK [0m   test_utils.R.................. 3 tests [0;32mOK [0m   test_utils.R.................. 4 tests [0;32mOK [0m   test_utils.R.................. 5 tests [0;32mOK [0m   test_utils.R.................. 6 tests [0;32mOK [0m   test_utils.R.................. 7 tests [0;32mOK [0m   test_utils.R.................. 8 tests [0;32mOK [0m   test_utils.R.................. 8 tests [0;32mOK [0m   test_utils.R.................. 8 tests [0;32mOK [0m   test_utils.R.................. 9 tests [0;32mOK [0m   test_utils.R.................. 10 tests [0;32mOK [0m   test_utils.R.................. 11 tests [0;32mOK [0m   test_utils.R.................. 12 tests [0;32mOK [0m   test_utils.R.................. 12 tests [0;32mOK [0m   test_utils.R.................. 12 tests [0;32mOK [0m   test_utils.R.................. 12 tests [0;32mOK [0m   test_utils.R.................. 13 tests [0;32mOK [0m   test_utils.R.................. 14 tests [0;32mOK [0m   test_utils.R.................. 15 tests [0;32mOK [0m   test_utils.R.................. 16 tests [0;32mOK [0m   test_utils.R.................. 17 tests [0;32mOK [0m   test_utils.R.................. 18 tests [0;32mOK [0m   test_utils.R.................. 19 tests [0;32mOK [0m   test_utils.R.................. 20 tests [0;32mOK [0m   test_utils.R.................. 21 tests [0;32mOK [0m   test_utils.R.................. 21 tests [0;32mOK [0m   test_utils.R.................. 21 tests [0;32mOK [0m   test_utils.R.................. 21 tests [0;32mOK [0m   test_utils.R.................. 21 tests [0;32mOK [0m   test_utils.R.................. 22 tests [0;32mOK [0m   test_utils.R.................. 23 tests [0;32mOK [0m   test_utils.R.................. 24 tests [0;32mOK [0m   test_utils.R.................. 25 tests [0;31m1 fails [0m   test_utils.R.................. 25 tests [0;31m1 fails [0m   test_utils.R.................. 25 tests [0;31m1 fails [0m   test_utils.R.................. 26 tests [0;31m1 fails [0m   test_utils.R.................. 27 tests [0;31m2 fails [0m   test_utils.R.................. 28 tests [0;31m3 fails [0m   test_utils.R.................. 28 tests [0;31m3 fails [0m   test_utils.R.................. 28 tests [0;31m3 fails [0m   test_utils.R.................. 28 tests [0;31m3 fails [0m   test_utils.R.................. 29 tests [0;31m3 fails [0m   test_utils.R.................. 29 tests [0;31m3 fails [0m   test_utils.R.................. 29 tests [0;31m3 fails [0m   test_utils.R.................. 29 tests [0;31m3 fails [0m   test_utils.R.................. 30 tests [0;31m3 fails [0m   test_utils.R.................. 30 tests [0;31m3 fails [0m   test_utils.R.................. 31 tests [0;31m3 fails [0m   test_utils.R.................. 32 tests [0;31m3 fails [0m   test_utils.R.................. 33 tests [0;31m3 fails [0m   test_utils.R.................. 33 tests [0;31m3 fails [0m   test_utils.R.................. 34 tests [0;31m3 fails [0m   test_utils.R.................. 35 tests [0;31m3 fails [0m   test_utils.R.................. 36 tests [0;31m3 fails [0m   test_utils.R.................. 36 tests [0;31m3 fails [0m   test_utils.R.................. 36 tests [0;31m3 fails [0m   test_utils.R.................. 37 tests [0;31m3 fails [0m   test_utils.R.................. 38 tests [0;31m3 fails [0m   test_utils.R.................. 39 tests [0;31m3 fails [0m   test_utils.R.................. 40 tests [0;31m3 fails [0m   test_utils.R.................. 41 tests [0;31m3 fails [0m   test_utils.R.................. 42 tests [0;31m3 fails [0m   test_utils.R.................. 43 tests [0;31m3 fails [0m   test_utils.R.................. 44 tests [0;31m3 fails [0m   test_utils.R.................. 45 tests [0;31m3 fails [0m   test_utils.R.................. 46 tests [0;31m3 fails [0m   test_utils.R.................. 47 tests [0;31m3 fails [0m   test_utils.R.................. 48 tests [0;31m3 fails [0m   test_utils.R.................. 48 tests [0;31m3 fails [0m   test_utils.R.................. 49 tests [0;31m3 fails [0m   test_utils.R.................. 50 tests [0;31m3 fails [0m   test_utils.R.................. 51 tests [0;31m3 fails [0m   test_utils.R.................. 52 tests [0;31m3 fails [0m   test_utils.R.................. 53 tests [0;31m3 fails [0m   test_utils.R.................. 54 tests [0;31m3 fails [0m   test_utils.R.................. 55 tests [0;31m3 fails [0m   test_utils.R.................. 55 tests [0;31m3 fails [0m   test_utils.R.................. 56 tests [0;31m3 fails [0m   test_utils.R.................. 57 tests [0;31m3 fails [0m [0;36m78ms [0m   ----- FAILED[data]: test_utils.R<66--66>    call| expect_equivalent(unlist(dfOut1[4, ]), c("1567375200", "p2",    call| NA))    diff| 1 string mismatch   ----- FAILED[data]: test_utils.R<72--72>    call| expect_equivalent(unlist(dfOut2[1, ]), c("1567288800", "p1",    call| NA))    diff| 1 string mismatch   ----- FAILED[data]: test_utils.R<73--73>    call| expect_equivalent(unlist(dfOut2[4, ]), c("1567375200", "p2",    call| NA))    diff| 1 string mismatch   Error: 3 out of 650 tests failed   In addition: There were 44 warnings (use warnings() to see them)   Execution halted
  • checking for unstated dependencies in vignettes ... OK
  • checking package vignettes ... OK
  • checking re-building of vignette outputs ... [95s/139s] OK
  • checking PDF version of manual ... [7s/7s] OK
  • DONE Status: 1 ERROR
  • using check arguments '--no-clean-on-error '