• using R version 4.5.0 (2025-04-11)
  • using platform: x86_64-apple-darwin20
  • R was compiled by     Apple clang version 14.0.0 (clang-1400.0.29.202)     GNU Fortran (GCC) 14.2.0
  • running under: macOS Ventura 13.3.1
  • using session charset: UTF-8
  • checking for file ‘s2/DESCRIPTION’ ... OK
  • this is package ‘s2’ version ‘1.1.9’
  • package encoding: UTF-8
  • checking package namespace information ... OK
  • checking package dependencies ... OK
  • checking if this is a source package ... OK
  • checking if there is a namespace ... OK
  • checking for executable files ... OK
  • checking for hidden files and directories ... OK
  • checking for portable file names ... OK
  • checking for sufficient/correct file permissions ... OK
  • checking whether package ‘s2’ can be installed ... [425s/202s] OK See the install log for details.
  • used C compiler: ‘Apple clang version 14.0.3 (clang-1403.0.22.14.1)’
  • used C++ compiler: ‘Apple clang version 14.0.3 (clang-1403.0.22.14.1)’
  • used SDK: ‘MacOSX11.3.sdk’
  • checking C++ specification ... OK
  • checking installed package size ... INFO   installed size is 40.6Mb   sub-directories of 1Mb or more:     libs 39.5Mb
  • checking package directory ... OK
  • checking DESCRIPTION meta-information ... OK
  • checking top-level files ... OK
  • checking for left-over files ... OK
  • checking index information ... OK
  • checking package subdirectories ... OK
  • checking code files for non-ASCII characters ... OK
  • checking R files for syntax errors ... OK
  • checking whether the package can be loaded ... [0s/1s] OK
  • checking whether the package can be loaded with stated dependencies ... [0s/0s] OK
  • checking whether the package can be unloaded cleanly ... [0s/0s] OK
  • checking whether the namespace can be loaded with stated dependencies ... [0s/0s] OK
  • checking whether the namespace can be unloaded cleanly ... [0s/0s] OK
  • checking loading without being on the library search path ... [0s/0s] OK
  • checking whether startup messages can be suppressed ... [0s/0s] OK
  • checking dependencies in R code ... OK
  • checking S3 generic/method consistency ... OK
  • checking replacement functions ... OK
  • checking foreign function calls ... OK
  • checking R code for possible problems ... [3s/3s] OK
  • checking Rd files ... [0s/0s] OK
  • checking Rd metadata ... OK
  • checking Rd cross-references ... OK
  • checking for missing documentation entries ... OK
  • checking for code/documentation mismatches ... OK
  • checking Rd \usage sections ... OK
  • checking Rd contents ... OK
  • checking for unstated dependencies in examples ... OK
  • checking contents of ‘data’ directory ... OK
  • checking data for non-ASCII characters ... [0s/0s] OK
  • checking LazyData ... OK
  • checking data for ASCII and uncompressed saves ... OK
  • checking line endings in shell scripts ... OK
  • checking line endings in C/C++/Fortran sources/headers ... OK
  • checking line endings in Makefiles ... OK
  • checking compilation flags in Makevars ... OK
  • checking for GNU extensions in Makefiles ... OK
  • checking for portable use of $(BLAS_LIBS) and $(LAPACK_LIBS) ... OK
  • checking use of PKG_*FLAGS in Makefiles ... OK
  • checking compiled code ... WARNING File ‘s2/libs/s2.so’:   Found ‘__ZNSt3__14cerrE’, possibly from ‘std::cerr’ (C++)     Object: ‘../tools/dist/lib/libabsl_flags_config.a’   Found ‘___assert_rtn’, possibly from ‘assert’ (C)     Objects: ‘../tools/dist/lib/libabsl_base.a’,       ‘../tools/dist/lib/libabsl_cord.a’,       ‘../tools/dist/lib/libabsl_cord_internal.a’,       ‘../tools/dist/lib/libabsl_cordz_handle.a’,       ‘../tools/dist/lib/libabsl_cordz_info.a’,       ‘../tools/dist/lib/libabsl_crc_cord_state.a’,       ‘../tools/dist/lib/libabsl_crc_internal.a’,       ‘../tools/dist/lib/libabsl_flags_internal.a’,       ‘../tools/dist/lib/libabsl_flags_reflection.a’,       ‘../tools/dist/lib/libabsl_graphcycles_internal.a’,       ‘../tools/dist/lib/libabsl_int128.a’,       ‘../tools/dist/lib/libabsl_kernel_timeout_internal.a’,       ‘../tools/dist/lib/libabsl_log_globals.a’,       ‘../tools/dist/lib/libabsl_log_internal_format.a’,       ‘../tools/dist/lib/libabsl_log_internal_globals.a’,       ‘../tools/dist/lib/libabsl_log_internal_log_sink_set.a’,       ‘../tools/dist/lib/libabsl_log_internal_message.a’,       ‘../tools/dist/lib/libabsl_log_internal_proto.a’,       ‘../tools/dist/lib/libabsl_malloc_internal.a’,       ‘../tools/dist/lib/libabsl_raw_hash_set.a’,       ‘../tools/dist/lib/libabsl_raw_logging_internal.a’,       ‘../tools/dist/lib/libabsl_status.a’,       ‘../tools/dist/lib/libabsl_str_format_internal.a’,       ‘../tools/dist/lib/libabsl_strings.a’,       ‘../tools/dist/lib/libabsl_strings_internal.a’,       ‘../tools/dist/lib/libabsl_symbolize.a’,       ‘../tools/dist/lib/libabsl_synchronization.a’,       ‘../tools/dist/lib/libabsl_time.a’,       ‘../tools/dist/lib/libabsl_time_zone.a’   Found ‘___stderrp’, possibly from ‘stderr’ (C)     Objects: ‘../tools/dist/lib/libabsl_log_internal_globals.a’,       ‘../tools/dist/lib/libabsl_str_format_internal.a’   Found ‘__exit’, possibly from ‘_exit’ (C), ‘_Exit’ (C)     Object: ‘../tools/dist/lib/libabsl_log_internal_message.a’   Found ‘_abort’, possibly from ‘abort’ (C)     Objects: ‘../tools/dist/lib/libabsl_log_internal_message.a’,       ‘../tools/dist/lib/libabsl_raw_logging_internal.a’   Found ‘_exit’, possibly from ‘exit’ (C)     Object: ‘../tools/dist/lib/libabsl_flags_reflection.a’ Compiled code should not call entry points which might terminate R nor write to stdout/stderr instead of to the console, nor use Fortran I/O nor system RNGs nor [v]sprintf. See ‘Writing portable packages’ in the ‘Writing R Extensions’ manual.
  • checking examples ... [1s/1s] OK
  • checking for unstated dependencies in ‘tests’ ... OK
  • checking tests ... [13s/30s] OK   Running ‘area.R’ [0s/0s]   Comparing ‘area.Rout’ to ‘area.Rout.save’ ... OK   Running ‘testthat.R’ [13s/29s]
  • checking PDF version of manual ... [7s/10s] OK
  • DONE Status: 1 WARNING
  • using check arguments '--no-clean-on-error '