- using R version 4.5.1 (2025-06-13)
- using platform: x86_64-apple-darwin20
- R was compiled by
Apple clang version 14.0.0 (clang-1400.0.29.202)
GNU Fortran (GCC) 14.2.0
- running under: macOS Ventura 13.3.1
- using session charset: UTF-8
- checking for file ‘routr/DESCRIPTION’ ... OK
- checking extension type ... Package
- this is package ‘routr’ version ‘1.0.0’
- package encoding: UTF-8
- checking package namespace information ... OK
- checking package dependencies ... OK
- checking if this is a source package ... OK
- checking if there is a namespace ... OK
- checking for executable files ... OK
- checking for hidden files and directories ... OK
- checking for portable file names ... OK
- checking for sufficient/correct file permissions ... OK
- checking whether package ‘routr’ can be installed ... [6s/7s] OK
See the install log for details.
- checking installed package size ... OK
- checking package directory ... OK
- checking DESCRIPTION meta-information ... OK
- checking top-level files ... OK
- checking for left-over files ... OK
- checking index information ... OK
- checking package subdirectories ... OK
- checking code files for non-ASCII characters ... OK
- checking R files for syntax errors ... OK
- checking whether the package can be loaded ... [1s/1s] OK
- checking whether the package can be loaded with stated dependencies ... [1s/1s] OK
- checking whether the package can be unloaded cleanly ... [1s/1s] OK
- checking whether the namespace can be loaded with stated dependencies ... [1s/1s] OK
- checking whether the namespace can be unloaded cleanly ... [1s/1s] OK
- checking loading without being on the library search path ... [1s/1s] OK
- checking dependencies in R code ... OK
- checking S3 generic/method consistency ... OK
- checking replacement functions ... OK
- checking foreign function calls ... OK
- checking R code for possible problems ... [3s/3s] OK
- checking Rd files ... [0s/1s] OK
- checking Rd metadata ... OK
- checking Rd cross-references ... OK
- checking for missing documentation entries ... OK
- checking for code/documentation mismatches ... OK
- checking Rd \usage sections ... OK
- checking Rd contents ... OK
- checking for unstated dependencies in examples ... OK
- checking examples ... [1s/3s] OK
- checking for unstated dependencies in ‘tests’ ... OK
- checking tests ... [6s/9s] ERROR
Running ‘testthat.R’ [6s/9s]
Running the tests in ‘tests/testthat.R’ failed.
Complete output:
> # This file is part of the standard setup for testthat.
> # It is recommended that you do not modify it.
> #
> # Where should you do additional test configuration?
> # Learn more about the roles of various files in:
> # * https://r-pkgs.org/testing-design.html#sec-tests-files-overview
> # * https://testthat.r-lib.org/articles/special-files.html
>
> library(testthat)
> library(routr)
>
> test_check("routr")
Saving _problems/test-report_route-54.R
Saving _problems/test-report_route-116.R
[ FAIL 2 | WARN 1 | SKIP 23 | PASS 256 ]
══ Skipped tests (23) ══════════════════════════════════════════════════════════
• On CRAN (23): 'test-asset_route.R:8:1', 'test-asset_route.R:15:1',
'test-asset_route.R:99:1', 'test-asset_route.R:108:1',
'test-openapi_route.R:1:1', 'test-redirector.R:132:1',
'test-redirector.R:145:1', 'test-report_route.R:1:1',
'test-report_route.R:62:1', 'test-report_route.R:85:1',
'test-resource_route.R:1:1', 'test-route.R:1:1', 'test-route.R:28:1',
'test-route.R:50:1', 'test-route.R:127:1', 'test-routestack.R:36:1',
'test-routestack.R:44:1', 'test-routestack.R:63:1',
'test-shared_secret_route.R:1:1', 'test-sizelimit_route.R:1:1',
'test-sizelimit_route.R:18:1', 'test-sizelimit_route.R:133:1',
'test-tidy_api.R:99:1'
══ Failed tests ════════════════════════════════════════════════════════════════
── Error ('test-report_route.R:54:3'): report_info detects file format correctly ──
Error in `find_quarto()`: Quarto command-line tools path not found!
Please make sure you have installed and added Quarto to your PATH or set the QUARTO_PATH environment variable.
Backtrace:
▆
1. └─routr::report_info(qmd_file) at test-report_route.R:54:3
2. └─routr:::quarto_info(file)
3. └─quarto::quarto_inspect(input)
4. └─quarto:::find_quarto()
5. └─cli::cli_abort(quarto_not_found_msg)
6. └─rlang::abort(...)
── Error ('test-report_route.R:116:3'): quarto_info extracts report information correctly ──
Error in `find_quarto()`: Quarto command-line tools path not found!
Please make sure you have installed and added Quarto to your PATH or set the QUARTO_PATH environment variable.
Backtrace:
▆
1. └─routr:::quarto_info(qmd_file) at test-report_route.R:116:3
2. └─quarto::quarto_inspect(input)
3. └─quarto:::find_quarto()
4. └─cli::cli_abort(quarto_not_found_msg)
5. └─rlang::abort(...)
[ FAIL 2 | WARN 1 | SKIP 23 | PASS 256 ]
Error:
! Test failures.
Execution halted
- checking PDF version of manual ... [6s/9s] OK
- DONE
Status: 1 ERROR
- using check arguments '--no-clean-on-error '