- using R version 4.0.2 (2020-06-22)
- using platform: x86_64-apple-darwin17.0 (64-bit)
- using session charset: UTF-8
- checking for file ‘rggobi/DESCRIPTION’ ... OK
- this is package ‘rggobi’ version ‘2.1.22’
- checking package namespace information ... OK
- checking package dependencies ... OK
- checking if this is a source package ... OK
- checking if there is a namespace ... OK
- checking for executable files ... OK
- checking for hidden files and directories ... OK
- checking for portable file names ... OK
- checking for sufficient/correct file permissions ... OK
- checking whether package ‘rggobi’ can be installed ... [1s/1s] ERROR
Installation failed.
See ‘/Volumes/Builds/packages/high-sierra-x86_64/results/4.0/rggobi.Rcheck/00install.out’ for details.
- DONE
Status: 1 ERROR
See https://www.r-project.org/nosvn/R.check/r-release-macos-x86_64/rggobi-00install.html for details.