- using R version 4.3.0 (2023-04-21)
- using platform: x86_64-apple-darwin20 (64-bit)
- R was compiled by
Apple clang version 14.0.3 (clang-1403.0.22.14.1)
GNU Fortran (GCC) 12.2.0
- running under: macOS Ventura 13.3.1
- using session charset: UTF-8
- checking for file ‘odbc/DESCRIPTION’ ... OK
- this is package ‘odbc’ version ‘1.3.5’
- package encoding: UTF-8
- checking package namespace information ... OK
- checking package dependencies ... OK
- checking if this is a source package ... OK
- checking if there is a namespace ... OK
- checking for executable files ... OK
- checking for hidden files and directories ... OK
- checking for portable file names ... OK
- checking for sufficient/correct file permissions ... OK
- checking whether package ‘odbc’ can be installed ... [47s/32s] WARNING
Found the following significant warnings:
nanodbc/nanodbc.cpp:367:26: warning: 'SQLGetDiagRec' is deprecated: first deprecated in macOS 10.8 [-Wdeprecated-declarations]
nanodbc/nanodbc.cpp:385:26: warning: 'SQLGetDiagRec' is deprecated: first deprecated in macOS 10.8 [-Wdeprecated-declarations]
nanodbc/nanodbc.cpp:731:21: warning: 'SQLFreeHandle' is deprecated: first deprecated in macOS 10.8 [-Wdeprecated-declarations]
nanodbc/nanodbc.cpp:743:21: warning: 'SQLAllocHandle' is deprecated: first deprecated in macOS 10.8 [-Wdeprecated-declarations]
nanodbc/nanodbc.cpp:750:13: warning: 'SQLSetEnvAttr' is deprecated: first deprecated in macOS 10.8 [-Wdeprecated-declarations]
nanodbc/nanodbc.cpp:775:25: warning: 'SQLAllocHandle' is deprecated: first deprecated in macOS 10.8 [-Wdeprecated-declarations]
nanodbc/nanodbc.cpp:941:25: warning: 'SQLSetConnectAttr' is deprecated: first deprecated in macOS 10.8 [-Wdeprecated-declarations]
nanodbc/nanodbc.cpp:1052:26: warning: 'SQLConnect' is deprecated: first deprecated in macOS 10.8 [-Wdeprecated-declarations]
nanodbc/nanodbc.cpp:1124:26: warning: 'SQLDriverConnect' is deprecated: first deprecated in macOS 10.8 [-Wdeprecated-declarations]
nanodbc/nanodbc.cpp:1149:29: warning: 'SQLDisconnect' is deprecated: first deprecated in macOS 10.8 [-Wdeprecated-declarations]
nanodbc/nanodbc.cpp:1181:26: warning: 'SQLGetConnectAttr' is deprecated: first deprecated in macOS 10.8 [-Wdeprecated-declarations]
nanodbc/nanodbc.cpp:1235:22: warning: 'SQLGetInfo' is deprecated: first deprecated in macOS 10.8 [-Wdeprecated-declarations]
nanodbc/nanodbc.cpp:1306:17: warning: 'SQLSetConnectAttr' is deprecated: first deprecated in macOS 10.8 [-Wdeprecated-declarations]
nanodbc/nanodbc.cpp:1330:30: warning: 'SQLEndTran' is deprecated: first deprecated in macOS 10.8 [-Wdeprecated-declarations]
nanodbc/nanodbc.cpp:1335:17: warning: 'SQLSetConnectAttr' is deprecated: first deprecated in macOS 10.8 [-Wdeprecated-declarations]
nanodbc/nanodbc.cpp:1351:29: warning: 'SQLEndTran' is deprecated: first deprecated in macOS 10.8 [-Wdeprecated-declarations]
nanodbc/nanodbc.cpp:1448:26: warning: 'SQLCancel' is deprecated: first deprecated in macOS 10.8 [-Wdeprecated-declarations]
nanodbc/nanodbc.cpp:1458:25: warning: 'SQLAllocHandle' is deprecated: first deprecated in macOS 10.8 [-Wdeprecated-declarations]
nanodbc/nanodbc.cpp:1480:29: warning: 'SQLCancel' is deprecated: first deprecated in macOS 10.8 [-Wdeprecated-declarations]
nanodbc/nanodbc.cpp:1495:25: warning: 'SQLCancel' is deprecated: first deprecated in macOS 10.8 [-Wdeprecated-declarations]
nanodbc/nanodbc.cpp:1520:26: warning: 'SQLPrepare' is deprecated: first deprecated in macOS 10.8 [-Wdeprecated-declarations]
nanodbc/nanodbc.cpp:1537:13: warning: 'SQLSetStmtAttr' is deprecated: first deprecated in macOS 10.8 [-Wdeprecated-declarations]
nanodbc/nanodbc.cpp:1694:13: warning: 'SQLSetStmtAttr' is deprecated: first deprecated in macOS 10.8 [-Wdeprecated-declarations]
nanodbc/nanodbc.cpp:1706:26: warning: 'SQLExecDirect' is deprecated: first deprecated in macOS 10.8 [-Wdeprecated-declarations]
nanodbc/nanodbc.cpp:1743:29: warning: 'SQLFreeStmt' is deprecated: first deprecated in macOS 10.8 [-Wdeprecated-declarations]
nanodbc/nanodbc.cpp:1756:13: warning: 'SQLSetStmtAttr' is deprecated: first deprecated in macOS 10.8 [-Wdeprecated-declarations]
nanodbc/nanodbc.cpp:1767:25: warning: 'SQLExecute' is deprecated: first deprecated in macOS 10.8 [-Wdeprecated-declarations]
nanodbc/nanodbc.cpp:1790:26: warning: 'SQLProcedureColumns' is deprecated: first deprecated in macOS 10.8 [-Wdeprecated-declarations]
nanodbc/nanodbc.cpp:1812:25: warning: 'SQLRowCount' is deprecated: first deprecated in macOS 10.8 [-Wdeprecated-declarations]
nanodbc/nanodbc.cpp:1828:25: warning: 'SQLNumResultCols' is deprecated: first deprecated in macOS 10.8 [-Wdeprecated-declarations]
nanodbc/nanodbc.cpp:1837:22: warning: 'SQLFreeStmt' is deprecated: first deprecated in macOS 10.8 [-Wdeprecated-declarations]
nanodbc/nanodbc.cpp:1849:25: warning: 'SQLNumParams' is deprecated: first deprecated in macOS 10.8 [-Wdeprecated-declarations]
nanodbc/nanodbc.cpp:1867:13: warning: 'SQLDescribeParam' is deprecated: first deprecated in macOS 10.8 [-Wdeprecated-declarations]
nanodbc/nanodbc.cpp:1922:17: warning: 'SQLDescribeParam' is deprecated: first deprecated in macOS 10.8 [-Wdeprecated-declarations]
nanodbc/nanodbc.cpp:2075:13: warning: 'SQLBindParameter' is deprecated: first deprecated in macOS 10.8 [-Wdeprecated-declarations]
nanodbc/nanodbc.cpp:2146:9: warning: 'SQLBindParameter' is deprecated: first deprecated in macOS 10.8 [-Wdeprecated-declarations]
nanodbc/nanodbc.cpp:2348:13: warning: 'SQLSetStmtAttr' is deprecated: first deprecated in macOS 10.8 [-Wdeprecated-declarations]
nanodbc/nanodbc.cpp:2358:13: warning: 'SQLSetStmtAttr' is deprecated: first deprecated in macOS 10.8 [-Wdeprecated-declarations]
nanodbc/nanodbc.cpp:2461:13: warning: 'SQLGetStmtAttr' is deprecated: first deprecated in macOS 10.8 [-Wdeprecated-declarations]
nanodbc/nanodbc.cpp:2492:13: warning: 'SQLGetStmtAttr' is deprecated: first deprecated in macOS 10.8 [-Wdeprecated-declarations]
nanodbc/nanodbc.cpp:2615:25: warning: 'SQLMoreResults' is deprecated: first deprecated in macOS 10.8 [-Wdeprecated-declarations]
nanodbc/nanodbc.cpp:2644:17: warning: 'SQLBindCol' is deprecated: first deprecated in macOS 10.8 [-Wdeprecated-declarations]
nanodbc/nanodbc.cpp:2798:25: warning: 'SQLFetchScroll' is deprecated: first deprecated in macOS 10.8 [-Wdeprecated-declarations]
nanodbc/nanodbc.cpp:2838:30: warning: 'SQLDescribeCol' is deprecated: first deprecated in macOS 10.8 [-Wdeprecated-declarations]
nanodbc/nanodbc.cpp:2951:21: warning: 'SQLBindCol' is deprecated: first deprecated in macOS 10.8 [-Wdeprecated-declarations]
nanodbc/nanodbc.cpp:2966:21: warning: 'SQLBindCol' is deprecated: first deprecated in macOS 10.8 [-Wdeprecated-declarations]
nanodbc/nanodbc.cpp:3086:21: warning: 'SQLGetData' is deprecated: first deprecated in macOS 10.8 [-Wdeprecated-declarations]
nanodbc/nanodbc.cpp:3144:21: warning: 'SQLGetData' is deprecated: first deprecated in macOS 10.8 [-Wdeprecated-declarations]
nanodbc/nanodbc.cpp:3356:21: warning: 'SQLGetData' is deprecated: first deprecated in macOS 10.8 [-Wdeprecated-declarations]
nanodbc/nanodbc.cpp:3507:26: warning: 'SQLDrivers' is deprecated: first deprecated in macOS 10.8 [-Wdeprecated-declarations]
nanodbc/nanodbc.cpp:3574:26: warning: 'SQLDataSources' is deprecated: first deprecated in macOS 10.8 [-Wdeprecated-declarations]
nanodbc/nanodbc.cpp:4604:22: warning: 'SQLTables' is deprecated: first deprecated in macOS 10.8 [-Wdeprecated-declarations]
nanodbc/nanodbc.cpp:4637:22: warning: 'SQLTablePrivileges' is deprecated: first deprecated in macOS 10.8 [-Wdeprecated-declarations]
nanodbc/nanodbc.cpp:4662:22: warning: 'SQLColumns' is deprecated: first deprecated in macOS 10.8 [-Wdeprecated-declarations]
nanodbc/nanodbc.cpp:4688:22: warning: 'SQLPrimaryKeys' is deprecated: first deprecated in macOS 10.8 [-Wdeprecated-declarations]
nanodbc/nanodbc.cpp:4713:22: warning: 'SQLTables' is deprecated: first deprecated in macOS 10.8 [-Wdeprecated-declarations]
nanodbc/nanodbc.cpp:4747:22: warning: 'SQLTables' is deprecated: first deprecated in macOS 10.8 [-Wdeprecated-declarations]
nanodbc/nanodbc.cpp:4776:22: warning: 'SQLTables' is deprecated: first deprecated in macOS 10.8 [-Wdeprecated-declarations]
nanodbc/nanodbc.cpp:1222:34: warning: 'SQLGetInfo' is deprecated: first deprecated in macOS 10.8 [-Wdeprecated-declarations]
nanodbc/nanodbc.cpp:1972:13: warning: 'SQLBindParameter' is deprecated: first deprecated in macOS 10.8 [-Wdeprecated-declarations]
nanodbc/nanodbc.cpp:3411:9: warning: 'SQLGetData' is deprecated: first deprecated in macOS 10.8 [-Wdeprecated-declarations]
connection.cpp:299:3: warning: 'SQLSetConnectAttr' is deprecated: first deprecated in macOS 10.8 [-Wdeprecated-declarations]
See the install log for details.
- used C++ compiler: ‘Apple clang version 14.0.3 (clang-1403.0.22.14.1)’
- used SDK: ‘MacOSX11.3.sdk’
- checking installed package size ... NOTE
installed size is 10.6Mb
sub-directories of 1Mb or more:
libs 10.1Mb
- checking package directory ... OK
- checking DESCRIPTION meta-information ... OK
- checking top-level files ... OK
- checking for left-over files ... OK
- checking index information ... OK
- checking package subdirectories ... OK
- checking R files for non-ASCII characters ... OK
- checking R files for syntax errors ... OK
- checking whether the package can be loaded ... [1s/2s] OK
- checking whether the package can be loaded with stated dependencies ... [1s/1s] OK
- checking whether the package can be unloaded cleanly ... [1s/1s] OK
- checking whether the namespace can be loaded with stated dependencies ... [1s/1s] OK
- checking whether the namespace can be unloaded cleanly ... [1s/2s] OK
- checking loading without being on the library search path ... [1s/1s] OK
- checking startup messages can be suppressed ... [1s/2s] OK
- checking dependencies in R code ... OK
- checking S3 generic/method consistency ... OK
- checking replacement functions ... OK
- checking foreign function calls ... OK
- checking R code for possible problems ... [3s/6s] OK
- checking Rd files ... [1s/2s] OK
- checking Rd metadata ... OK
- checking Rd cross-references ... OK
- checking for missing documentation entries ... OK
- checking for code/documentation mismatches ... OK
- checking Rd \usage sections ... OK
- checking Rd contents ... OK
- checking for unstated dependencies in examples ... OK
- checking line endings in shell scripts ... OK
- checking line endings in C/C++/Fortran sources/headers ... OK
- checking line endings in Makefiles ... OK
- checking compilation flags in Makevars ... OK
- checking for GNU extensions in Makefiles ... OK
- checking for portable use of $(BLAS_LIBS) and $(LAPACK_LIBS) ... OK
- checking use of PKG_*FLAGS in Makefiles ... OK
- checking include directives in Makefiles ... OK
- checking compiled code ... OK
- checking examples ... [1s/2s] OK
- checking for unstated dependencies in ‘tests’ ... OK
- checking tests ... [10s/19s] OK
Running ‘testthat.R’ [10s/19s]
- checking PDF version of manual ... [8s/13s] OK
- DONE
Status: 1 WARNING, 1 NOTE
- using check arguments '--no-clean-on-error '