• using R version 4.5.1 (2025-06-13)
  • using platform: x86_64-apple-darwin20
  • R was compiled by     Apple clang version 14.0.0 (clang-1400.0.29.202)     GNU Fortran (GCC) 14.2.0
  • running under: macOS Ventura 13.3.1
  • using session charset: UTF-8
  • checking for file ‘lgrExtra/DESCRIPTION’ ... OK
  • checking extension type ... Package
  • this is package ‘lgrExtra’ version ‘0.2.0’
  • package encoding: UTF-8
  • checking package namespace information ... OK
  • checking package dependencies ... OK
  • checking if this is a source package ... OK
  • checking if there is a namespace ... OK
  • checking for executable files ... OK
  • checking for hidden files and directories ... OK
  • checking for portable file names ... OK
  • checking for sufficient/correct file permissions ... OK
  • checking whether package ‘lgrExtra’ can be installed ... [10s/12s] OK See the install log for details.
  • checking installed package size ... OK
  • checking package directory ... OK
  • checking DESCRIPTION meta-information ... OK
  • checking top-level files ... OK
  • checking for left-over files ... OK
  • checking index information ... OK
  • checking package subdirectories ... OK
  • checking code files for non-ASCII characters ... OK
  • checking R files for syntax errors ... OK
  • checking whether the package can be loaded ... [0s/0s] OK
  • checking whether the package can be loaded with stated dependencies ... [0s/0s] OK
  • checking whether the package can be unloaded cleanly ... [0s/0s] OK
  • checking whether the namespace can be loaded with stated dependencies ... [0s/0s] OK
  • checking whether the namespace can be unloaded cleanly ... [0s/0s] OK
  • checking loading without being on the library search path ... [0s/0s] OK
  • checking whether startup messages can be suppressed ... [0s/0s] OK
  • checking dependencies in R code ... OK
  • checking S3 generic/method consistency ... OK
  • checking replacement functions ... OK
  • checking foreign function calls ... OK
  • checking R code for possible problems ... [3s/4s] OK
  • checking Rd files ... [1s/1s] OK
  • checking Rd metadata ... OK
  • checking Rd cross-references ... OK
  • checking for missing documentation entries ... OK
  • checking for code/documentation mismatches ... OK
  • checking Rd \usage sections ... OK
  • checking Rd contents ... OK
  • checking for unstated dependencies in examples ... OK
  • checking examples ... [1s/3s] OK
  • checking for unstated dependencies in ‘tests’ ... OK
  • checking tests ... [5s/12s] ERROR   Running ‘testthat.R’ [5s/12s] Running the tests in ‘tests/testthat.R’ failed. Complete output:   > library(testthat)   > library(lgrExtra)   >   > test_check("lgrExtra")   [ FAIL 1 | WARN 0 | SKIP 6 | PASS 103 ]      ══ Skipped tests (6) ═══════════════════════════════════════════════════════════   • '/var/log/syslog' is not readable (1): 'test_AppenderSyslog.R:24:3'   • Cannot establish connection (3): 'test_AppenderDbi.R:126:5',     'test_AppenderDbi.R:126:5', 'test_AppenderDbi.R:126:5'   • SQLite doesn't support schemas (2): 'test_AppenderDbi.R:223:7',     'test_AppenderDbi.R:254:7'      ══ Failed tests ════════════════════════════════════════════════════════════════   ── Failure ('test_DynatraceLayout.R:23:3'): DynatraceLayout.format_event() - with default settings - format event correctly ──   res$timestamp not identical to "2018-11-02 17:19:33".   1/1 mismatches   x[1]: "2018-11-02 12:19:33"   y[1]: "2018-11-02 17:19:33"      [ FAIL 1 | WARN 0 | SKIP 6 | PASS 103 ]   Error: Test failures   Execution halted
  • checking PDF version of manual ... [9s/15s] OK
  • DONE Status: 1 ERROR
  • using check arguments '--no-clean-on-error '