- using R version 4.4.0 (2024-04-24)
- using platform: x86_64-apple-darwin20
- R was compiled by
Apple clang version 14.0.0 (clang-1400.0.29.202)
GNU Fortran (GCC) 12.2.0
- running under: macOS Ventura 13.3.1
- using session charset: UTF-8
- checking for file ‘ezplot/DESCRIPTION’ ... OK
- checking extension type ... Package
- this is package ‘ezplot’ version ‘0.7.13’
- package encoding: UTF-8
- checking package namespace information ... OK
- checking package dependencies ... OK
- checking if this is a source package ... OK
- checking if there is a namespace ... OK
- checking for executable files ... OK
- checking for hidden files and directories ... OK
- checking for portable file names ... OK
- checking for sufficient/correct file permissions ... OK
- checking whether package ‘ezplot’ can be installed ... [4s/5s] OK
See the install log for details.
- checking installed package size ... OK
- checking package directory ... OK
- checking ‘build’ directory ... OK
- checking DESCRIPTION meta-information ... OK
- checking top-level files ... OK
- checking for left-over files ... OK
- checking index information ... OK
- checking package subdirectories ... OK
- checking code files for non-ASCII characters ... OK
- checking R files for syntax errors ... OK
- checking whether the package can be loaded ... [1s/1s] OK
- checking whether the package can be loaded with stated dependencies ... [1s/1s] OK
- checking whether the package can be unloaded cleanly ... [1s/1s] OK
- checking whether the namespace can be loaded with stated dependencies ... [1s/1s] OK
- checking whether the namespace can be unloaded cleanly ... [1s/1s] OK
- checking loading without being on the library search path ... [1s/1s] OK
- checking dependencies in R code ... OK
- checking S3 generic/method consistency ... OK
- checking replacement functions ... OK
- checking foreign function calls ... OK
- checking R code for possible problems ... [4s/5s] OK
- checking Rd files ... [0s/0s] OK
- checking Rd metadata ... OK
- checking Rd cross-references ... OK
- checking for missing documentation entries ... OK
- checking for code/documentation mismatches ... OK
- checking Rd \usage sections ... OK
- checking Rd contents ... OK
- checking for unstated dependencies in examples ... OK
- checking installed files from ‘inst/doc’ ... OK
- checking files in ‘vignettes’ ... OK
- checking examples ... [3s/3s] ERROR
Running examples in ‘ezplot-Ex.R’ failed
The error most likely occurred in:
> ### Name: calendar_plot
> ### Title: calendar_plot
> ### Aliases: calendar_plot
>
> ### ** Examples
>
> library(tsibbledata)
Error in library(tsibbledata) : there is no package called ‘tsibbledata’
Execution halted
- checking for unstated dependencies in ‘tests’ ... OK
- checking tests ... [5s/5s] ERROR
Running ‘testthat.R’ [5s/5s]
Running the tests in ‘tests/testthat.R’ failed.
Last 13 lines of output:
Backtrace:
▆
1. ├─ezplot::calendar_plot(...) at test-calendar_plot.R:6:3
2. │ └─ezplot::agg_data(data, cols, cols["x"])
3. │ └─data %>% as.data.frame %>% ...
4. ├─dplyr::transmute(...)
5. ├─base::as.data.frame(.)
6. └─base::loadNamespace(x)
7. └─base::withRestarts(stop(cond), retry_loadNamespace = function() NULL)
8. └─base (local) withOneRestart(expr, restarts[[1L]])
9. └─base (local) doWithOneRestart(return(expr), restart)
[ FAIL 1 | WARN 0 | SKIP 0 | PASS 93 ]
Error: Test failures
Execution halted
- checking for unstated dependencies in vignettes ... OK
- checking package vignettes ... OK
- checking re-building of vignette outputs ... [45s/48s] OK
- checking PDF version of manual ... [7s/7s] OK
- DONE
Status: 2 ERRORs
- using check arguments '--no-clean-on-error '