* using log directory ‘/Volumes/Builds/packages/big-sur-x86_64/results/4.5/eHOF.Rcheck’ * using R version 4.5.0 beta (2025-03-29 r88074) * using platform: x86_64-apple-darwin20 * R was compiled by Apple clang version 14.0.0 (clang-1400.0.29.202) GNU Fortran (GCC) 14.2.0 * running under: macOS Ventura 13.3.1 * using session charset: UTF-8 * checking for file ‘eHOF/DESCRIPTION’ ... OK * this is package ‘eHOF’ version ‘1.16’ * package encoding: UTF-8 * checking package namespace information ... OK * checking package dependencies ... OK * checking if this is a source package ... OK * checking if there is a namespace ... OK * checking for executable files ... OK * checking for hidden files and directories ... OK * checking for portable file names ... OK * checking for sufficient/correct file permissions ... OK * checking whether package ‘eHOF’ can be installed ... [5s/8s] OK See 'https://www.r-project.org/nosvn/R.check/r-release-macos-x86_64/eHOF-00install.html' for details. * checking installed package size ... OK * checking package directory ... OK * checking ‘build’ directory ... OK * checking DESCRIPTION meta-information ... OK * checking top-level files ... OK * checking for left-over files ... OK * checking index information ... OK * checking package subdirectories ... OK * checking code files for non-ASCII characters ... OK * checking R files for syntax errors ... OK * checking whether the package can be loaded ... [1s/1s] OK * checking whether the package can be loaded with stated dependencies ... [1s/1s] OK * checking whether the package can be unloaded cleanly ... [1s/1s] OK * checking whether the namespace can be loaded with stated dependencies ... [1s/1s] OK * checking whether the namespace can be unloaded cleanly ... [1s/2s] OK * checking loading without being on the library search path ... [1s/2s] OK * checking whether startup messages can be suppressed ... [1s/1s] OK * checking dependencies in R code ... OK * checking S3 generic/method consistency ... OK * checking replacement functions ... OK * checking foreign function calls ... OK * checking R code for possible problems ... [5s/7s] OK * checking Rd files ... [0s/0s] OK * checking Rd metadata ... OK * checking Rd cross-references ... OK * checking for missing documentation entries ... OK * checking for code/documentation mismatches ... OK * checking Rd \usage sections ... OK * checking Rd contents ... OK * checking for unstated dependencies in examples ... OK * checking contents of ‘data’ directory ... OK * checking data for non-ASCII characters ... [0s/0s] OK * checking LazyData ... OK * checking data for ASCII and uncompressed saves ... OK * checking sizes of PDF files under ‘inst/doc’ ... OK * checking installed files from ‘inst/doc’ ... OK * checking files in ‘vignettes’ ... OK * checking examples ... [3s/4s] OK * checking for unstated dependencies in vignettes ... OK * checking package vignettes ... OK * checking re-building of vignette outputs ... [11s/26s] ERROR Error(s) in re-building vignettes: --- re-building ‘eHOF.Rnw’ using knitr Quitting from eHOF.Rnw:57-67 [4site.echo] ~~~~~~~~~~~~~~~~~~~~~~~~~~~~~~~~~~~~~~~~~~~~~~~~~~~~~~~~~~~~~~~~~~~~~~~~~~~~~~~~ Error in `curl::curl_fetch_memory()`: ! Timeout was reached [germansl.infinitenature.org]: Connection timed out after 10000 milliseconds --- Backtrace: x 1. +-vegdata::tax("all") 2. | \-vegdata:::load.taxlist(refl, detailed = detailed) 3. | +-httr::http_error(remote) 4. | \-httr:::http_error.character(remote) 5. | +-httr::http_error(HEAD(x, ...)) 6. | \-httr::HEAD(x, ...) 7. | \-httr:::request_perform(req, hu$handle$handle) 8. | +-httr:::request_fetch(req$output, req$url, handle) 9. | \-httr:::request_fetch.write_memory(req$output, req$url, handle) 10. | \-curl::curl_fetch_memory(url, handle = handle) 11. \-curl:::raise_libcurl_error(...) ~~~~~~~~~~~~~~~~~~~~~~~~~~~~~~~~~~~~~~~~~~~~~~~~~~~~~~~~~~~~~~~~~~~~~~~~~~~~~~~~ Error: processing vignette 'eHOF.Rnw' failed with diagnostics: Timeout was reached [germansl.infinitenature.org]: Connection timed out after 10000 milliseconds --- failed re-building ‘eHOF.Rnw’ SUMMARY: processing the following file failed: ‘eHOF.Rnw’ Error: Vignette re-building failed. Execution halted * checking PDF version of manual ... [6s/8s] OK * DONE Status: 1 ERROR * using check arguments '--no-clean-on-error ' * elapsed time (check, wall clock): 1:30