• using R version 4.5.1 (2025-06-13)
  • using platform: x86_64-apple-darwin20
  • R was compiled by     Apple clang version 14.0.0 (clang-1400.0.29.202)     GNU Fortran (GCC) 14.2.0
  • running under: macOS Ventura 13.3.1
  • using session charset: UTF-8
  • checking for file ‘connector/DESCRIPTION’ ... OK
  • this is package ‘connector’ version ‘0.1.1’
  • package encoding: UTF-8
  • checking package namespace information ... OK
  • checking package dependencies ... OK
  • checking if this is a source package ... OK
  • checking if there is a namespace ... OK
  • checking for executable files ... OK
  • checking for hidden files and directories ... OK
  • checking for portable file names ... OK
  • checking for sufficient/correct file permissions ... OK
  • checking whether package ‘connector’ can be installed ... [4s/5s] OK See the install log for details.
  • checking installed package size ... OK
  • checking package directory ... OK
  • checking ‘build’ directory ... OK
  • checking DESCRIPTION meta-information ... OK
  • checking top-level files ... OK
  • checking for left-over files ... OK
  • checking index information ... OK
  • checking package subdirectories ... OK
  • checking code files for non-ASCII characters ... OK
  • checking R files for syntax errors ... OK
  • checking whether the package can be loaded ... [0s/0s] OK
  • checking whether the package can be loaded with stated dependencies ... [0s/0s] OK
  • checking whether the package can be unloaded cleanly ... [0s/0s] OK
  • checking whether the namespace can be loaded with stated dependencies ... [0s/0s] OK
  • checking whether the namespace can be unloaded cleanly ... [0s/0s] OK
  • checking loading without being on the library search path ... [0s/0s] OK
  • checking dependencies in R code ... OK
  • checking S3 generic/method consistency ... OK
  • checking replacement functions ... OK
  • checking foreign function calls ... OK
  • checking R code for possible problems ... [2s/3s] OK
  • checking Rd files ... [1s/1s] OK
  • checking Rd metadata ... OK
  • checking Rd cross-references ... OK
  • checking for missing documentation entries ... OK
  • checking for code/documentation mismatches ... OK
  • checking Rd \usage sections ... OK
  • checking Rd contents ... OK
  • checking for unstated dependencies in examples ... OK
  • checking installed files from ‘inst/doc’ ... OK
  • checking files in ‘vignettes’ ... OK
  • checking examples ... [4s/7s] OK
  • checking for unstated dependencies in ‘tests’ ... OK
  • checking tests ... [7s/12s] ERROR   Running ‘spelling.R’ [0s/0s]   Running ‘testthat.R’ [6s/11s] Running the tests in ‘tests/testthat.R’ failed. Complete output:   > # This file is part of the standard setup for testthat.   > # It is recommended that you do not modify it.   > #   > # Where should you do additional test configuration?   > # Learn more about the roles of various files in:   > # * https://r-pkgs.org/testing-design.html#sec-tests-files-overview   > # * https://testthat.r-lib.org/articles/special-files.html   >   > library(testthat)   > library(connector)   >   > test_check("connector")   [ FAIL 2 | WARN 1 | SKIP 4 | PASS 186 ]      ══ Skipped tests (4) ═══════════════════════════════════════════════════════════   • On CRAN (3): 'test-connect.R:34:3', 'test-connector.R:8:3',     'test-utils_files.R:3:3'   • postgres database not available (1): 'test-dbi.R:34:9'      ══ Failed tests ════════════════════════════════════════════════════════════════   ── Failure ('test-cnt_logger_integration.R:22:5'): ConnectorLogger integration test with whirl ──   Expected `whirl::run("_whirl.yml")` to run without any errors.   i Actually got a <simpleError> with text:     cannot open the connection   Backtrace:       ▆    1. ├─withr::with_dir(...) at test-cnt_logger_integration.R:21:3    2. │ └─base::force(code)    3. └─testthat::expect_no_error(whirl::run("_whirl.yml")) at test-cnt_logger_integration.R:22:5   ── Failure ('test-cnt_logger_integration.R:26:5'): ConnectorLogger integration test with whirl ──   length(list.files(".")) (`actual`) not equal to 5 (`expected`).        `actual`: 3.0   `expected`: 5.0   Backtrace:       ▆    1. ├─withr::with_dir(...) at test-cnt_logger_integration.R:21:3    2. │ └─base::force(code)    3. └─testthat::expect_equal(length(list.files(".")), 5) at test-cnt_logger_integration.R:26:5      [ FAIL 2 | WARN 1 | SKIP 4 | PASS 186 ]   Error: Test failures   Execution halted
  • checking for unstated dependencies in vignettes ... OK
  • checking package vignettes ... OK
  • checking re-building of vignette outputs ... [16s/26s] OK
  • checking PDF version of manual ... [7s/12s] OK
  • DONE Status: 1 ERROR
  • using check arguments '--no-clean-on-error '