• using R version 4.5.1 (2025-06-13)
  • using platform: x86_64-apple-darwin20
  • R was compiled by     Apple clang version 14.0.0 (clang-1400.0.29.202)     GNU Fortran (GCC) 14.2.0
  • running under: macOS Ventura 13.3.1
  • using session charset: UTF-8
  • checking for file ‘altdoc/DESCRIPTION’ ... OK
  • checking extension type ... Package
  • this is package ‘altdoc’ version ‘0.5.0’
  • package encoding: UTF-8
  • checking package namespace information ... OK
  • checking package dependencies ... OK
  • checking if this is a source package ... OK
  • checking if there is a namespace ... OK
  • checking for executable files ... OK
  • checking for hidden files and directories ... OK
  • checking for portable file names ... OK
  • checking for sufficient/correct file permissions ... OK
  • checking whether package ‘altdoc’ can be installed ... [2s/3s] OK See the install log for details.
  • checking installed package size ... OK
  • checking package directory ... OK
  • checking ‘build’ directory ... OK
  • checking DESCRIPTION meta-information ... OK
  • checking top-level files ... OK
  • checking for left-over files ... OK
  • checking index information ... OK
  • checking package subdirectories ... OK
  • checking code files for non-ASCII characters ... OK
  • checking R files for syntax errors ... OK
  • checking whether the package can be loaded ... [0s/0s] OK
  • checking whether the package can be loaded with stated dependencies ... [0s/0s] OK
  • checking whether the package can be unloaded cleanly ... [0s/0s] OK
  • checking whether the namespace can be loaded with stated dependencies ... [0s/0s] OK
  • checking whether the namespace can be unloaded cleanly ... [0s/0s] OK
  • checking loading without being on the library search path ... [0s/0s] OK
  • checking dependencies in R code ... OK
  • checking S3 generic/method consistency ... OK
  • checking replacement functions ... OK
  • checking foreign function calls ... OK
  • checking R code for possible problems ... [3s/4s] OK
  • checking Rd files ... [0s/0s] OK
  • checking Rd metadata ... OK
  • checking Rd cross-references ... OK
  • checking for missing documentation entries ... OK
  • checking for code/documentation mismatches ... OK
  • checking Rd \usage sections ... OK
  • checking Rd contents ... OK
  • checking for unstated dependencies in examples ... OK
  • checking installed files from ‘inst/doc’ ... OK
  • checking files in ‘vignettes’ ... OK
  • checking examples ... [0s/0s] OK
  • checking for unstated dependencies in ‘tests’ ... OK
  • checking tests ... [16s/22s] ERROR   Running ‘spelling.R’ [0s/0s]   Running ‘testthat.R’ [15s/21s] Running the tests in ‘tests/testthat.R’ failed. Complete output:   > library(testthat)   > library(altdoc)   >   > test_check("altdoc")   v Setting active project to     "/private/var/folders/2b/t0kwbtmn3p7brv2mvx39c9cr0000gn/T/Rtmp1n2Uhr/testpkg174b4329c9b33".   i Creating `altdoc/` directory.   i Creating `docs/` directory.   i Adding ^docs$ to .Rbuildignore   i Adding ^altdoc$ to .Rbuildignore   i Adding altdoc/freeze.rds to .gitignore   i Importing default settings file(s) to `altdoc/`   i README.md is mandatory. `altdoc` created a dummy README file in the package directory.      -- Basic files -----------------------------------------------------------------   v 'README' imported.      -- Man pages -------------------------------------------------------------------   i No man pages to convert.      -- Vignettes -------------------------------------------------------------------   i No vignettes to convert.      -- Update HTML -----------------------------------------------------------------   v HTML updated.      -- Complete --------------------------------------------------------------------   v Documentation updated.   v Setting active project to "<no active project>".   v Setting active project to     "/private/var/folders/2b/t0kwbtmn3p7brv2mvx39c9cr0000gn/T/Rtmp1n2Uhr/testpkg174b435901eda".   i Creating `altdoc/` directory.   i Creating `docs/` directory.   i Adding ^docs$ to .Rbuildignore   i Adding ^altdoc$ to .Rbuildignore   i Adding altdoc/freeze.rds to .gitignore   i Importing default settings file(s) to `altdoc/`   i README.md is mandatory. `altdoc` created a dummy README file in the package directory.   v Setting active project to "<no active project>".   v Setting active project to     "/private/var/folders/2b/t0kwbtmn3p7brv2mvx39c9cr0000gn/T/Rtmp1n2Uhr/testpkg174b4517fa327".   i Creating `altdoc/` directory.   i Creating `docs/` directory.   i Adding ^docs$ to .Rbuildignore   i Adding ^altdoc$ to .Rbuildignore   i Adding altdoc/freeze.rds to .gitignore   i Importing default settings file(s) to `altdoc/`   i README.md is mandatory. `altdoc` created a dummy README file in the package directory.   v Setting active project to "<no active project>".   v Setting active project to     "/private/var/folders/2b/t0kwbtmn3p7brv2mvx39c9cr0000gn/T/Rtmp1n2Uhr/testpkg174b47419c6af".   i Creating `altdoc/` directory.   i Creating `docs/` directory.   i Adding ^docs$ to .Rbuildignore   i Adding ^altdoc$ to .Rbuildignore   i Adding altdoc/freeze.rds to .gitignore   i Importing default settings file(s) to `altdoc/`   i README.md is mandatory. `altdoc` created a dummy README file in the package directory.   v Setting active project to "<no active project>".   v Setting active project to     "/private/var/folders/2b/t0kwbtmn3p7brv2mvx39c9cr0000gn/T/Rtmp1n2Uhr/testpkg174b47bd63ccd".   i Creating `altdoc/` directory.   i Creating `docs/` directory.   i Adding ^docs$ to .Rbuildignore   i Adding ^altdoc$ to .Rbuildignore   i Adding altdoc/freeze.rds to .gitignore   i Importing default settings file(s) to `altdoc/`   i README.md is mandatory. `altdoc` created a dummy README file in the package directory.   i Leaving 'README.md' unchanged.   [ ] Update 'README.md' to include installation instructions.      -- Basic files -----------------------------------------------------------------   v 'README' imported.      -- Man pages -------------------------------------------------------------------   i No man pages to convert.      -- Vignettes -------------------------------------------------------------------   i No vignettes to convert.      -- Update HTML -----------------------------------------------------------------   v HTML updated.      -- Complete --------------------------------------------------------------------   v Documentation updated.   v Setting active project to "<no active project>".   v Setting active project to     "/private/var/folders/2b/t0kwbtmn3p7brv2mvx39c9cr0000gn/T/Rtmp1n2Uhr/testpkg174b456516e62".   i Creating `altdoc/` directory.   i Creating `docs/` directory.   i Adding ^docs$ to .Rbuildignore   i Adding ^altdoc$ to .Rbuildignore   i Adding altdoc/freeze.rds to .gitignore   i Importing default settings file(s) to `altdoc/`   i README.md is mandatory. `altdoc` created a dummy README file in the package directory.   i Leaving 'README.md' unchanged.   [ ] Update 'README.md' to include installation instructions.      -- Basic files -----------------------------------------------------------------   v 'README' imported.      -- Man pages -------------------------------------------------------------------   i No man pages to convert.      -- Vignettes -------------------------------------------------------------------   i No vignettes to convert.      -- Update HTML -----------------------------------------------------------------   v HTML updated.      -- Complete --------------------------------------------------------------------   v Documentation updated.   v Setting active project to "<no active project>".   v Setting active project to     "/private/var/folders/2b/t0kwbtmn3p7brv2mvx39c9cr0000gn/T/Rtmp1n2Uhr/testpkg174b4796a2357".   i Creating `altdoc/` directory.   i Creating `docs/` directory.   i Adding ^docs$ to .Rbuildignore   i Adding ^altdoc$ to .Rbuildignore   i Adding altdoc/freeze.rds to .gitignore   i Importing default settings file(s) to `altdoc/`   i README.md is mandatory. `altdoc` created a dummy README file in the package directory.   v Setting active project to "<no active project>".   v Setting active project to     "/private/var/folders/2b/t0kwbtmn3p7brv2mvx39c9cr0000gn/T/Rtmp1n2Uhr/testpkg174b45bccb06e".   i Creating `altdoc/` directory.   i Creating `docs/` directory.   i Adding ^docs$ to .Rbuildignore   i Adding ^altdoc$ to .Rbuildignore   i Adding altdoc/freeze.rds to .gitignore   i Importing default settings file(s) to `altdoc/`   i README.md is mandatory. `altdoc` created a dummy README file in the package directory.   v Setting active project to "<no active project>".   v Setting active project to     "/private/var/folders/2b/t0kwbtmn3p7brv2mvx39c9cr0000gn/T/Rtmp1n2Uhr/testpkg174b445bc4dd0".   i Creating `altdoc/` directory.   i Creating `docs/` directory.   i Adding ^docs$ to .Rbuildignore   i Adding ^altdoc$ to .Rbuildignore   i Adding altdoc/freeze.rds to .gitignore   i Importing default settings file(s) to `altdoc/`   i README.md is mandatory. `altdoc` created a dummy README file in the package directory.   v Setting active project to "<no active project>".   v Setting active project to     "/private/var/folders/2b/t0kwbtmn3p7brv2mvx39c9cr0000gn/T/Rtmp1n2Uhr/testpkg174b479f8d0fc".   v Setting active project to "<no active project>".   v Setting active project to     "/private/var/folders/2b/t0kwbtmn3p7brv2mvx39c9cr0000gn/T/Rtmp1n2Uhr/testpkg174b4469eeb71".   i Creating `altdoc/` directory.   i Creating `docs/` directory.   i Adding ^docs$ to .Rbuildignore   i Adding ^altdoc$ to .Rbuildignore   i Adding altdoc/freeze.rds to .gitignore   i Importing default settings file(s) to `altdoc/`   i README.md is mandatory. `altdoc` created a dummy README file in the package directory.      -- Basic files -----------------------------------------------------------------   v 'README' imported.      -- Man pages -------------------------------------------------------------------   i No man pages to convert.      -- Vignettes -------------------------------------------------------------------   i Found 1 vignette to convert.   \ Converting vignette 1/1: foo.Rmd   x Converting vignette 1/1: foo.Rmd [66ms]      v Setting active project to "<no active project>".   v Setting active project to     "/private/var/folders/2b/t0kwbtmn3p7brv2mvx39c9cr0000gn/T/Rtmp1n2Uhr/testpkg174b469fab722".   i Creating `altdoc/` directory.   i Creating `docs/` directory.   i Adding ^docs$ to .Rbuildignore   i Adding ^altdoc$ to .Rbuildignore   i Adding altdoc/freeze.rds to .gitignore   i Importing default settings file(s) to `altdoc/`   i README.md is mandatory. `altdoc` created a dummy README file in the package directory.      -- Basic files -----------------------------------------------------------------   v 'README' imported.      -- Man pages -------------------------------------------------------------------   i Found 1 man page to convert.   \ Converting function reference 1/1: foo   x Converting function reference 1/1: foo [88ms]      v Setting active project to "<no active project>".   v Setting active project to     "/private/var/folders/2b/t0kwbtmn3p7brv2mvx39c9cr0000gn/T/Rtmp1n2Uhr/testpkg174b431299bba".   i Creating `altdoc/` directory.   i Creating `docs/` directory.   i Adding ^docs$ to .Rbuildignore   i Adding ^altdoc$ to .Rbuildignore   i Adding altdoc/freeze.rds to .gitignore   i Adding altdoc/pkgdown.yml file.   i Importing default settings file(s) to `altdoc/`   i README.md is mandatory. `altdoc` created a dummy README file in the package directory.      -- Basic files -----------------------------------------------------------------   v 'README' imported.      -- Man pages -------------------------------------------------------------------   i No man pages to convert.      -- Vignettes -------------------------------------------------------------------   i No vignettes to convert.      -- Update HTML -----------------------------------------------------------------   v HTML updated.      -- Complete --------------------------------------------------------------------   v Documentation updated.   v Setting active project to "<no active project>".   v Setting active project to     "/private/var/folders/2b/t0kwbtmn3p7brv2mvx39c9cr0000gn/T/Rtmp1n2Uhr/testpkg174b4570e6caf".   i Creating `altdoc/` directory.   i Creating `docs/` directory.   i Adding ^docs$ to .Rbuildignore   i Adding ^altdoc$ to .Rbuildignore   i Adding altdoc/freeze.rds to .gitignore   i Importing default settings file(s) to `altdoc/`   i README.md is mandatory. `altdoc` created a dummy README file in the package directory.      -- Basic files -----------------------------------------------------------------   v 'README' imported.      -- Man pages -------------------------------------------------------------------   i No man pages to convert.      -- Vignettes -------------------------------------------------------------------   i No vignettes to convert.      -- Update HTML -----------------------------------------------------------------   v HTML updated.      -- Complete --------------------------------------------------------------------   v Documentation updated.   v Setting active project to "<no active project>".   v Setting active project to     "/private/var/folders/2b/t0kwbtmn3p7brv2mvx39c9cr0000gn/T/Rtmp1n2Uhr/testproj174b433846316".   v Setting active project to "<no active project>".   v Setting active project to     "/private/var/folders/2b/t0kwbtmn3p7brv2mvx39c9cr0000gn/T/Rtmp1n2Uhr/testpkg174b436b76259".   i Creating `altdoc/` directory.   i Creating `docs/` directory.   i Adding ^docs$ to .Rbuildignore   i Adding ^altdoc$ to .Rbuildignore   i Adding altdoc/freeze.rds to .gitignore   i Importing default settings file(s) to `altdoc/`   i README.md is mandatory. `altdoc` created a dummy README file in the package directory.   v Setting active project to "<no active project>".   v Setting active project to     "/private/var/folders/2b/t0kwbtmn3p7brv2mvx39c9cr0000gn/T/Rtmp1n2Uhr/testpkg174b4679851ed".   v Setting active project to "<no active project>".   v Setting active project to     "/private/var/folders/2b/t0kwbtmn3p7brv2mvx39c9cr0000gn/T/Rtmp1n2Uhr/testpkg174b41277395e".   i Creating `altdoc/` directory.   i Creating `docs/` directory.   i Adding ^docs$ to .Rbuildignore   i Adding ^altdoc$ to .Rbuildignore   i Adding altdoc/freeze.rds to .gitignore   i Importing default settings file(s) to `altdoc/`   i README.md is mandatory. `altdoc` created a dummy README file in the package directory.   i Creating `docs/` directory.   i Importing default settings file(s) to `altdoc/`   v Setting active project to "<no active project>".   v Setting active project to     "/private/var/folders/2b/t0kwbtmn3p7brv2mvx39c9cr0000gn/T/Rtmp1n2Uhr/testpkg174b43402c647".   i Creating `altdoc/` directory.   i Creating `docs/` directory.   i Adding ^docs$ to .Rbuildignore   i Adding ^altdoc$ to .Rbuildignore   i Adding altdoc/freeze.rds to .gitignore   i Importing default settings file(s) to `altdoc/`   i README.md is mandatory. `altdoc` created a dummy README file in the package directory.   i Creating `docs/` directory.   i Importing default settings file(s) to `altdoc/`   v Setting active project to "<no active project>".   v Setting active project to     "/private/var/folders/2b/t0kwbtmn3p7brv2mvx39c9cr0000gn/T/Rtmp1n2Uhr/testpkg174b45c8c4406".   i Creating `altdoc/` directory.   i Creating `docs/` directory.   i Adding ^docs$ to .Rbuildignore   i Adding ^altdoc$ to .Rbuildignore   i Adding altdoc/freeze.rds to .gitignore   i Adding ^_quarto$ to .Rbuildignore   i Adding _quarto/* to .gitignore   i Adding !_quarto/_freeze/ to .gitignore   i Importing default settings file(s) to `altdoc/`   i README.md is mandatory. `altdoc` created a dummy README file in the package directory.   v Setting active project to "<no active project>".   v Setting active project to     "/private/var/folders/2b/t0kwbtmn3p7brv2mvx39c9cr0000gn/T/Rtmp1n2Uhr/testpkg174b45dadfc0a".   i Creating `altdoc/` directory.   i Creating `docs/` directory.   i Adding ^docs$ to .Rbuildignore   i Adding ^altdoc$ to .Rbuildignore   i Adding altdoc/freeze.rds to .gitignore   i Importing default settings file(s) to `altdoc/`   i README.md is mandatory. `altdoc` created a dummy README file in the package directory.   v Setting active project to "<no active project>".   v Setting active project to     "/private/var/folders/2b/t0kwbtmn3p7brv2mvx39c9cr0000gn/T/Rtmp1n2Uhr/testpkg174b439346d97".   i Creating `altdoc/` directory.   i Creating `docs/` directory.   i Adding ^docs$ to .Rbuildignore   i Adding ^altdoc$ to .Rbuildignore   i Adding altdoc/freeze.rds to .gitignore   i Importing default settings file(s) to `altdoc/`   i README.md is mandatory. `altdoc` created a dummy README file in the package directory.   v '.github/workflows/altdoc.yaml' created.   v Added `altdoc` in Suggests.   v Setting active project to "<no active project>".   v Setting active project to     "/private/var/folders/2b/t0kwbtmn3p7brv2mvx39c9cr0000gn/T/Rtmp1n2Uhr/testpkg174b47d635a52".   i Creating `altdoc/` directory.   i Creating `docs/` directory.   i Adding ^docs$ to .Rbuildignore   i Adding ^altdoc$ to .Rbuildignore   i Adding altdoc/freeze.rds to .gitignore   i Importing default settings file(s) to `altdoc/`   i README.md is mandatory. `altdoc` created a dummy README file in the package directory.   i Leaving 'README.md' unchanged.   [ ] Update 'README.md' to include installation instructions.      -- Basic files -----------------------------------------------------------------   v 'README' imported.      -- Man pages -------------------------------------------------------------------   i No man pages to convert.      -- Vignettes -------------------------------------------------------------------   i No vignettes to convert.      -- Update HTML -----------------------------------------------------------------   v HTML updated.      -- Complete --------------------------------------------------------------------   v Documentation updated.   v Setting active project to "<no active project>".   v Setting active project to     "/private/var/folders/2b/t0kwbtmn3p7brv2mvx39c9cr0000gn/T/Rtmp1n2Uhr/testpkg174b42b98ab0f".   i Creating `altdoc/` directory.   i Creating `docs/` directory.   i Adding ^docs$ to .Rbuildignore   i Adding ^altdoc$ to .Rbuildignore   i Adding altdoc/freeze.rds to .gitignore   i Importing default settings file(s) to `altdoc/`   i README.md is mandatory. `altdoc` created a dummy README file in the package directory.   i Leaving 'README.md' unchanged.   [ ] Update 'README.md' to include installation instructions.      -- Basic files -----------------------------------------------------------------   v 'README' imported.      -- Man pages -------------------------------------------------------------------   i No man pages to convert.      -- Vignettes -------------------------------------------------------------------   i No vignettes to convert.      -- Update HTML -----------------------------------------------------------------   v HTML updated.      -- Complete --------------------------------------------------------------------   v Documentation updated.   v Setting active project to "<no active project>".   v Setting active project to     "/private/var/folders/2b/t0kwbtmn3p7brv2mvx39c9cr0000gn/T/Rtmp1n2Uhr/testpkg174b47736ecc8".   v Writing 'NEWS.md'.   i Creating `altdoc/` directory.   i Creating `docs/` directory.   i Adding ^docs$ to .Rbuildignore   i Adding ^altdoc$ to .Rbuildignore   i Adding altdoc/freeze.rds to .gitignore   i Importing default settings file(s) to `altdoc/`   i README.md is mandatory. `altdoc` created a dummy README file in the package directory.      -- Basic files -----------------------------------------------------------------   v 'NEWS' imported.   v 'README' imported.      -- Man pages -------------------------------------------------------------------   i No man pages to convert.      -- Vignettes -------------------------------------------------------------------   i No vignettes to convert.      -- Update HTML -----------------------------------------------------------------   v HTML updated.      -- Complete --------------------------------------------------------------------   v Documentation updated.      -- Basic files -----------------------------------------------------------------   v 'NEWS' imported.   v 'README' imported.      -- Man pages -------------------------------------------------------------------   i No man pages to convert.      -- Vignettes -------------------------------------------------------------------   i No vignettes to convert.      -- Update HTML -----------------------------------------------------------------   v HTML updated.      -- Complete --------------------------------------------------------------------   v Documentation updated.   v Setting active project to "<no active project>".   v Setting active project to     "/private/var/folders/2b/t0kwbtmn3p7brv2mvx39c9cr0000gn/T/Rtmp1n2Uhr/testpkg174b4341b68f4".   v Writing 'NEWS.md'.   i Creating `altdoc/` directory.   i Creating `docs/` directory.   i Adding ^docs$ to .Rbuildignore   i Adding ^altdoc$ to .Rbuildignore   i Adding altdoc/freeze.rds to .gitignore   i Importing default settings file(s) to `altdoc/`   i README.md is mandatory. `altdoc` created a dummy README file in the package directory.      -- Basic files -----------------------------------------------------------------   v 'NEWS' imported.   v 'README' imported.      -- Man pages -------------------------------------------------------------------   i No man pages to convert.      -- Vignettes -------------------------------------------------------------------   i No vignettes to convert.      -- Update HTML -----------------------------------------------------------------   v HTML updated.      -- Complete --------------------------------------------------------------------   v Documentation updated.      -- Basic files -----------------------------------------------------------------   v 'NEWS' imported.   v 'README' imported.      -- Man pages -------------------------------------------------------------------   i No man pages to convert.      -- Vignettes -------------------------------------------------------------------   i No vignettes to convert.      -- Update HTML -----------------------------------------------------------------   v HTML updated.      -- Complete --------------------------------------------------------------------   v Documentation updated.   v Setting active project to "<no active project>".   v Setting active project to     "/private/var/folders/2b/t0kwbtmn3p7brv2mvx39c9cr0000gn/T/Rtmp1n2Uhr/testpkg174b438ae1e2".   v Writing 'CODE_OF_CONDUCT.md'.   v Adding "^CODE_OF_CONDUCT\\.md$" to '.Rbuildignore'.   [ ] You may also want to describe the code of conduct in your README:     ## Code of Conduct          Please note that the testpkg174b438ae1e2 project is released with a [Contributor Code of Conduct](https://contributor-covenant.org/version/2/1/CODE_OF_CONDUCT.html). By contributing to this project, you agree to abide by its terms.   i Creating `altdoc/` directory.   i Creating `docs/` directory.   i Adding ^docs$ to .Rbuildignore   i Adding ^altdoc$ to .Rbuildignore   i Adding altdoc/freeze.rds to .gitignore   i Importing default settings file(s) to `altdoc/`   i README.md is mandatory. `altdoc` created a dummy README file in the package directory.      -- Basic files -----------------------------------------------------------------   v 'CODE_OF_CONDUCT' imported.   v 'README' imported.      -- Man pages -------------------------------------------------------------------   i No man pages to convert.      -- Vignettes -------------------------------------------------------------------   i No vignettes to convert.      -- Update HTML -----------------------------------------------------------------   v HTML updated.      -- Complete --------------------------------------------------------------------   v Documentation updated.      -- Basic files -----------------------------------------------------------------   v 'CODE_OF_CONDUCT' imported.   v 'README' imported.      -- Man pages -------------------------------------------------------------------   i No man pages to convert.      -- Vignettes -------------------------------------------------------------------   i No vignettes to convert.      -- Update HTML -----------------------------------------------------------------   v HTML updated.      -- Complete --------------------------------------------------------------------   v Documentation updated.   v Setting active project to "<no active project>".   v Setting active project to     "/private/var/folders/2b/t0kwbtmn3p7brv2mvx39c9cr0000gn/T/Rtmp1n2Uhr/testpkg174b43d5c18c0".   v Writing 'CODE_OF_CONDUCT.md'.   v Adding "^CODE_OF_CONDUCT\\.md$" to '.Rbuildignore'.   [ ] You may also want to describe the code of conduct in your README:     ## Code of Conduct          Please note that the testpkg174b43d5c18c0 project is released with a [Contributor Code of Conduct](https://contributor-covenant.org/version/2/1/CODE_OF_CONDUCT.html). By contributing to this project, you agree to abide by its terms.   i Creating `altdoc/` directory.   i Creating `docs/` directory.   i Adding ^docs$ to .Rbuildignore   i Adding ^altdoc$ to .Rbuildignore   i Adding altdoc/freeze.rds to .gitignore   i Importing default settings file(s) to `altdoc/`   i README.md is mandatory. `altdoc` created a dummy README file in the package directory.      -- Basic files -----------------------------------------------------------------   v 'CODE_OF_CONDUCT' imported.   v 'README' imported.      -- Man pages -------------------------------------------------------------------   i No man pages to convert.      -- Vignettes -------------------------------------------------------------------   i No vignettes to convert.      -- Update HTML -----------------------------------------------------------------   v HTML updated.      -- Complete --------------------------------------------------------------------   v Documentation updated.      -- Basic files -----------------------------------------------------------------   v 'CODE_OF_CONDUCT' imported.   v 'README' imported.      -- Man pages -------------------------------------------------------------------   i No man pages to convert.      -- Vignettes -------------------------------------------------------------------   i No vignettes to convert.      -- Update HTML -----------------------------------------------------------------   v HTML updated.      -- Complete --------------------------------------------------------------------   v Documentation updated.   v Setting active project to "<no active project>".   v Setting active project to     "/private/var/folders/2b/t0kwbtmn3p7brv2mvx39c9cr0000gn/T/Rtmp1n2Uhr/testpkg174b41568c874".   v Adding "MIT + file LICENSE" to 'License'.   v Writing 'LICENSE'.   v Writing 'LICENSE.md'.   v Adding "^LICENSE\\.md$" to '.Rbuildignore'.   i Creating `altdoc/` directory.   i Creating `docs/` directory.   i Adding ^docs$ to .Rbuildignore   i Adding ^altdoc$ to .Rbuildignore   i Adding altdoc/freeze.rds to .gitignore   i Importing default settings file(s) to `altdoc/`   i README.md is mandatory. `altdoc` created a dummy README file in the package directory.      -- Basic files -----------------------------------------------------------------   v 'LICENSE' imported.   v 'README' imported.      -- Man pages -------------------------------------------------------------------   i No man pages to convert.      -- Vignettes -------------------------------------------------------------------   i No vignettes to convert.      -- Update HTML -----------------------------------------------------------------   v HTML updated.      -- Complete --------------------------------------------------------------------   v Documentation updated.      -- Basic files -----------------------------------------------------------------   v 'LICENSE' imported.   v 'README' imported.      -- Man pages -------------------------------------------------------------------   i No man pages to convert.      -- Vignettes -------------------------------------------------------------------   i No vignettes to convert.      -- Update HTML -----------------------------------------------------------------   v HTML updated.      -- Complete --------------------------------------------------------------------   v Documentation updated.   v Setting active project to "<no active project>".   v Setting active project to     "/private/var/folders/2b/t0kwbtmn3p7brv2mvx39c9cr0000gn/T/Rtmp1n2Uhr/testpkg174b436148d79".   v Adding "MIT + file LICENSE" to 'License'.   v Writing 'LICENSE'.   v Writing 'LICENSE.md'.   v Adding "^LICENSE\\.md$" to '.Rbuildignore'.   i Creating `altdoc/` directory.   i Creating `docs/` directory.   i Adding ^docs$ to .Rbuildignore   i Adding ^altdoc$ to .Rbuildignore   i Adding altdoc/freeze.rds to .gitignore   i Importing default settings file(s) to `altdoc/`   i README.md is mandatory. `altdoc` created a dummy README file in the package directory.      -- Basic files -----------------------------------------------------------------   v 'LICENSE' imported.   v 'README' imported.      -- Man pages -------------------------------------------------------------------   i No man pages to convert.      -- Vignettes -------------------------------------------------------------------   i No vignettes to convert.      -- Update HTML -----------------------------------------------------------------   v HTML updated.      -- Complete --------------------------------------------------------------------   v Documentation updated.      -- Basic files -----------------------------------------------------------------   v 'LICENSE' imported.   v 'README' imported.      -- Man pages -------------------------------------------------------------------   i No man pages to convert.      -- Vignettes -------------------------------------------------------------------   i No vignettes to convert.      -- Update HTML -----------------------------------------------------------------   v HTML updated.      -- Complete --------------------------------------------------------------------   v Documentation updated.   v Setting active project to "<no active project>".   v Setting active project to     "/private/var/folders/2b/t0kwbtmn3p7brv2mvx39c9cr0000gn/T/Rtmp1n2Uhr/testpkg174b41aae6b86".   i Creating `altdoc/` directory.   i Creating `docs/` directory.   i Adding ^docs$ to .Rbuildignore   i Adding ^altdoc$ to .Rbuildignore   i Adding altdoc/freeze.rds to .gitignore   i Importing default settings file(s) to `altdoc/`   i README.md is mandatory. `altdoc` created a dummy README file in the package directory.      -- Basic files -----------------------------------------------------------------   v 'README' imported.      -- Man pages -------------------------------------------------------------------   i No man pages to convert.      -- Vignettes -------------------------------------------------------------------   i Found 1 vignette to convert.   \ Converting vignette 1/1: basic.Rmd   x Converting vignette 1/1: basic.Rmd [71ms]      v Setting active project to "<no active project>".   v Setting active project to     "/private/var/folders/2b/t0kwbtmn3p7brv2mvx39c9cr0000gn/T/Rtmp1n2Uhr/testpkg174b45fd15353".   i Creating `altdoc/` directory.   i Creating `docs/` directory.   i Adding ^docs$ to .Rbuildignore   i Adding ^altdoc$ to .Rbuildignore   i Adding altdoc/freeze.rds to .gitignore   i Importing default settings file(s) to `altdoc/`   i README.md is mandatory. `altdoc` created a dummy README file in the package directory.      -- Basic files -----------------------------------------------------------------   v 'README' imported.      -- Man pages -------------------------------------------------------------------   i No man pages to convert.      -- Vignettes -------------------------------------------------------------------   i Found 1 vignette to convert.   \ Converting vignette 1/1: basic.Rmd   x Converting vignette 1/1: basic.Rmd [65ms]      v Setting active project to "<no active project>".   v Setting active project to     "/private/var/folders/2b/t0kwbtmn3p7brv2mvx39c9cr0000gn/T/Rtmp1n2Uhr/testpkg174b419e9af50".   v Setting active project to "<no active project>".   v Setting active project to     "/private/var/folders/2b/t0kwbtmn3p7brv2mvx39c9cr0000gn/T/Rtmp1n2Uhr/testpkg174b4da79fab".   v Setting active project to "<no active project>".   v Setting active project to     "/private/var/folders/2b/t0kwbtmn3p7brv2mvx39c9cr0000gn/T/Rtmp1n2Uhr/testpkg174b41b42e9be".   v Setting active project to "<no active project>".   v Setting active project to     "/private/var/folders/2b/t0kwbtmn3p7brv2mvx39c9cr0000gn/T/Rtmp1n2Uhr/testpkg174b4694c064a".   v Setting active project to "<no active project>".   v Setting active project to     "/private/var/folders/2b/t0kwbtmn3p7brv2mvx39c9cr0000gn/T/Rtmp1n2Uhr/testpkg174b42bcaa70d".   v Setting active project to "<no active project>".   v Setting active project to     "/private/var/folders/2b/t0kwbtmn3p7brv2mvx39c9cr0000gn/T/Rtmp1n2Uhr/testpkg174b468aeef08".   v Setting active project to "<no active project>".   [ FAIL 8 | WARN 0 | SKIP 8 | PASS 55 ]      ══ Skipped tests (8) ═══════════════════════════════════════════════════════════   • .venv_exists() is not TRUE (2): 'test-setup_docs.R:49:5',     'test-setup_github_actions.R:23:3'   • On CRAN (5): 'test-render_docs.R:2:3', 'test-render_docs.R:35:3',     'test-render_docs.R:69:3', 'test-render_docs.R:110:3',     'test-render_docs.R:143:3'   • tool == "mkdocs" && !.venv_exists() is TRUE (1): 'test-parallel.R:3:5'      ══ Failed tests ════════════════════════════════════════════════════════════════   ── Error ('test-import_man.R:11:3'): rendering fails ───────────────────────────   Error in `cat(out[[2]])`: argument 1 (type 'list') cannot be handled by 'cat'   Backtrace:       ▆    1. ├─testthat::expect_equal(...) at test-import_man.R:11:3    2. │ └─testthat::quasi_label(enquo(object), label, arg = "object")    3. │ └─rlang::eval_bare(expr, quo_get_env(quo))    4. └─altdoc:::.render_one_man(...)    5. └─altdoc:::.qmd2md(...)    6. └─base::cat(out[[2]])   ── Error ('test-import_man.R:47:3'): rendering skipped because unchanged and freeze = TRUE ──   Error in `cat(out[[2]])`: argument 1 (type 'list') cannot be handled by 'cat'   Backtrace:       ▆    1. └─altdoc:::.render_one_man(...) at test-import_man.R:47:3    2. └─altdoc:::.qmd2md(...)    3. └─base::cat(out[[2]])   ── Error ('test-qmd2md.R:11:3'): use template preamble if no preamble in file ──   Error in `cat(out[[2]])`: argument 1 (type 'list') cannot be handled by 'cat'   Backtrace:       ▆    1. └─altdoc:::.qmd2md(vignette_qmd, "vignettes", preamble = preamble) at test-qmd2md.R:11:3    2. └─base::cat(out[[2]])   ── Error ('test-qmd2md.R:28:3'): do not use template preamble if preamble in file ──   Error in `cat(out[[2]])`: argument 1 (type 'list') cannot be handled by 'cat'   Backtrace:       ▆    1. └─altdoc:::.qmd2md(vignette_qmd, "vignettes", preamble = preamble) at test-qmd2md.R:28:3    2. └─base::cat(out[[2]])   ── Error ('test-render_docs.R:175:3'): render_docs errors if vignettes fail ────   Error in `cat(out[[2]])`: argument 1 (type 'list') cannot be handled by 'cat'   Backtrace:        ▆     1. ├─testthat::expect_error(render_docs(path = getwd()), "some failures when rendering vignettes") at test-render_docs.R:175:3     2. │ └─testthat:::expect_condition_matching(...)     3. │ └─testthat:::quasi_capture(...)     4. │ ├─testthat (local) .capture(...)     5. │ │ └─base::withCallingHandlers(...)     6. │ └─rlang::eval_bare(quo_get_expr(.quo), quo_get_env(.quo))     7. └─altdoc::render_docs(path = getwd())     8. └─altdoc:::.import_vignettes(...)     9. └─base::vapply(...)    10. └─altdoc (local) FUN(X[[i]], ...)    11. └─altdoc:::.render_one_vignette(...)    12. └─altdoc:::.qmd2md(origin, tar_dir, verbose = verbose, preamble = pre)    13. └─base::cat(out[[2]])   ── Error ('test-render_docs.R:186:3'): render_docs errors if man fail ──────────   Error in `cat(out[[2]])`: argument 1 (type 'list') cannot be handled by 'cat'   Backtrace:        ▆     1. ├─testthat::expect_error(render_docs(path = getwd()), "some failures when rendering man pages") at test-render_docs.R:186:3     2. │ └─testthat:::expect_condition_matching(...)     3. │ └─testthat:::quasi_capture(...)     4. │ ├─testthat (local) .capture(...)     5. │ │ └─base::withCallingHandlers(...)     6. │ └─rlang::eval_bare(quo_get_expr(.quo), quo_get_env(.quo))     7. └─altdoc::render_docs(path = getwd())     8. └─altdoc:::.import_man(...)     9. └─base::vapply(...)    10. └─altdoc (local) FUN(X[[i]], ...)    11. └─altdoc:::.render_one_man(...)    12. └─altdoc:::.qmd2md(...)    13. └─base::cat(out[[2]])   ── Error ('test-update.R:111:5'): render_docs also transform new/modified vignettes if specified: docute ──   Error in `cat(out[[2]])`: argument 1 (type 'list') cannot be handled by 'cat'   Backtrace:       ▆    1. └─altdoc::render_docs(path = getwd()) at test-update.R:111:5    2. └─altdoc:::.import_vignettes(...)    3. └─base::vapply(...)    4. └─altdoc (local) FUN(X[[i]], ...)    5. └─altdoc:::.render_one_vignette(...)    6. └─altdoc:::.qmd2md(origin, tar_dir, verbose = verbose, preamble = pre)    7. └─base::cat(out[[2]])   ── Error ('test-update.R:111:5'): render_docs also transform new/modified vignettes if specified: docsify ──   Error in `cat(out[[2]])`: argument 1 (type 'list') cannot be handled by 'cat'   Backtrace:       ▆    1. └─altdoc::render_docs(path = getwd()) at test-update.R:111:5    2. └─altdoc:::.import_vignettes(...)    3. └─base::vapply(...)    4. └─altdoc (local) FUN(X[[i]], ...)    5. └─altdoc:::.render_one_vignette(...)    6. └─altdoc:::.qmd2md(origin, tar_dir, verbose = verbose, preamble = pre)    7. └─base::cat(out[[2]])      [ FAIL 8 | WARN 0 | SKIP 8 | PASS 55 ]   Error: Test failures   Execution halted
  • checking for unstated dependencies in vignettes ... OK
  • checking package vignettes ... OK
  • checking re-building of vignette outputs ... [10s/14s] OK
  • checking PDF version of manual ... [6s/10s] OK
  • DONE Status: 1 ERROR
  • using check arguments '--no-clean-on-error '