• using R version 4.3.0 RC (2023-04-13 r84266)
  • using platform: x86_64-apple-darwin20 (64-bit)
  • R was compiled by
        Apple clang version 14.0.3 (clang-1403.0.22.14.1)
        GNU Fortran (GCC) 12.2.0
  • running under: macOS Ventura 13.3
  • using session charset: UTF-8
  • checking for file ‘RQuantLib/DESCRIPTION’ ... OK
  • this is package ‘RQuantLib’ version ‘0.4.17’
  • checking package namespace information ... OK
  • checking package dependencies ... OK
  • checking if this is a source package ... OK
  • checking if there is a namespace ... OK
  • checking for executable files ... OK
  • checking for hidden files and directories ... OK
  • checking for portable file names ... OK
  • checking for sufficient/correct file permissions ... OK
  • checking whether package ‘RQuantLib’ can be installed ... [318s/146s] WARNING
    Found the following significant warnings:
      /opt/R/x86_64/include/boost/math/tools/config.hpp:23:6: warning: "The minimum language standard to use Boost.Math will be C++14 starting in July 2023 (Boost 1.82 release)" [-W#warnings]
      # warning "The minimum language standard to use Boost.Math will be C++14 starting in July 2023 (Boost 1.82 release)"
      :23:6: warning: "The minimum language standard to use Boost.Math will be C++14 starting in July 2023 (Boost 1.82 release)" [-W#warnings]
    See https://www.r-project.org/nosvn/R.check/r-release-macos-x86_64/RQuantLib-00install.html for details.
  • used C++ compiler: ‘Apple clang version 14.0.3 (clang-1403.0.22.14.1)’
  • used SDK: ‘MacOSX11.3.sdk’
  • checking C++ specification ... NOTE
      Specified C++14: please drop specification unless essential
  • checking installed package size ... NOTE
      installed size is 99.0Mb
      sub-directories of 1Mb or more:
        libs 98.4Mb
  • checking package directory ... OK
  • checking DESCRIPTION meta-information ... OK
  • checking top-level files ... OK
  • checking for left-over files ... OK
  • checking index information ... OK
  • checking package subdirectories ... OK
  • checking R files for non-ASCII characters ... OK
  • checking R files for syntax errors ... OK
  • checking whether the package can be loaded ... [0s/1s] OK
  • checking whether the package can be loaded with stated dependencies ... [0s/1s] OK
  • checking whether the package can be unloaded cleanly ... [0s/1s] OK
  • checking whether the namespace can be loaded with stated dependencies ... [0s/1s] OK
  • checking whether the namespace can be unloaded cleanly ... [0s/1s] OK
  • checking loading without being on the library search path ... [0s/0s] OK
  • checking startup messages can be suppressed ... [0s/1s] OK
  • checking dependencies in R code ... OK
  • checking S3 generic/method consistency ... OK
  • checking replacement functions ... OK
  • checking foreign function calls ... OK
  • checking R code for possible problems ... [4s/5s] OK
  • checking Rd files ... [1s/1s] OK
  • checking Rd metadata ... OK
  • checking Rd cross-references ... OK
  • checking for missing documentation entries ... OK
  • checking for code/documentation mismatches ... OK
  • checking Rd \usage sections ... OK
  • checking Rd contents ... OK
  • checking for unstated dependencies in examples ... OK
  • checking contents of ‘data’ directory ... OK
  • checking data for non-ASCII characters ... [0s/0s] OK
  • checking data for ASCII and uncompressed saves ... OK
  • checking line endings in shell scripts ... OK
  • checking line endings in C/C++/Fortran sources/headers ... OK
  • checking line endings in Makefiles ... OK
  • checking compilation flags in Makevars ... OK
  • checking for GNU extensions in Makefiles ... OK
  • checking for portable use of $(BLAS_LIBS) and $(LAPACK_LIBS) ... OK
  • checking use of PKG_*FLAGS in Makefiles ... OK
  • checking compiled code ... WARNING
    File ‘RQuantLib/libs/RQuantLib.so’:
      Found ‘_sprintf’, possibly from ‘sprintf’ (C)
        Object: ‘utils.o’

    Compiled code should not call entry points which might terminate R nor
    write to stdout/stderr instead of to the console, nor use Fortran I/O
    nor system RNGs nor [v]sprintf.

    See ‘Writing portable packages’ in the ‘Writing R Extensions’ manual.
  • checking examples ... [2s/2s] OK
  • checking for unstated dependencies in ‘tests’ ... OK
  • checking tests ... [1s/28s] OK
      Running ‘RQuantlib.R’ [0s/1s]
      Running ‘tinytest.R’ [0s/27s]
  • checking PDF version of manual ... [7s/10s] OK
  • DONE
    Status: 2 WARNINGs, 2 NOTEs
  • using check arguments '--no-clean-on-error '