• using R version 4.2.0 (2022-04-22)
  • using platform: x86_64-apple-darwin17.0 (64-bit)
  • using session charset: UTF-8
  • checking for file ‘RInside/DESCRIPTION’ ... OK
  • this is package ‘RInside’ version ‘0.2.17’
  • checking package namespace information ... OK
  • checking package dependencies ... OK
  • checking if this is a source package ... OK
  • checking if there is a namespace ... OK
  • checking for executable files ... OK
  • checking for hidden files and directories ... OK
  • checking for portable file names ... OK
  • checking for sufficient/correct file permissions ... OK
  • checking whether package ‘RInside’ can be installed ... [15s/15s] WARNING
    Found the following significant warnings:
      WARNING: shared objects/dynamic libraries with hard-coded temporary installation paths
    See https://www.r-project.org/nosvn/R.check/r-release-macos-x86_64/RInside-00install.html for details.
  • checking installed package size ... OK
  • checking package directory ... OK
  • checking DESCRIPTION meta-information ... OK
  • checking top-level files ... OK
  • checking for left-over files ... OK
  • checking index information ... OK
  • checking package subdirectories ... OK
  • checking R files for non-ASCII characters ... OK
  • checking R files for syntax errors ... OK
  • checking whether the package can be loaded ... OK
  • checking whether the package can be loaded with stated dependencies ... OK
  • checking whether the package can be unloaded cleanly ... OK
  • checking whether the namespace can be loaded with stated dependencies ... OK
  • checking whether the namespace can be unloaded cleanly ... OK
  • checking loading without being on the library search path ... OK
  • checking dependencies in R code ... OK
  • checking S3 generic/method consistency ... OK
  • checking replacement functions ... OK
  • checking foreign function calls ... OK
  • checking R code for possible problems ... [2s/2s] OK
  • checking Rd files ... [0s/0s] OK
  • checking Rd metadata ... OK
  • checking Rd cross-references ... OK
  • checking for missing documentation entries ... OK
  • checking for code/documentation mismatches ... OK
  • checking Rd \usage sections ... OK
  • checking Rd contents ... OK
  • checking for unstated dependencies in examples ... OK
  • checking line endings in shell scripts ... OK
  • checking line endings in C/C++/Fortran sources/headers ... OK
  • checking line endings in Makefiles ... OK
  • checking compilation flags in Makevars ... OK
  • checking for GNU extensions in Makefiles ... OK
  • checking for portable use of $(BLAS_LIBS) and $(LAPACK_LIBS) ... OK
  • checking use of PKG_*FLAGS in Makefiles ... OK
  • checking include directives in Makefiles ... OK
  • checking compiled code ... NOTE
    File ‘RInside/libs/RInside.so’:
      Found ‘_srand’, possibly from ‘srand’ (C)
        Object: ‘RInside.o’
    File ‘RInside/libs/RInside.so’:
      Found non-API calls to R: ‘R_CStackLimit’, ‘R_CleanTempDir’,
        ‘R_DefParams’, ‘R_ReplDLLdo1’, ‘R_ReplDLLinit’,
        ‘R_RunExitFinalizers’, ‘R_SetParams’, ‘R_SignalHandlers’,
        ‘R_TempDir’, ‘Rf_endEmbeddedR’, ‘Rf_initEmbeddedR’

    Compiled code should not call entry points which might terminate R nor
    write to stdout/stderr instead of to the console, nor use Fortran I/O
    nor system RNGs.
    Compiled code should not call non-API entry points in R.

    See ‘Writing portable packages’ in the ‘Writing R Extensions’ manual.
  • checking examples ... NONE
  • checking PDF version of manual ... OK
  • DONE
    Status: 1 WARNING, 1 NOTE
  • using check arguments '--no-clean-on-error '