• using R version 4.3.0 RC (2023-04-13 r84266)
  • using platform: x86_64-apple-darwin20 (64-bit)
  • R was compiled by
        Apple clang version 14.0.3 (clang-1403.0.22.14.1)
        GNU Fortran (GCC) 12.2.0
  • running under: macOS Ventura 13.3
  • using session charset: UTF-8
  • checking for file ‘R2wd/DESCRIPTION’ ... OK
  • checking extension type ... Package
  • this is package ‘R2wd’ version ‘1.5’
    * this is a Windows-only package, skipping installation
  • checking if this is a source package ... OK
  • checking if there is a namespace ... OK
  • checking for executable files ... OK
  • checking for hidden files and directories ... OK
  • checking for portable file names ... OK
  • checking for sufficient/correct file permissions ... OK
  • checking package directory ... OK
  • checking DESCRIPTION meta-information ... OK
  • checking top-level files ... OK
  • checking for left-over files ... OK
  • checking index information ... OK
  • checking package subdirectories ... OK
  • checking R files for non-ASCII characters ... OK
  • checking R files for syntax errors ... OK
  • checking dependencies in R code ... NOTE
    'library' or 'require' calls in package code:
      ‘RDCOMClient’ ‘rcom’
      Please use :: or requireNamespace() instead.
      See section 'Suggested packages' in the 'Writing R Extensions' manual.
  • checking S3 generic/method consistency ... OK
  • checking replacement functions ... OK
  • checking foreign function calls ... OK
  • checking R code for possible problems ... [1s/1s] OK
  • checking Rd files ... [0s/0s] OK
  • checking Rd metadata ... OK
  • checking Rd cross-references ... OK
  • checking for missing documentation entries ... OK
  • checking for code/documentation mismatches ... OK
  • checking Rd \usage sections ... OK
  • checking Rd contents ... OK
  • checking examples ... SKIPPED
  • checking PDF version of manual ... [1s/1s] WARNING
    LaTeX errors when creating PDF version.
    This typically indicates Rd problems.
  • checking PDF version of manual without index ... ERROR
    Re-running with no redirection of stdout/stderr.
  • DONE
    Status: 1 ERROR, 1 WARNING, 1 NOTE
  • using check arguments '--no-clean-on-error '