• using R version 4.5.1 (2025-06-13)
  • using platform: x86_64-apple-darwin20
  • R was compiled by     Apple clang version 14.0.0 (clang-1400.0.29.202)     GNU Fortran (GCC) 14.2.0
  • running under: macOS Ventura 13.3.1
  • using session charset: UTF-8
  • checking for file ‘MedxR/DESCRIPTION’ ... OK
  • checking extension type ... Package
  • this is package ‘MedxR’ version ‘0.1.0’
  • package encoding: UTF-8
  • checking package namespace information ... OK
  • checking package dependencies ... OK
  • checking if this is a source package ... OK
  • checking if there is a namespace ... OK
  • checking for executable files ... OK
  • checking for hidden files and directories ... OK
  • checking for portable file names ... OK
  • checking for sufficient/correct file permissions ... OK
  • checking whether package ‘MedxR’ can be installed ... [4s/5s] OK See the install log for details.
  • checking installed package size ... OK
  • checking package directory ... OK
  • checking ‘build’ directory ... OK
  • checking DESCRIPTION meta-information ... OK
  • checking top-level files ... OK
  • checking for left-over files ... OK
  • checking index information ... OK
  • checking package subdirectories ... OK
  • checking code files for non-ASCII characters ... OK
  • checking R files for syntax errors ... OK
  • checking whether the package can be loaded ... [1s/1s] OK
  • checking whether the package can be loaded with stated dependencies ... [1s/1s] OK
  • checking whether the package can be unloaded cleanly ... [1s/1s] OK
  • checking whether the namespace can be loaded with stated dependencies ... [1s/1s] OK
  • checking whether the namespace can be unloaded cleanly ... [1s/1s] OK
  • checking loading without being on the library search path ... [1s/1s] OK
  • checking dependencies in R code ... OK
  • checking S3 generic/method consistency ... OK
  • checking replacement functions ... OK
  • checking foreign function calls ... OK
  • checking R code for possible problems ... [3s/4s] OK
  • checking Rd files ... [0s/0s] OK
  • checking Rd metadata ... OK
  • checking Rd cross-references ... OK
  • checking for missing documentation entries ... OK
  • checking for code/documentation mismatches ... OK
  • checking Rd \usage sections ... OK
  • checking Rd contents ... OK
  • checking for unstated dependencies in examples ... OK
  • checking contents of ‘data’ directory ... OK
  • checking data for non-ASCII characters ... [0s/0s] OK
  • checking LazyData ... OK
  • checking data for ASCII and uncompressed saves ... OK
  • checking installed files from ‘inst/doc’ ... OK
  • checking files in ‘vignettes’ ... OK
  • checking examples ... [1s/1s] OK
  • checking for unstated dependencies in ‘tests’ ... OK
  • checking tests ... [6s/9s] OK   Running ‘testthat.R’ [5s/8s]
  • checking for unstated dependencies in vignettes ... OK
  • checking package vignettes ... OK
  • checking re-building of vignette outputs ... [13s/25s] ERROR Error(s) in re-building vignettes: --- re-building ‘MedxR_vignette.Rmd’ using rmarkdown Quitting from MedxR_vignette.Rmd:108-114 [health-canada-din] ~~~~~~~~~~~~~~~~~~~~~~~~~~~~~~~~~~~~~~~~~~~~~~~~~~~~~~~~~~~~~~~~~~~~~~~~~~~~~~~~~~~~~~~~~~~~~~~~~~~~~~~~~~~~~~~~~~~~~~~~~~~~~~~~~~~~~~~~~~~~~~~~~~~~~~ <error/rlang_error> Error in `curl::curl_fetch_memory()`: ! SSL peer certificate or SSH remote key was not OK [health-products.canada.ca]: SSL certificate problem: unable to get local issuer certificate --- Backtrace:      ▆   1. ├─MedxR::get_hc_drug_by_din("00000213")   2. │ ├─MedxR (local) fetch_data(url)   3. │ │ ├─base::withVisible(eval(mc, parent.frame()))   4. │ │ └─base::eval(mc, parent.frame())   5. │ │ └─base::eval(mc, parent.frame())   6. │ └─MedxR (local) `<fn>`(url = url)   7. │ └─httr::GET(url)   8. │ └─httr:::request_perform(req, hu$handle$handle)   9. │ ├─httr:::request_fetch(req$output, req$url, handle)  10. │ └─httr:::request_fetch.write_memory(req$output, req$url, handle)  11. │ └─curl::curl_fetch_memory(url, handle = handle)  12. └─curl:::raise_libcurl_error(...) ~~~~~~~~~~~~~~~~~~~~~~~~~~~~~~~~~~~~~~~~~~~~~~~~~~~~~~~~~~~~~~~~~~~~~~~~~~~~~~~~~~~~~~~~~~~~~~~~~~~~~~~~~~~~~~~~~~~~~~~~~~~~~~~~~~~~~~~~~~~~~~~~~~~~~~ Error: processing vignette 'MedxR_vignette.Rmd' failed with diagnostics: SSL peer certificate or SSH remote key was not OK [health-products.canada.ca]: SSL certificate problem: unable to get local issuer certificate --- failed re-building ‘MedxR_vignette.Rmd’ SUMMARY: processing the following file failed:   ‘MedxR_vignette.Rmd’ Error: Vignette re-building failed. Execution halted
  • checking PDF version of manual ... [7s/15s] OK
  • DONE Status: 1 ERROR
  • using check arguments '--no-clean-on-error '