• using R version 4.5.0 (2025-04-11)
  • using platform: aarch64-apple-darwin20
  • R was compiled by     Apple clang version 14.0.0 (clang-1400.0.29.202)     GNU Fortran (GCC) 14.2.0
  • running under: macOS Ventura 13.4
  • using session charset: UTF-8
  • checking for file ‘tinytable/DESCRIPTION’ ... OK
  • checking extension type ... Package
  • this is package ‘tinytable’ version ‘0.14.0’
  • package encoding: UTF-8
  • checking package namespace information ... OK
  • checking package dependencies ... OK
  • checking if this is a source package ... OK
  • checking if there is a namespace ... OK
  • checking for executable files ... OK
  • checking for hidden files and directories ... OK
  • checking for portable file names ... OK
  • checking for sufficient/correct file permissions ... OK
  • checking whether package ‘tinytable’ can be installed ... [4s/6s] OK See the install log for details.
  • checking installed package size ... OK
  • checking package directory ... OK
  • checking DESCRIPTION meta-information ... OK
  • checking top-level files ... OK
  • checking for left-over files ... OK
  • checking index information ... OK
  • checking package subdirectories ... OK
  • checking code files for non-ASCII characters ... OK
  • checking R files for syntax errors ... OK
  • checking whether the package can be loaded ... [0s/0s] OK
  • checking whether the package can be loaded with stated dependencies ... [0s/0s] OK
  • checking whether the package can be unloaded cleanly ... [0s/0s] OK
  • checking whether the namespace can be loaded with stated dependencies ... [0s/0s] OK
  • checking whether the namespace can be unloaded cleanly ... [0s/0s] OK
  • checking loading without being on the library search path ... [0s/0s] OK
  • checking dependencies in R code ... OK
  • checking S3 generic/method consistency ... OK
  • checking replacement functions ... OK
  • checking foreign function calls ... OK
  • checking R code for possible problems ... [6s/7s] OK
  • checking Rd files ... [0s/0s] OK
  • checking Rd metadata ... OK
  • checking Rd cross-references ... OK
  • checking for missing documentation entries ... OK
  • checking for code/documentation mismatches ... OK
  • checking Rd \usage sections ... OK
  • checking Rd contents ... OK
  • checking for unstated dependencies in examples ... OK
  • checking R/sysdata.rda ... OK
  • checking examples ... [3s/4s] OK
  • checking for unstated dependencies in ‘tests’ ... OK
  • checking tests ... [44s/51s] ERROR   Running ‘tinytest.R’ [44s/50s] Running the tests in ‘tests/tinytest.R’ failed. Complete output:   > if (requireNamespace("tinytest", quietly = TRUE)) {   + tinytest::test_package("tinytable")   + }      test-ansi.R................... 0 tests   test-ansi.R................... 0 tests   test-ansi.R................... 0 tests   test-ansi.R................... 0 tests   test-ansi.R................... 0 tests   test-ansi.R................... 1 tests [0;32mOK [0m   test-ansi.R................... 1 tests [0;32mOK [0m   test-ansi.R................... 2 tests [0;32mOK [0m   test-ansi.R................... 2 tests [0;32mOK [0m   test-ansi.R................... 2 tests [0;32mOK [0m   test-ansi.R................... 3 tests [0;32mOK [0m   test-ansi.R................... 3 tests [0;32mOK [0m   test-ansi.R................... 4 tests [0;32mOK [0m   test-ansi.R................... 4 tests [0;32mOK [0m   test-ansi.R................... 5 tests [0;32mOK [0m   test-ansi.R................... 5 tests [0;32mOK [0m   test-ansi.R................... 6 tests [0;32mOK [0m   test-ansi.R................... 6 tests [0;32mOK [0m [0;34m1.1s [0m [Exited at #50: broken]      test-assert.R................. 0 tests   test-assert.R................. 0 tests   test-assert.R................. 1 tests [0;32mOK [0m   test-assert.R................. 2 tests [0;32mOK [0m [0;36m17ms [0m      test-bugfix.R................. 0 tests   test-bugfix.R................. 0 tests   test-bugfix.R................. 0 tests   test-bugfix.R................. 0 tests   test-bugfix.R................. 0 tests   test-bugfix.R................. 0 tests   test-bugfix.R................. 0 tests   test-bugfix.R................. 1 tests [0;32mOK [0m   test-bugfix.R................. 1 tests [0;32mOK [0m   test-bugfix.R................. 1 tests [0;32mOK [0m   test-bugfix.R................. 1 tests [0;32mOK [0m   test-bugfix.R................. 2 tests [0;32mOK [0m [0;34m0.1s [0m      test-dataframe.R.............. 0 tests   test-dataframe.R.............. 0 tests   test-dataframe.R.............. 0 tests   test-dataframe.R.............. 0 tests   test-dataframe.R.............. 0 tests   test-dataframe.R.............. 1 tests [0;32mOK [0m   test-dataframe.R.............. 2 tests [0;32mOK [0m   test-dataframe.R.............. 3 tests [0;32mOK [0m   test-dataframe.R.............. 3 tests [0;32mOK [0m   test-dataframe.R.............. 3 tests [0;32mOK [0m   test-dataframe.R.............. 4 tests [0;32mOK [0m   test-dataframe.R.............. 4 tests [0;32mOK [0m   test-dataframe.R.............. 4 tests [0;32mOK [0m   test-dataframe.R.............. 5 tests [0;32mOK [0m [0;34m0.3s [0m      test-docx.R................... 0 tests   test-docx.R................... 0 tests   test-docx.R................... 0 tests   test-docx.R................... 0 tests   test-docx.R................... 0 tests   test-docx.R................... 1 tests [0;32mOK [0m   test-docx.R................... 1 tests [0;32mOK [0m   test-docx.R................... 2 tests [0;32mOK [0m   test-docx.R................... 2 tests [0;32mOK [0m   test-docx.R................... 3 tests [0;32mOK [0m   test-docx.R................... 3 tests [0;32mOK [0m   test-docx.R................... 4 tests [0;32mOK [0m   test-docx.R................... 4 tests [0;32mOK [0m [0;34m0.5s [0m      test-escape.R................. 0 tests   test-escape.R................. 0 tests   test-escape.R................. 0 tests   test-escape.R................. 0 tests   test-escape.R................. 0 tests   test-escape.R................. 0 tests   test-escape.R................. 1 tests [0;32mOK [0m   test-escape.R................. 1 tests [0;32mOK [0m   test-escape.R................. 1 tests [0;32mOK [0m   test-escape.R................. 2 tests [0;32mOK [0m   test-escape.R................. 2 tests [0;32mOK [0m   test-escape.R................. 2 tests [0;32mOK [0m   test-escape.R................. 3 tests [0;32mOK [0m   test-escape.R................. 4 tests [0;32mOK [0m   test-escape.R................. 5 tests [0;32mOK [0m   test-escape.R................. 5 tests [0;32mOK [0m   test-escape.R................. 5 tests [0;32mOK [0m   test-escape.R................. 5 tests [0;32mOK [0m   test-escape.R................. 6 tests [0;32mOK [0m   test-escape.R................. 7 tests [0;32mOK [0m   test-escape.R................. 8 tests [0;32mOK [0m   test-escape.R................. 8 tests [0;32mOK [0m   test-escape.R................. 8 tests [0;32mOK [0m   test-escape.R................. 9 tests [0;32mOK [0m   test-escape.R................. 10 tests [0;32mOK [0m   test-escape.R................. 10 tests [0;32mOK [0m   test-escape.R................. 10 tests [0;32mOK [0m   test-escape.R................. 11 tests [0;32mOK [0m   test-escape.R................. 12 tests [0;32mOK [0m   test-escape.R................. 13 tests [0;32mOK [0m   test-escape.R................. 13 tests [0;32mOK [0m   test-escape.R................. 13 tests [0;32mOK [0m   test-escape.R................. 14 tests [0;32mOK [0m   test-escape.R................. 15 tests [0;32mOK [0m   test-escape.R................. 16 tests [0;32mOK [0m [0;34m2.6s [0m      test-escape_i.R............... 0 tests   test-escape_i.R............... 0 tests   test-escape_i.R............... 0 tests   test-escape_i.R............... 0 tests   test-escape_i.R............... 0 tests   test-escape_i.R............... 0 tests   test-escape_i.R............... 1 tests [0;32mOK [0m   test-escape_i.R............... 1 tests [0;32mOK [0m   test-escape_i.R............... 2 tests [0;32mOK [0m   test-escape_i.R............... 2 tests [0;32mOK [0m   test-escape_i.R............... 3 tests [0;32mOK [0m   test-escape_i.R............... 3 tests [0;32mOK [0m   test-escape_i.R............... 4 tests [0;32mOK [0m   test-escape_i.R............... 4 tests [0;32mOK [0m   test-escape_i.R............... 5 tests [0;32mOK [0m   test-escape_i.R............... 5 tests [0;32mOK [0m   test-escape_i.R............... 6 tests [0;32mOK [0m   test-escape_i.R............... 6 tests [0;32mOK [0m   test-escape_i.R............... 7 tests [0;32mOK [0m   test-escape_i.R............... 7 tests [0;32mOK [0m   test-escape_i.R............... 8 tests [0;32mOK [0m   test-escape_i.R............... 8 tests [0;32mOK [0m   test-escape_i.R............... 9 tests [0;32mOK [0m [0;34m1.0s [0m      test-format.R................. 0 tests   test-format.R................. 0 tests   test-format.R................. 0 tests   test-format.R................. 0 tests   test-format.R................. 0 tests   test-format.R................. 0 tests   test-format.R................. 1 tests [0;32mOK [0m   test-format.R................. 1 tests [0;32mOK [0m   test-format.R................. 1 tests [0;32mOK [0m   test-format.R................. 2 tests [0;32mOK [0m   test-format.R................. 2 tests [0;32mOK [0m   test-format.R................. 2 tests [0;32mOK [0m   test-format.R................. 2 tests [0;32mOK [0m   test-format.R................. 3 tests [0;32mOK [0m   test-format.R................. 3 tests [0;32mOK [0m   test-format.R................. 3 tests [0;32mOK [0m   test-format.R................. 3 tests [0;32mOK [0m   test-format.R................. 4 tests [0;32mOK [0m   test-format.R................. 4 tests [0;32mOK [0m   test-format.R................. 5 tests [0;32mOK [0m   test-format.R................. 6 tests [0;32mOK [0m   test-format.R................. 6 tests [0;32mOK [0m   test-format.R................. 6 tests [0;32mOK [0m   test-format.R................. 7 tests [0;32mOK [0m   test-format.R................. 7 tests [0;32mOK [0m   test-format.R................. 7 tests [0;32mOK [0m   test-format.R................. 8 tests [0;32mOK [0m   test-format.R................. 8 tests [0;32mOK [0m   test-format.R................. 9 tests [0;32mOK [0m   test-format.R................. 9 tests [0;32mOK [0m   test-format.R................. 9 tests [0;32mOK [0m   test-format.R................. 9 tests [0;32mOK [0m   test-format.R................. 10 tests [0;32mOK [0m   test-format.R................. 10 tests [0;32mOK [0m   test-format.R................. 11 tests [0;32mOK [0m   test-format.R................. 11 tests [0;32mOK [0m   test-format.R................. 12 tests [0;32mOK [0m   test-format.R................. 12 tests [0;32mOK [0m   test-format.R................. 12 tests [0;32mOK [0m   test-format.R................. 12 tests [0;32mOK [0m   test-format.R................. 13 tests [0;32mOK [0m   test-format.R................. 13 tests [0;32mOK [0m   test-format.R................. 13 tests [0;32mOK [0m   test-format.R................. 13 tests [0;32mOK [0m   test-format.R................. 14 tests [0;32mOK [0m   test-format.R................. 14 tests [0;32mOK [0m   test-format.R................. 15 tests [0;32mOK [0m   test-format.R................. 15 tests [0;32mOK [0m   test-format.R................. 15 tests [0;32mOK [0m   test-format.R................. 15 tests [0;32mOK [0m   test-format.R................. 16 tests [0;32mOK [0m   test-format.R................. 16 tests [0;32mOK [0m   test-format.R................. 16 tests [0;32mOK [0m   test-format.R................. 17 tests [0;32mOK [0m   test-format.R................. 17 tests [0;32mOK [0m   test-format.R................. 17 tests [0;32mOK [0m   test-format.R................. 18 tests [0;32mOK [0m   test-format.R................. 18 tests [0;32mOK [0m   test-format.R................. 18 tests [0;32mOK [0m   test-format.R................. 18 tests [0;32mOK [0m   test-format.R................. 18 tests [0;32mOK [0m   test-format.R................. 18 tests [0;32mOK [0m   test-format.R................. 19 tests [0;32mOK [0m   test-format.R................. 19 tests [0;32mOK [0m   test-format.R................. 19 tests [0;32mOK [0m   test-format.R................. 20 tests [0;32mOK [0m   test-format.R................. 21 tests [0;32mOK [0m   test-format.R................. 22 tests [0;32mOK [0m   test-format.R................. 23 tests [0;32mOK [0m   test-format.R................. 24 tests [0;32mOK [0m   test-format.R................. 24 tests [0;32mOK [0m   test-format.R................. 24 tests [0;32mOK [0m   test-format.R................. 24 tests [0;32mOK [0m   test-format.R................. 24 tests [0;32mOK [0m   test-format.R................. 24 tests [0;32mOK [0m   test-format.R................. 25 tests [0;32mOK [0m   test-format.R................. 26 tests [0;32mOK [0m   test-format.R................. 27 tests [0;32mOK [0m   test-format.R................. 27 tests [0;32mOK [0m   test-format.R................. 27 tests [0;32mOK [0m   test-format.R................. 28 tests [0;32mOK [0m   test-format.R................. 28 tests [0;32mOK [0m   test-format.R................. 28 tests [0;32mOK [0m   test-format.R................. 28 tests [0;32mOK [0m   test-format.R................. 29 tests [0;32mOK [0m   test-format.R................. 29 tests [0;32mOK [0m   test-format.R................. 30 tests [0;32mOK [0m   test-format.R................. 31 tests [0;32mOK [0m   test-format.R................. 31 tests [0;32mOK [0m   test-format.R................. 31 tests [0;32mOK [0m   test-format.R................. 31 tests [0;32mOK [0m   test-format.R................. 32 tests [0;32mOK [0m   test-format.R................. 33 tests [0;32mOK [0m   test-format.R................. 33 tests [0;32mOK [0m   test-format.R................. 34 tests [0;32mOK [0m   test-format.R................. 35 tests [0;32mOK [0m   test-format.R................. 35 tests [0;32mOK [0m   test-format.R................. 36 tests [0;32mOK [0m   test-format.R................. 37 tests [0;32mOK [0m   test-format.R................. 37 tests [0;32mOK [0m   test-format.R................. 38 tests [0;32mOK [0m   test-format.R................. 39 tests [0;32mOK [0m   test-format.R................. 39 tests [0;32mOK [0m   test-format.R................. 40 tests [0;32mOK [0m   test-format.R................. 41 tests [0;32mOK [0m   test-format.R................. 41 tests [0;32mOK [0m   test-format.R................. 42 tests [0;32mOK [0m   test-format.R................. 43 tests [0;32mOK [0m   test-format.R................. 44 tests [0;32mOK [0m   test-format.R................. 45 tests [0;32mOK [0m   test-format.R................. 45 tests [0;32mOK [0m   test-format.R................. 46 tests [0;32mOK [0m   test-format.R................. 47 tests [0;32mOK [0m   test-format.R................. 48 tests [0;32mOK [0m   test-format.R................. 49 tests [0;32mOK [0m   test-format.R................. 49 tests [0;32mOK [0m   test-format.R................. 49 tests [0;32mOK [0m   test-format.R................. 49 tests [0;32mOK [0m   test-format.R................. 49 tests [0;32mOK [0m   test-format.R................. 50 tests [0;32mOK [0m   test-format.R................. 50 tests [0;32mOK [0m   test-format.R................. 50 tests [0;32mOK [0m   test-format.R................. 50 tests [0;32mOK [0m   test-format.R................. 51 tests [0;32mOK [0m   test-format.R................. 51 tests [0;32mOK [0m   test-format.R................. 51 tests [0;32mOK [0m   test-format.R................. 52 tests [0;32mOK [0m   test-format.R................. 52 tests [0;32mOK [0m   test-format.R................. 52 tests [0;32mOK [0m   test-format.R................. 52 tests [0;32mOK [0m   test-format.R................. 53 tests [0;32mOK [0m   test-format.R................. 54 tests [0;32mOK [0m   test-format.R................. 55 tests [0;32mOK [0m   test-format.R................. 55 tests [0;32mOK [0m   test-format.R................. 55 tests [0;32mOK [0m   test-format.R................. 56 tests [0;32mOK [0m   test-format.R................. 56 tests [0;32mOK [0m   test-format.R................. 57 tests [0;32mOK [0m   test-format.R................. 57 tests [0;32mOK [0m   test-format.R................. 58 tests [0;32mOK [0m   test-format.R................. 58 tests [0;32mOK [0m   test-format.R................. 58 tests [0;32mOK [0m   test-format.R................. 58 tests [0;32mOK [0m   test-format.R................. 59 tests [0;32mOK [0m   test-format.R................. 59 tests [0;32mOK [0m   test-format.R................. 59 tests [0;32mOK [0m   test-format.R................. 59 tests [0;32mOK [0m   test-format.R................. 59 tests [0;32mOK [0m   test-format.R................. 60 tests [0;32mOK [0m   test-format.R................. 61 tests [0;32mOK [0m [0;34m3.5s [0m      test-format_vector.R.......... 0 tests   test-format_vector.R.......... 0 tests   test-format_vector.R.......... 0 tests   test-format_vector.R.......... 1 tests [0;32mOK [0m   test-format_vector.R.......... 1 tests [0;32mOK [0m   test-format_vector.R.......... 2 tests [0;32mOK [0m   test-format_vector.R.......... 2 tests [0;32mOK [0m   test-format_vector.R.......... 3 tests [0;32mOK [0m   test-format_vector.R.......... 3 tests [0;32mOK [0m   test-format_vector.R.......... 3 tests [0;32mOK [0m   test-format_vector.R.......... 3 tests [0;32mOK [0m   test-format_vector.R.......... 4 tests [0;32mOK [0m   test-format_vector.R.......... 4 tests [0;32mOK [0m   test-format_vector.R.......... 4 tests [0;32mOK [0m   test-format_vector.R.......... 5 tests [0;32mOK [0m [0;34m0.1s [0m      test-group.R.................. 0 tests   test-group.R.................. 0 tests   test-group.R.................. 0 tests   test-group.R.................. 0 tests   test-group.R.................. 0 tests   test-group.R.................. 0 tests   test-group.R.................. 1 tests [0;32mOK [0m   test-group.R.................. 4 tests [0;31m1 fails [0m   test-group.R.................. 4 tests [0;31m1 fails [0m   test-group.R.................. 5 tests [0;31m1 fails [0m   test-group.R.................. 5 tests [0;31m1 fails [0m   test-group.R.................. 5 tests [0;31m1 fails [0m   test-group.R.................. 6 tests [0;31m1 fails [0m   test-group.R.................. 7 tests [0;31m1 fails [0m   test-group.R.................. 8 tests [0;31m1 fails [0m   test-group.R.................. 9 tests [0;31m1 fails [0m   test-group.R.................. 9 tests [0;31m1 fails [0m   test-group.R.................. 9 tests [0;31m1 fails [0m   test-group.R.................. 10 tests [0;31m1 fails [0m   test-group.R.................. 11 tests [0;31m1 fails [0m   test-group.R.................. 12 tests [0;31m1 fails [0m   test-group.R.................. 13 tests [0;31m1 fails [0m   test-group.R.................. 13 tests [0;31m1 fails [0m   test-group.R.................. 13 tests [0;31m1 fails [0m   test-group.R.................. 14 tests [0;31m1 fails [0m   test-group.R.................. 14 tests [0;31m1 fails [0m   test-group.R.................. 14 tests [0;31m1 fails [0m   test-group.R.................. 14 tests [0;31m1 fails [0m   test-group.R.................. 14 tests [0;31m1 fails [0m   test-group.R.................. 15 tests [0;31m1 fails [0m   test-group.R.................. 16 tests [0;31m1 fails [0m   test-group.R.................. 16 tests [0;31m1 fails [0m   test-group.R.................. 16 tests [0;31m1 fails [0m   test-group.R.................. 17 tests [0;31m1 fails [0m   test-group.R.................. 17 tests [0;31m1 fails [0m   test-group.R.................. 17 tests [0;31m1 fails [0m   test-group.R.................. 18 tests [0;31m1 fails [0m   test-group.R.................. 18 tests [0;31m1 fails [0m   test-group.R.................. 18 tests [0;31m1 fails [0m   test-group.R.................. 19 tests [0;31m1 fails [0m   test-group.R.................. 19 tests [0;31m1 fails [0m   test-group.R.................. 19 tests [0;31m1 fails [0m   test-group.R.................. 20 tests [0;31m1 fails [0m   test-group.R.................. 20 tests [0;31m1 fails [0m   test-group.R.................. 21 tests [0;31m1 fails [0m   test-group.R.................. 21 tests [0;31m1 fails [0m   test-group.R.................. 21 tests [0;31m1 fails [0m   test-group.R.................. 21 tests [0;31m1 fails [0m   test-group.R.................. 21 tests [0;31m1 fails [0m   test-group.R.................. 22 tests [0;31m1 fails [0m   test-group.R.................. 22 tests [0;31m1 fails [0m   test-group.R.................. 22 tests [0;31m1 fails [0m   test-group.R.................. 22 tests [0;31m1 fails [0m   test-group.R.................. 23 tests [0;31m1 fails [0m   test-group.R.................. 24 tests [0;31m1 fails [0m   test-group.R.................. 24 tests [0;31m1 fails [0m   test-group.R.................. 24 tests [0;31m1 fails [0m   test-group.R.................. 25 tests [0;31m1 fails [0m   test-group.R.................. 26 tests [0;31m1 fails [0m   test-group.R.................. 26 tests [0;31m1 fails [0m   test-group.R.................. 26 tests [0;31m1 fails [0m   test-group.R.................. 27 tests [0;31m1 fails [0m   test-group.R.................. 27 tests [0;31m1 fails [0m   test-group.R.................. 27 tests [0;31m1 fails [0m   test-group.R.................. 27 tests [0;31m1 fails [0m   test-group.R.................. 28 tests [0;31m1 fails [0m   test-group.R.................. 29 tests [0;31m1 fails [0m   test-group.R.................. 30 tests [0;31m1 fails [0m   test-group.R.................. 31 tests [0;31m1 fails [0m   test-group.R.................. 31 tests [0;31m1 fails [0m   test-group.R.................. 31 tests [0;31m1 fails [0m   test-group.R.................. 32 tests [0;31m1 fails [0m   test-group.R.................. 33 tests [0;31m1 fails [0m   test-group.R.................. 34 tests [0;31m1 fails [0m   test-group.R.................. 35 tests [0;31m1 fails [0m   test-group.R.................. 35 tests [0;31m1 fails [0m   test-group.R.................. 35 tests [0;31m1 fails [0m   test-group.R.................. 36 tests [0;31m1 fails [0m   test-group.R.................. 37 tests [0;31m1 fails [0m   test-group.R.................. 38 tests [0;31m1 fails [0m   test-group.R.................. 39 tests [0;31m1 fails [0m   test-group.R.................. 39 tests [0;31m1 fails [0m   test-group.R.................. 39 tests [0;31m1 fails [0m   test-group.R.................. 40 tests [0;31m1 fails [0m   test-group.R.................. 41 tests [0;31m1 fails [0m   test-group.R.................. 42 tests [0;31m1 fails [0m   test-group.R.................. 43 tests [0;31m1 fails [0m   test-group.R.................. 43 tests [0;31m1 fails [0m   test-group.R.................. 43 tests [0;31m1 fails [0m   test-group.R.................. 43 tests [0;31m1 fails [0m   test-group.R.................. 44 tests [0;31m1 fails [0m   test-group.R.................. 44 tests [0;31m1 fails [0m   test-group.R.................. 44 tests [0;31m1 fails [0m   test-group.R.................. 45 tests [0;31m1 fails [0m   test-group.R.................. 45 tests [0;31m1 fails [0m   test-group.R.................. 45 tests [0;31m1 fails [0m   test-group.R.................. 46 tests [0;31m1 fails [0m   test-group.R.................. 47 tests [0;31m1 fails [0m   test-group.R.................. 48 tests [0;31m1 fails [0m   test-group.R.................. 49 tests [0;31m1 fails [0m [0;34m12.1s [0m      test-group_matrix.R........... 0 tests   test-group_matrix.R........... 0 tests   test-group_matrix.R........... 0 tests   test-group_matrix.R........... 0 tests   test-group_matrix.R........... 0 tests   test-group_matrix.R........... 1 tests [0;32mOK [0m   test-group_matrix.R........... 2 tests [0;32mOK [0m   test-group_matrix.R........... 3 tests [0;32mOK [0m   test-group_matrix.R........... 4 tests [0;32mOK [0m   test-group_matrix.R........... 4 tests [0;32mOK [0m   test-group_matrix.R........... 4 tests [0;32mOK [0m   test-group_matrix.R........... 4 tests [0;32mOK [0m   test-group_matrix.R........... 5 tests [0;32mOK [0m   test-group_matrix.R........... 6 tests [0;32mOK [0m   test-group_matrix.R........... 7 tests [0;32mOK [0m   test-group_matrix.R........... 8 tests [0;32mOK [0m   test-group_matrix.R........... 9 tests [0;32mOK [0m   test-group_matrix.R........... 9 tests [0;32mOK [0m   test-group_matrix.R........... 9 tests [0;32mOK [0m   test-group_matrix.R........... 9 tests [0;32mOK [0m   test-group_matrix.R........... 10 tests [0;32mOK [0m   test-group_matrix.R........... 11 tests [0;32mOK [0m   test-group_matrix.R........... 12 tests [0;32mOK [0m   test-group_matrix.R........... 13 tests [0;32mOK [0m   test-group_matrix.R........... 13 tests [0;32mOK [0m   test-group_matrix.R........... 13 tests [0;32mOK [0m   test-group_matrix.R........... 13 tests [0;32mOK [0m   test-group_matrix.R........... 14 tests [0;32mOK [0m   test-group_matrix.R........... 15 tests [0;32mOK [0m   test-group_matrix.R........... 16 tests [0;32mOK [0m   test-group_matrix.R........... 17 tests [0;32mOK [0m [0;34m2.5s [0m      test-html.R................... 0 tests   test-html.R................... 0 tests   test-html.R................... 0 tests   test-html.R................... 0 tests   test-html.R................... 0 tests   test-html.R................... 1 tests [0;32mOK [0m   test-html.R................... 1 tests [0;32mOK [0m   test-html.R................... 2 tests [0;32mOK [0m   test-html.R................... 2 tests [0;32mOK [0m   test-html.R................... 2 tests [0;32mOK [0m   test-html.R................... 3 tests [0;32mOK [0m   test-html.R................... 3 tests [0;32mOK [0m   test-html.R................... 4 tests [0;32mOK [0m   test-html.R................... 4 tests [0;32mOK [0m   test-html.R................... 5 tests [0;32mOK [0m   test-html.R................... 5 tests [0;32mOK [0m   test-html.R................... 6 tests [0;32mOK [0m   test-html.R................... 6 tests [0;32mOK [0m   test-html.R................... 6 tests [0;32mOK [0m   test-html.R................... 6 tests [0;32mOK [0m   test-html.R................... 6 tests [0;32mOK [0m   test-html.R................... 6 tests [0;32mOK [0m   test-html.R................... 6 tests [0;32mOK [0m   test-html.R................... 7 tests [0;32mOK [0m   test-html.R................... 7 tests [0;32mOK [0m   test-html.R................... 8 tests [0;32mOK [0m   test-html.R................... 8 tests [0;32mOK [0m   test-html.R................... 9 tests [0;32mOK [0m   test-html.R................... 9 tests [0;32mOK [0m   test-html.R................... 10 tests [0;32mOK [0m   test-html.R................... 10 tests [0;32mOK [0m   test-html.R................... 10 tests [0;32mOK [0m   test-html.R................... 11 tests [0;32mOK [0m   test-html.R................... 11 tests [0;32mOK [0m   test-html.R................... 11 tests [0;32mOK [0m   test-html.R................... 12 tests [0;32mOK [0m   test-html.R................... 12 tests [0;32mOK [0m   test-html.R................... 12 tests [0;32mOK [0m   test-html.R................... 13 tests [0;32mOK [0m   test-html.R................... 13 tests [0;32mOK [0m   test-html.R................... 13 tests [0;32mOK [0m   test-html.R................... 13 tests [0;32mOK [0m   test-html.R................... 14 tests [0;32mOK [0m   test-html.R................... 14 tests [0;32mOK [0m   test-html.R................... 14 tests [0;32mOK [0m   test-html.R................... 15 tests [0;32mOK [0m   test-html.R................... 15 tests [0;32mOK [0m   test-html.R................... 15 tests [0;32mOK [0m   test-html.R................... 16 tests [0;32mOK [0m   test-html.R................... 16 tests [0;32mOK [0m   test-html.R................... 16 tests [0;32mOK [0m   test-html.R................... 17 tests [0;32mOK [0m   test-html.R................... 17 tests [0;32mOK [0m   test-html.R................... 17 tests [0;32mOK [0m   test-html.R................... 17 tests [0;32mOK [0m   test-html.R................... 18 tests [0;32mOK [0m   test-html.R................... 18 tests [0;32mOK [0m   test-html.R................... 18 tests [0;32mOK [0m   test-html.R................... 18 tests [0;32mOK [0m   test-html.R................... 19 tests [0;32mOK [0m   test-html.R................... 19 tests [0;32mOK [0m   test-html.R................... 19 tests [0;32mOK [0m   test-html.R................... 20 tests [0;32mOK [0m   test-html.R................... 20 tests [0;32mOK [0m   test-html.R................... 21 tests [0;32mOK [0m   test-html.R................... 22 tests [0;32mOK [0m   test-html.R................... 23 tests [0;32mOK [0m   test-html.R................... 23 tests [0;32mOK [0m   test-html.R................... 24 tests [0;32mOK [0m   test-html.R................... 24 tests [0;32mOK [0m   test-html.R................... 25 tests [0;32mOK [0m   test-html.R................... 25 tests [0;32mOK [0m   test-html.R................... 26 tests [0;32mOK [0m   test-html.R................... 26 tests [0;32mOK [0m [0;34m6.5s [0m      test-i_j.R.................... 0 tests   test-i_j.R.................... 0 tests   test-i_j.R.................... 0 tests   test-i_j.R.................... 0 tests   test-i_j.R.................... 0 tests   test-i_j.R.................... 1 tests [0;32mOK [0m   test-i_j.R.................... 1 tests [0;32mOK [0m   test-i_j.R.................... 2 tests [0;32mOK [0m   test-i_j.R.................... 2 tests [0;32mOK [0m   test-i_j.R.................... 3 tests [0;32mOK [0m   test-i_j.R.................... 3 tests [0;32mOK [0m   test-i_j.R.................... 4 tests [0;32mOK [0m   test-i_j.R.................... 4 tests [0;32mOK [0m   test-i_j.R.................... 4 tests [0;32mOK [0m   test-i_j.R.................... 5 tests [0;32mOK [0m   test-i_j.R.................... 6 tests [0;32mOK [0m   test-i_j.R.................... 6 tests [0;32mOK [0m [0;34m0.4s [0m      test-latex.R.................. 0 tests   test-latex.R.................. 0 tests   test-latex.R.................. 0 tests   test-latex.R.................. 0 tests   test-latex.R.................. 1 tests [0;32mOK [0m   test-latex.R.................. 1 tests [0;32mOK [0m   test-latex.R.................. 1 tests [0;32mOK [0m   test-latex.R.................. 2 tests [0;32mOK [0m   test-latex.R.................. 3 tests [0;32mOK [0m   test-latex.R.................. 4 tests [0;32mOK [0m   test-latex.R.................. 5 tests [0;32mOK [0m   test-latex.R.................. 6 tests [0;32mOK [0m   test-latex.R.................. 7 tests [0;32mOK [0m   test-latex.R.................. 8 tests [0;32mOK [0m   test-latex.R.................. 9 tests [0;32mOK [0m   test-latex.R.................. 9 tests [0;32mOK [0m   test-latex.R.................. 9 tests [0;32mOK [0m   test-latex.R.................. 10 tests [0;32mOK [0m   test-latex.R.................. 11 tests [0;32mOK [0m   test-latex.R.................. 11 tests [0;32mOK [0m   test-latex.R.................. 11 tests [0;32mOK [0m   test-latex.R.................. 12 tests [0;32mOK [0m   test-latex.R.................. 12 tests [0;32mOK [0m   test-latex.R.................. 12 tests [0;32mOK [0m   test-latex.R.................. 13 tests [0;32mOK [0m   test-latex.R.................. 13 tests [0;32mOK [0m   test-latex.R.................. 13 tests [0;32mOK [0m   test-latex.R.................. 14 tests [0;32mOK [0m   test-latex.R.................. 14 tests [0;32mOK [0m   test-latex.R.................. 15 tests [0;32mOK [0m   test-latex.R.................. 16 tests [0;32mOK [0m   test-latex.R.................. 16 tests [0;32mOK [0m   test-latex.R.................. 17 tests [0;32mOK [0m   test-latex.R.................. 18 tests [0;32mOK [0m   test-latex.R.................. 18 tests [0;32mOK [0m   test-latex.R.................. 19 tests [0;32mOK [0m   test-latex.R.................. 19 tests [0;32mOK [0m   test-latex.R.................. 19 tests [0;32mOK [0m   test-latex.R.................. 19 tests [0;32mOK [0m   test-latex.R.................. 20 tests [0;32mOK [0m   test-latex.R.................. 20 tests [0;32mOK [0m   test-latex.R.................. 21 tests [0;32mOK [0m   test-latex.R.................. 21 tests [0;32mOK [0m   test-latex.R.................. 22 tests [0;32mOK [0m   test-latex.R.................. 22 tests [0;32mOK [0m   test-latex.R.................. 22 tests [0;32mOK [0m   test-latex.R.................. 23 tests [0;32mOK [0m   test-latex.R.................. 23 tests [0;32mOK [0m   test-latex.R.................. 24 tests [0;32mOK [0m   test-latex.R.................. 25 tests [0;32mOK [0m   test-latex.R.................. 26 tests [0;32mOK [0m   test-latex.R.................. 26 tests [0;32mOK [0m   test-latex.R.................. 26 tests [0;32mOK [0m   test-latex.R.................. 27 tests [0;32mOK [0m   test-latex.R.................. 27 tests [0;32mOK [0m   test-latex.R.................. 28 tests [0;32mOK [0m   test-latex.R.................. 28 tests [0;32mOK [0m   test-latex.R.................. 28 tests [0;32mOK [0m   test-latex.R.................. 28 tests [0;32mOK [0m   test-latex.R.................. 28 tests [0;32mOK [0m   test-latex.R.................. 28 tests [0;32mOK [0m   test-latex.R.................. 29 tests [0;32mOK [0m   test-latex.R.................. 30 tests [0;32mOK [0m   test-latex.R.................. 30 tests [0;32mOK [0m   test-latex.R.................. 30 tests [0;32mOK [0m   test-latex.R.................. 31 tests [0;32mOK [0m   test-latex.R.................. 31 tests [0;32mOK [0m   test-latex.R.................. 31 tests [0;32mOK [0m   test-latex.R.................. 31 tests [0;32mOK [0m   test-latex.R.................. 31 tests [0;32mOK [0m   test-latex.R.................. 32 tests [0;32mOK [0m   test-latex.R.................. 32 tests [0;32mOK [0m   test-latex.R.................. 33 tests [0;32mOK [0m   test-latex.R.................. 33 tests [0;32mOK [0m   test-latex.R.................. 34 tests [0;32mOK [0m   test-latex.R.................. 34 tests [0;32mOK [0m   test-latex.R.................. 34 tests [0;32mOK [0m   test-latex.R.................. 35 tests [0;32mOK [0m   test-latex.R.................. 35 tests [0;32mOK [0m   test-latex.R.................. 35 tests [0;32mOK [0m   test-latex.R.................. 35 tests [0;32mOK [0m   test-latex.R.................. 36 tests [0;32mOK [0m   test-latex.R.................. 36 tests [0;32mOK [0m   test-latex.R.................. 36 tests [0;32mOK [0m   test-latex.R.................. 37 tests [0;32mOK [0m   test-latex.R.................. 38 tests [0;32mOK [0m   test-latex.R.................. 38 tests [0;32mOK [0m   test-latex.R.................. 38 tests [0;32mOK [0m   test-latex.R.................. 39 tests [0;32mOK [0m   test-latex.R.................. 40 tests [0;32mOK [0m   test-latex.R.................. 40 tests [0;32mOK [0m   test-latex.R.................. 41 tests [0;32mOK [0m   test-latex.R.................. 42 tests [0;32mOK [0m   test-latex.R.................. 42 tests [0;32mOK [0m [0;34m6.2s [0m      test-markdown.R............... 0 tests   test-markdown.R............... 0 tests   test-markdown.R............... 0 tests   test-markdown.R............... 0 tests   test-markdown.R............... 0 tests   test-markdown.R............... 0 tests   test-markdown.R............... 1 tests [0;32mOK [0m   test-markdown.R............... 1 tests [0;32mOK [0m   test-markdown.R............... 1 tests [0;32mOK [0m   test-markdown.R............... 1 tests [0;32mOK [0m   test-markdown.R............... 2 tests [0;32mOK [0m   test-markdown.R............... 2 tests [0;32mOK [0m   test-markdown.R............... 3 tests [0;32mOK [0m   test-markdown.R............... 3 tests [0;32mOK [0m   test-markdown.R............... 4 tests [0;32mOK [0m   test-markdown.R............... 4 tests [0;32mOK [0m   test-markdown.R............... 4 tests [0;32mOK [0m   test-markdown.R............... 4 tests [0;32mOK [0m   test-markdown.R............... 5 tests [0;32mOK [0m   test-markdown.R............... 5 tests [0;32mOK [0m   test-markdown.R............... 5 tests [0;32mOK [0m   test-markdown.R............... 6 tests [0;32mOK [0m   test-markdown.R............... 6 tests [0;32mOK [0m   test-markdown.R............... 6 tests [0;32mOK [0m   test-markdown.R............... 7 tests [0;32mOK [0m   test-markdown.R............... 7 tests [0;32mOK [0m   test-markdown.R............... 8 tests [0;32mOK [0m   test-markdown.R............... 8 tests [0;32mOK [0m   test-markdown.R............... 8 tests [0;32mOK [0m   test-markdown.R............... 8 tests [0;32mOK [0m   test-markdown.R............... 9 tests [0;32mOK [0m   test-markdown.R............... 9 tests [0;32mOK [0m   test-markdown.R............... 9 tests [0;32mOK [0m   test-markdown.R............... 9 tests [0;32mOK [0m   test-markdown.R............... 10 tests [0;32mOK [0m   test-markdown.R............... 10 tests [0;32mOK [0m [0;34m0.9s [0m [Exited at #79: Run on Vincent's machine]      test-methods.R................ 0 tests   test-methods.R................ 0 tests   test-methods.R................ 0 tests   test-methods.R................ 0 tests   test-methods.R................ 1 tests [0;32mOK [0m   test-methods.R................ 1 tests [0;32mOK [0m   test-methods.R................ 2 tests [0;32mOK [0m [0;34m0.1s [0m      test-misc.R................... 0 tests   test-misc.R................... 2 tests [0;32mOK [0m   test-misc.R................... 2 tests [0;32mOK [0m   test-misc.R................... 2 tests [0;32mOK [0m   test-misc.R................... 2 tests [0;32mOK [0m   test-misc.R................... 3 tests [0;32mOK [0m   test-misc.R................... 4 tests [0;32mOK [0m   test-misc.R................... 5 tests [0;32mOK [0m   test-misc.R................... 5 tests [0;32mOK [0m [0;34m0.3s [0m      test-modelsummary.R........... 0 tests   test-modelsummary.R........... 0 tests   test-modelsummary.R........... 0 tests   test-modelsummary.R........... 0 tests   test-modelsummary.R........... 0 tests   test-modelsummary.R........... 0 tests   test-modelsummary.R........... 0 tests   test-modelsummary.R........... 0 tests   test-modelsummary.R........... 0 tests   test-modelsummary.R........... 0 tests   test-modelsummary.R........... 0 tests   test-modelsummary.R........... 1 tests [0;32mOK [0m [0;34m2.6s [0m      test-notes.R.................. 0 tests   test-notes.R.................. 0 tests   test-notes.R.................. 0 tests   test-notes.R.................. 0 tests   test-notes.R.................. 0 tests   test-notes.R.................. 0 tests   test-notes.R.................. 1 tests [0;32mOK [0m   test-notes.R.................. 1 tests [0;32mOK [0m   test-notes.R.................. 1 tests [0;32mOK [0m   test-notes.R.................. 1 tests [0;32mOK [0m   test-notes.R.................. 2 tests [0;32mOK [0m [0;34m0.1s [0m      test-pdf.R.................... 0 tests   test-pdf.R.................... 0 tests [0;36m2ms [0m [Exited at #7: Run on Vincent's machine]      test-plot_tt.R................ 0 tests   test-plot_tt.R................ 1 tests [0;32mOK [0m [0;36m2ms [0m      test-print.R.................. 0 tests   test-print.R.................. 0 tests   test-print.R.................. 0 tests   test-print.R.................. 0 tests   test-print.R.................. 0 tests   test-print.R.................. 1 tests [0;32mOK [0m   test-print.R.................. 1 tests [0;32mOK [0m   test-print.R.................. 1 tests [0;32mOK [0m   test-print.R.................. 2 tests [0;32mOK [0m   test-print.R.................. 2 tests [0;32mOK [0m   test-print.R.................. 2 tests [0;32mOK [0m   test-print.R.................. 3 tests [0;32mOK [0m [0;34m0.2s [0m      test-rbind2.R................. 0 tests   test-rbind2.R................. 0 tests   test-rbind2.R................. 0 tests   test-rbind2.R................. 0 tests   test-rbind2.R................. 0 tests   test-rbind2.R................. 1 tests [0;32mOK [0m   test-rbind2.R................. 1 tests [0;32mOK [0m   test-rbind2.R................. 2 tests [0;32mOK [0m   test-rbind2.R................. 2 tests [0;32mOK [0m   test-rbind2.R................. 3 tests [0;32mOK [0m   test-rbind2.R................. 3 tests [0;32mOK [0m   test-rbind2.R................. 4 tests [0;32mOK [0m   test-rbind2.R................. 4 tests [0;32mOK [0m   test-rbind2.R................. 4 tests [0;32mOK [0m   test-rbind2.R................. 4 tests [0;32mOK [0m   test-rbind2.R................. 5 tests [0;32mOK [0m   test-rbind2.R................. 5 tests [0;32mOK [0m   test-rbind2.R................. 6 tests [0;32mOK [0m   test-rbind2.R................. 6 tests [0;32mOK [0m   test-rbind2.R................. 7 tests [0;32mOK [0m   test-rbind2.R................. 7 tests [0;32mOK [0m   test-rbind2.R................. 8 tests [0;32mOK [0m   test-rbind2.R................. 8 tests [0;32mOK [0m   test-rbind2.R................. 8 tests [0;32mOK [0m   test-rbind2.R................. 8 tests [0;32mOK [0m   test-rbind2.R................. 9 tests [0;32mOK [0m   test-rbind2.R................. 9 tests [0;32mOK [0m   test-rbind2.R................. 9 tests [0;32mOK [0m   test-rbind2.R................. 9 tests [0;32mOK [0m   test-rbind2.R................. 10 tests [0;32mOK [0m [0;34m0.7s [0m      test-s3.R..................... 0 tests   test-s3.R..................... 0 tests   test-s3.R..................... 0 tests   test-s3.R..................... 1 tests [0;32mOK [0m   test-s3.R..................... 2 tests [0;32mOK [0m   test-s3.R..................... 3 tests [0;32mOK [0m   test-s3.R..................... 3 tests [0;32mOK [0m   test-s3.R..................... 4 tests [0;32mOK [0m   test-s3.R..................... 5 tests [0;32mOK [0m   test-s3.R..................... 5 tests [0;32mOK [0m [0;34m0.2s [0m      test-style.R.................. 0 tests   test-style.R.................. 0 tests   test-style.R.................. 0 tests   test-style.R.................. 0 tests   test-style.R.................. 0 tests   test-style.R.................. 1 tests [0;32mOK [0m   test-style.R.................. 2 tests [0;32mOK [0m   test-style.R.................. 3 tests [0;32mOK [0m   test-style.R.................. 4 tests [0;32mOK [0m   test-style.R.................. 4 tests [0;32mOK [0m   test-style.R.................. 4 tests [0;32mOK [0m   test-style.R.................. 5 tests [0;32mOK [0m   test-style.R.................. 6 tests [0;32mOK [0m   test-style.R.................. 7 tests [0;32mOK [0m   test-style.R.................. 8 tests [0;32mOK [0m   test-style.R.................. 8 tests [0;32mOK [0m   test-style.R.................. 9 tests [0;32mOK [0m   test-style.R.................. 9 tests [0;32mOK [0m   test-style.R.................. 10 tests [0;32mOK [0m   test-style.R.................. 10 tests [0;32mOK [0m   test-style.R.................. 11 tests [0;32mOK [0m   test-style.R.................. 11 tests [0;32mOK [0m   test-style.R.................. 12 tests [0;32mOK [0m   test-style.R.................. 12 tests [0;32mOK [0m   test-style.R.................. 13 tests [0;32mOK [0m   test-style.R.................. 13 tests [0;32mOK [0m   test-style.R.................. 13 tests [0;32mOK [0m   test-style.R.................. 13 tests [0;32mOK [0m   test-style.R.................. 14 tests [0;32mOK [0m   test-style.R.................. 15 tests [0;32mOK [0m   test-style.R.................. 15 tests [0;32mOK [0m   test-style.R.................. 15 tests [0;32mOK [0m   test-style.R.................. 16 tests [0;32mOK [0m   test-style.R.................. 17 tests [0;32mOK [0m   test-style.R.................. 18 tests [0;32mOK [0m   test-style.R.................. 19 tests [0;32mOK [0m   test-style.R.................. 19 tests [0;32mOK [0m   test-style.R.................. 19 tests [0;32mOK [0m   test-style.R.................. 20 tests [0;32mOK [0m   test-style.R.................. 21 tests [0;32mOK [0m   test-style.R.................. 22 tests [0;32mOK [0m   test-style.R.................. 23 tests [0;32mOK [0m [0;34m3.5s [0m      test-style_vector.R........... 0 tests   test-style_vector.R........... 0 tests   test-style_vector.R........... 0 tests   test-style_vector.R........... 1 tests [0;32mOK [0m [0;36m3ms [0m      test-tabulator.R.............. 0 tests   test-tabulator.R.............. 0 tests   test-tabulator.R.............. 0 tests   test-tabulator.R.............. 0 tests   test-tabulator.R.............. 0 tests   test-tabulator.R.............. 0 tests   test-tabulator.R.............. 1 tests [0;32mOK [0m   test-tabulator.R.............. 2 tests [0;32mOK [0m   test-tabulator.R.............. 3 tests [0;32mOK [0m   test-tabulator.R.............. 3 tests [0;32mOK [0m   test-tabulator.R.............. 3 tests [0;32mOK [0m   test-tabulator.R.............. 3 tests [0;32mOK [0m   test-tabulator.R.............. 4 tests [0;32mOK [0m   test-tabulator.R.............. 5 tests [0;32mOK [0m   test-tabulator.R.............. 6 tests [0;32mOK [0m   test-tabulator.R.............. 6 tests [0;32mOK [0m   test-tabulator.R.............. 6 tests [0;32mOK [0m   test-tabulator.R.............. 7 tests [0;32mOK [0m   test-tabulator.R.............. 8 tests [0;32mOK [0m   test-tabulator.R.............. 9 tests [0;32mOK [0m   test-tabulator.R.............. 9 tests [0;32mOK [0m   test-tabulator.R.............. 9 tests [0;32mOK [0m   test-tabulator.R.............. 10 tests [0;32mOK [0m   test-tabulator.R.............. 11 tests [0;32mOK [0m   test-tabulator.R.............. 11 tests [0;32mOK [0m   test-tabulator.R.............. 11 tests [0;32mOK [0m   test-tabulator.R.............. 12 tests [0;32mOK [0m   test-tabulator.R.............. 13 tests [0;32mOK [0m   test-tabulator.R.............. 13 tests [0;32mOK [0m   test-tabulator.R.............. 13 tests [0;32mOK [0m   test-tabulator.R.............. 13 tests [0;32mOK [0m   test-tabulator.R.............. 14 tests [0;32mOK [0m   test-tabulator.R.............. 14 tests [0;32mOK [0m   test-tabulator.R.............. 14 tests [0;32mOK [0m   test-tabulator.R.............. 15 tests [0;32mOK [0m   test-tabulator.R.............. 15 tests [0;32mOK [0m   test-tabulator.R.............. 15 tests [0;32mOK [0m   test-tabulator.R.............. 15 tests [0;32mOK [0m   test-tabulator.R.............. 16 tests [0;32mOK [0m   test-tabulator.R.............. 17 tests [0;32mOK [0m   test-tabulator.R.............. 17 tests [0;32mOK [0m   test-tabulator.R.............. 17 tests [0;32mOK [0m   test-tabulator.R.............. 17 tests [0;32mOK [0m   test-tabulator.R.............. 17 tests [0;32mOK [0m   test-tabulator.R.............. 18 tests [0;32mOK [0m   test-tabulator.R.............. 19 tests [0;32mOK [0m   test-tabulator.R.............. 20 tests [0;32mOK [0m   test-tabulator.R.............. 20 tests [0;32mOK [0m   test-tabulator.R.............. 20 tests [0;32mOK [0m   test-tabulator.R.............. 20 tests [0;32mOK [0m   test-tabulator.R.............. 21 tests [0;32mOK [0m   test-tabulator.R.............. 22 tests [0;32mOK [0m   test-tabulator.R.............. 22 tests [0;32mOK [0m [0;34m0.1s [0m      test-theme.R.................. 0 tests   test-theme.R.................. 0 tests   test-theme.R.................. 0 tests   test-theme.R.................. 0 tests   test-theme.R.................. 0 tests   test-theme.R.................. 0 tests   test-theme.R.................. 1 tests [0;32mOK [0m   test-theme.R.................. 1 tests [0;32mOK [0m   test-theme.R.................. 1 tests [0;32mOK [0m   test-theme.R.................. 2 tests [0;32mOK [0m   test-theme.R.................. 2 tests [0;32mOK [0m   test-theme.R.................. 2 tests [0;32mOK [0m   test-theme.R.................. 3 tests [0;32mOK [0m   test-theme.R.................. 3 tests [0;32mOK [0m   test-theme.R.................. 3 tests [0;32mOK [0m   test-theme.R.................. 3 tests [0;32mOK [0m   test-theme.R.................. 4 tests [0;32mOK [0m   test-theme.R.................. 5 tests [0;32mOK [0m   test-theme.R.................. 5 tests [0;32mOK [0m   test-theme.R.................. 5 tests [0;32mOK [0m   test-theme.R.................. 5 tests [0;32mOK [0m   test-theme.R.................. 6 tests [0;32mOK [0m [0;34m1.0s [0m      test-tibble.R................. 0 tests   test-tibble.R................. 0 tests   test-tibble.R................. 0 tests   test-tibble.R................. 0 tests   test-tibble.R................. 0 tests [0;36m16ms [0m [Exited at #8: fail on github actions]      test-tt.R..................... 0 tests   test-tt.R..................... 0 tests   test-tt.R..................... 0 tests   test-tt.R..................... 1 tests [0;32mOK [0m   test-tt.R..................... 2 tests [0;32mOK [0m   test-tt.R..................... 2 tests [0;32mOK [0m   test-tt.R..................... 2 tests [0;32mOK [0m   test-tt.R..................... 3 tests [0;32mOK [0m   test-tt.R..................... 3 tests [0;32mOK [0m   test-tt.R..................... 3 tests [0;32mOK [0m   test-tt.R..................... 3 tests [0;32mOK [0m   test-tt.R..................... 3 tests [0;32mOK [0m   test-tt.R..................... 3 tests [0;32mOK [0m   test-tt.R..................... 4 tests [0;32mOK [0m [0;36m80ms [0m      test-typst.R.................. 0 tests   test-typst.R.................. 0 tests   test-typst.R.................. 0 tests   test-typst.R.................. 0 tests   test-typst.R.................. 1 tests [0;32mOK [0m   test-typst.R.................. 1 tests [0;32mOK [0m   test-typst.R.................. 2 tests [0;32mOK [0m   test-typst.R.................. 2 tests [0;32mOK [0m   test-typst.R.................. 2 tests [0;32mOK [0m   test-typst.R.................. 3 tests [0;32mOK [0m   test-typst.R.................. 3 tests [0;32mOK [0m   test-typst.R.................. 4 tests [0;32mOK [0m   test-typst.R.................. 4 tests [0;32mOK [0m   test-typst.R.................. 4 tests [0;32mOK [0m   test-typst.R.................. 5 tests [0;32mOK [0m   test-typst.R.................. 5 tests [0;32mOK [0m   test-typst.R.................. 5 tests [0;32mOK [0m   test-typst.R.................. 6 tests [0;32mOK [0m   test-typst.R.................. 6 tests [0;32mOK [0m   test-typst.R.................. 6 tests [0;32mOK [0m   test-typst.R.................. 7 tests [0;32mOK [0m   test-typst.R.................. 7 tests [0;32mOK [0m   test-typst.R.................. 7 tests [0;32mOK [0m   test-typst.R.................. 8 tests [0;32mOK [0m   test-typst.R.................. 8 tests [0;32mOK [0m   test-typst.R.................. 8 tests [0;32mOK [0m   test-typst.R.................. 9 tests [0;32mOK [0m   test-typst.R.................. 9 tests [0;32mOK [0m   test-typst.R.................. 10 tests [0;32mOK [0m   test-typst.R.................. 10 tests [0;32mOK [0m   test-typst.R.................. 10 tests [0;32mOK [0m   test-typst.R.................. 10 tests [0;32mOK [0m   test-typst.R.................. 11 tests [0;32mOK [0m   test-typst.R.................. 11 tests [0;32mOK [0m   test-typst.R.................. 11 tests [0;32mOK [0m   test-typst.R.................. 12 tests [0;32mOK [0m   test-typst.R.................. 12 tests [0;32mOK [0m   test-typst.R.................. 12 tests [0;32mOK [0m   test-typst.R.................. 13 tests [0;32mOK [0m   test-typst.R.................. 13 tests [0;32mOK [0m   test-typst.R.................. 13 tests [0;32mOK [0m   test-typst.R.................. 13 tests [0;32mOK [0m   test-typst.R.................. 14 tests [0;32mOK [0m   test-typst.R.................. 14 tests [0;32mOK [0m   test-typst.R.................. 14 tests [0;32mOK [0m   test-typst.R.................. 15 tests [0;32mOK [0m   test-typst.R.................. 15 tests [0;32mOK [0m   test-typst.R.................. 16 tests [0;32mOK [0m   test-typst.R.................. 16 tests [0;32mOK [0m   test-typst.R.................. 17 tests [0;32mOK [0m   test-typst.R.................. 17 tests [0;32mOK [0m   test-typst.R.................. 17 tests [0;32mOK [0m   test-typst.R.................. 18 tests [0;32mOK [0m   test-typst.R.................. 18 tests [0;32mOK [0m [0;34m3.4s [0m      test-width.R.................. 0 tests   test-width.R.................. 0 tests   test-width.R.................. 0 tests [0;36m2ms [0m   ----- FAILED[]: test-group.R<16--26>    call| expect_snapshot_print(t[["latex"]], "group-3level.tex")    diff| [33m< [39m [33mstructure("\\begin{table}\n\\cente.. [39m [34m> [39m [34mstructure("\\begin{table}\n\\cente.. [39m    diff| [36m@@ 17,8 @@ [39m [36m@@ 17,8 @@ [39m    diff| [90m [39mhline{1}={1-5}{solid, black, 0.1em}, [90m [39m [90m [39mhline{1}={1-5}{solid, black, 0.1em}, [90m [39m    diff| [90m [39mhline{8}={1-5}{solid, black, 0.1em}, [90m [39m [90m [39mhline{8}={1-5}{solid, black, 0.1em}, [90m [39m    diff| [90m~ [39m [34m> [39m [90m [39m [34mcell [39m [34m{1,3}{3}={}{halign=c}, [39m [90m [39m    diff| [90m [39mcell{1-2}{2}={}{halign=c}, [90m [39m [90m [39mcell{1-2}{2}={}{halign=c}, [90m [39m    diff| [90m [39mcell{1-2}{4}={}{halign=c}, [90m [39m [90m [39mcell{1-2}{4}={}{halign=c}, [90m [39m    diff| [90m [39mcell{1-3}{5}={}{halign=c}, [90m [39m [90m [39mcell{1-3}{5}={}{halign=c}, [90m [39m    diff| [33m< [39m [90m [39m [33mcell [39m [33m{1,3}{3}={}{halign=c}, [39m [90m [39m [90m~ [39m    diff| [90m [39mcell{1}{1}={c=3}{halign=c}, [90m [39m [90m [39mcell{1}{1}={c=3}{halign=c}, [90m [39m    diff| [90m [39mcell{2}{1}={c=2}{halign=c}, [90m [39m [90m [39mcell{2}{1}={c=2}{halign=c}, [90m [39m    info| Snapshot: _tinysnapshot/group-3level.tex   Error: 1 out of 363 tests failed   Execution halted
  • checking PDF version of manual ... [4s/5s] OK
  • DONE Status: 1 ERROR
  • using check arguments '--no-clean-on-error '