- using R version 4.2.0 (2022-04-22)
- using platform: aarch64-apple-darwin20 (64-bit)
- using session charset: UTF-8
- checking for file ‘spmodel/DESCRIPTION’ ... OK
- this is package ‘spmodel’ version ‘0.3.0’
- package encoding: UTF-8
- checking package namespace information ... OK
- checking package dependencies ... OK
- checking if this is a source package ... OK
- checking if there is a namespace ... OK
- checking for executable files ... OK
- checking for hidden files and directories ... OK
- checking for portable file names ... OK
- checking for sufficient/correct file permissions ... OK
- checking whether package ‘spmodel’ can be installed ... [8s/8s] OK
- checking installed package size ... OK
- checking package directory ... OK
- checking ‘build’ directory ... OK
- checking DESCRIPTION meta-information ... OK
- checking top-level files ... OK
- checking for left-over files ... OK
- checking index information ... OK
- checking package subdirectories ... OK
- checking R files for non-ASCII characters ... OK
- checking R files for syntax errors ... OK
- checking whether the package can be loaded ... OK
- checking whether the package can be loaded with stated dependencies ... OK
- checking whether the package can be unloaded cleanly ... OK
- checking whether the namespace can be loaded with stated dependencies ... OK
- checking whether the namespace can be unloaded cleanly ... OK
- checking loading without being on the library search path ... OK
- checking dependencies in R code ... OK
- checking S3 generic/method consistency ... OK
- checking replacement functions ... OK
- checking foreign function calls ... OK
- checking R code for possible problems ... [9s/9s] OK
- checking Rd files ... [0s/0s] OK
- checking Rd metadata ... OK
- checking Rd cross-references ... OK
- checking for missing documentation entries ... OK
- checking for code/documentation mismatches ... OK
- checking Rd \usage sections ... OK
- checking Rd contents ... OK
- checking for unstated dependencies in examples ... OK
- checking contents of ‘data’ directory ... OK
- checking data for non-ASCII characters ... OK
- checking LazyData ... OK
- checking data for ASCII and uncompressed saves ... OK
- checking sizes of PDF files under ‘inst/doc’ ... OK
- checking installed files from ‘inst/doc’ ... OK
- checking files in ‘vignettes’ ... OK
- checking examples ... [4s/4s] OK
- checking for unstated dependencies in ‘tests’ ... OK
- checking tests ... [12s/12s] OK
Running ‘testthat.R’ [12s/12s]
- checking for unstated dependencies in vignettes ... OK
- checking package vignettes in ‘inst/doc’ ... OK
- checking running R code from vignettes ... [1s/1s] NONE
‘basics.Rmd’ using ‘UTF-8’... [0s/0s] OK
‘guide.Rmd’ using ‘UTF-8’... [0s/0s] OK
‘technical.Rmd’ using ‘UTF-8’... [0s/0s] OK
- checking re-building of vignette outputs ... [46s/51s] ERROR
Error(s) in re-building vignettes:
...
--- re-building ‘basics.Rmd’ using rmarkdown
--- finished re-building ‘basics.Rmd’
--- re-building ‘guide.Rmd’ using rmarkdown
--- finished re-building ‘guide.Rmd’
--- re-building ‘technical.Rmd’ using rmarkdown
! kpathsea: Running mktexpk --mfmode / --bdpi 600 --mag 1+0/600 --dpi 600 bbm10
! mkdir: ././opt/tex/texmf-var/fonts/pk/ljfour/public: Permission denied
! mktexpk: /opt/tex/texmf-dist/web2c/mktexdir /opt/tex/texmf-var/fonts/pk/ljfour/public/bbm failed.
! kpathsea: Appending font creation commands to missfont.log.
Error: processing vignette 'technical.Rmd' failed with diagnostics:
LaTeX failed to compile /Volumes/Builds/packages/big-sur-arm64/results/4.2/spmodel.Rcheck/vign_test/spmodel/vignettes/technical.tex. See https://yihui.org/tinytex/r/#debugging for debugging tips. See technical.log for more info.
--- failed re-building ‘technical.Rmd’
SUMMARY: processing the following file failed:
‘technical.Rmd’
Error: Vignette re-building failed.
Execution halted
- checking PDF version of manual ... OK
- DONE
Status: 1 ERROR
- using check arguments '--no-clean-on-error '