• using R version 4.3.0 beta (2023-04-07 r84200)
  • using platform: aarch64-apple-darwin20 (64-bit)
  • R was compiled by
        Apple clang version 14.0.0 (clang-1400.0.29.202)
        GNU Fortran (GCC) 12.2.0
  • running under: macOS Big Sur 11.6.7
  • using session charset: UTF-8
  • checking for file ‘spectralAnalysis/DESCRIPTION’ ... OK
  • this is package ‘spectralAnalysis’ version ‘4.3.1’
  • checking package namespace information ... OK
  • checking package dependencies ... OK
  • checking if this is a source package ... OK
  • checking if there is a namespace ... OK
  • checking for executable files ... OK
  • checking for hidden files and directories ... OK
  • checking for portable file names ... OK
  • checking for sufficient/correct file permissions ... OK
  • checking whether package ‘spectralAnalysis’ can be installed ... [6s/7s] OK
  • checking installed package size ... NOTE
      installed size is 6.3Mb
      sub-directories of 1Mb or more:
        doc 4.8Mb
  • checking package directory ... OK
  • checking ‘build’ directory ... OK
  • checking DESCRIPTION meta-information ... OK
  • checking top-level files ... OK
  • checking for left-over files ... OK
  • checking index information ... OK
  • checking package subdirectories ... OK
  • checking R files for non-ASCII characters ... OK
  • checking R files for syntax errors ... OK
  • checking whether the package can be loaded ... [1s/1s] OK
  • checking whether the package can be loaded with stated dependencies ... [1s/1s] OK
  • checking whether the package can be unloaded cleanly ... [1s/1s] OK
  • checking whether the namespace can be loaded with stated dependencies ... [1s/1s] OK
  • checking whether the namespace can be unloaded cleanly ... [1s/1s] OK
  • checking loading without being on the library search path ... [1s/1s] OK
  • checking dependencies in R code ... OK
  • checking S3 generic/method consistency ... OK
  • checking replacement functions ... OK
  • checking foreign function calls ... OK
  • checking R code for possible problems ... [4s/4s] OK
  • checking Rd files ... [0s/0s] OK
  • checking Rd metadata ... OK
  • checking Rd cross-references ... OK
  • checking for missing documentation entries ... WARNING
    Undocumented S4 methods:
      generic '[' and siglist 'SpectraInTime,ANY,missing,ANY'
      generic '[' and siglist 'SpectraInTime,missing,ANY,ANY'
      generic '[' and siglist 'SpectraInTime,missing,missing,ANY'
      generic '[' and siglist 'SpectraInTimeComp,ANY,ANY,ANY'
      generic '[' and siglist 'SpectraInTimeComp,ANY,missing,ANY'
      generic '[' and siglist 'SpectraInTimeComp,missing,ANY,ANY'
    All user-level objects in a package (including S4 classes and methods)
    should have documentation entries.
    See chapter ‘Writing R documentation files’ in the ‘Writing R
    Extensions’ manual.
  • checking for code/documentation mismatches ... OK
  • checking Rd \usage sections ... OK
  • checking Rd contents ... OK
  • checking for unstated dependencies in examples ... OK
  • checking installed files from ‘inst/doc’ ... OK
  • checking files in ‘vignettes’ ... OK
  • checking examples ... [3s/3s] OK
  • checking for unstated dependencies in ‘tests’ ... OK
  • checking tests ... [5s/5s] OK
      Running ‘testthat.R’ [5s/5s]
  • checking for unstated dependencies in vignettes ... OK
  • checking package vignettes in ‘inst/doc’ ... OK
  • checking running R code from vignettes ... [0s/0s] NONE
      ‘spectralAnalysis.Rmd’ using ‘UTF-8’... [0s/0s] OK
  • checking re-building of vignette outputs ... [26s/27s] OK
  • checking PDF version of manual ... [4s/5s] OK
  • DONE
    Status: 1 WARNING, 1 NOTE
  • using check arguments '--no-clean-on-error '