• using R version 4.5.2 (2025-10-31)
  • using platform: aarch64-apple-darwin20
  • R was compiled by     Apple clang version 16.0.0 (clang-1600.0.26.6)     GNU Fortran (GCC) 14.2.0
  • running under: macOS Ventura 13.7.8
  • using session charset: UTF-8
  • checking for file ‘riemstats/DESCRIPTION’ ... OK
  • this is package ‘riemstats’ version ‘0.2.0’
  • package encoding: UTF-8
  • checking package namespace information ... OK
  • checking package dependencies ... OK
  • checking if this is a source package ... OK
  • checking if there is a namespace ... OK
  • checking for executable files ... OK
  • checking for hidden files and directories ... OK
  • checking for portable file names ... OK
  • checking for sufficient/correct file permissions ... OK
  • checking whether package ‘riemstats’ can be installed ... [7s/9s] OK See the install log for details.
  • checking installed package size ... OK
  • checking package directory ... OK
  • checking ‘build’ directory ... OK
  • checking DESCRIPTION meta-information ... OK
  • checking top-level files ... OK
  • checking for left-over files ... OK
  • checking index information ... OK
  • checking package subdirectories ... OK
  • checking code files for non-ASCII characters ... OK
  • checking R files for syntax errors ... OK
  • checking whether the package can be loaded ... [2s/2s] OK
  • checking whether the package can be loaded with stated dependencies ... [2s/2s] OK
  • checking whether the package can be unloaded cleanly ... [2s/2s] OK
  • checking whether the namespace can be loaded with stated dependencies ... [2s/2s] OK
  • checking whether the namespace can be unloaded cleanly ... [2s/2s] OK
  • checking loading without being on the library search path ... [2s/2s] OK
  • checking dependencies in R code ... OK
  • checking S3 generic/method consistency ... OK
  • checking replacement functions ... OK
  • checking foreign function calls ... OK
  • checking R code for possible problems ... [5s/5s] OK
  • checking Rd files ... [0s/0s] OK
  • checking Rd metadata ... OK
  • checking Rd cross-references ... OK
  • checking for missing documentation entries ... OK
  • checking for code/documentation mismatches ... OK
  • checking Rd \usage sections ... OK
  • checking Rd contents ... OK
  • checking for unstated dependencies in examples ... OK
  • checking installed files from ‘inst/doc’ ... OK
  • checking files in ‘vignettes’ ... OK
  • checking examples ... NONE
  • checking for unstated dependencies in ‘tests’ ... OK
  • checking tests ... [15s/15s] ERROR   Running ‘testthat.R’ [15s/15s] Running the tests in ‘tests/testthat.R’ failed. Complete output:   > library(testthat)   > library(riemstats)   >   > test_check("riemstats")      Attaching package: 'riemtan'      The following object is masked from 'package:stats':          dexp      tangent images were null, so they will be computed   Computing Frechet mean: iteration 1, delta = Inf   Computing Frechet mean: iteration 2, delta = 1.063907   Computing Frechet mean: iteration 3, delta = 0.519579   Computing Frechet mean: iteration 4, delta = 0.329677   Computing Frechet mean: iteration 5, delta = 0.230554   Computing Frechet mean: iteration 6, delta = 0.169173   Computing Frechet mean: iteration 7, delta = 0.127579   Computing Frechet mean: iteration 8, delta = 0.097864   Computing Frechet mean: iteration 9, delta = 0.075920   Computing Frechet mean: iteration 10, delta = 0.059356   Computing Frechet mean: iteration 11, delta = 0.046663   Computing Frechet mean: iteration 12, delta = 0.036833   Computing Frechet mean: iteration 13, delta = 0.029162   Computing Frechet mean: iteration 14, delta = 0.023142   Computing Frechet mean: iteration 15, delta = 0.018396   Computing Frechet mean: iteration 16, delta = 0.014643   Computing Frechet mean: iteration 17, delta = 0.011668   Computing Frechet mean: iteration 18, delta = 0.009305   Computing Frechet mean: iteration 19, delta = 0.007426   Computing Frechet mean: iteration 20, delta = 0.005929   Computing Frechet mean: iteration 21, delta = 0.004736   Computing Frechet mean: iteration 22, delta = 0.003784   Computing Frechet mean: iteration 23, delta = 0.003024   Computing Frechet mean: iteration 24, delta = 0.002417   Computing Frechet mean: iteration 25, delta = 0.001932   Computing Frechet mean: iteration 26, delta = 0.001545   Computing Frechet mean: iteration 27, delta = 0.001236   Computing Frechet mean: iteration 28, delta = 0.000988   tangent images were null, so they will be computed   Computing Frechet mean: iteration 1, delta = Inf   Computing Frechet mean: iteration 2, delta = 0.952594   Computing Frechet mean: iteration 3, delta = 0.449561   Computing Frechet mean: iteration 4, delta = 0.278101   Computing Frechet mean: iteration 5, delta = 0.190824   Computing Frechet mean: iteration 6, delta = 0.138024   Computing Frechet mean: iteration 7, delta = 0.102955   Computing Frechet mean: iteration 8, delta = 0.078314   Computing Frechet mean: iteration 9, delta = 0.060359   Computing Frechet mean: iteration 10, delta = 0.046952   Computing Frechet mean: iteration 11, delta = 0.036766   Computing Frechet mean: iteration 12, delta = 0.028931   Computing Frechet mean: iteration 13, delta = 0.022849   Computing Frechet mean: iteration 14, delta = 0.018097   Computing Frechet mean: iteration 15, delta = 0.014363   Computing Frechet mean: iteration 16, delta = 0.011419   Computing Frechet mean: iteration 17, delta = 0.009091   Computing Frechet mean: iteration 18, delta = 0.007244   Computing Frechet mean: iteration 19, delta = 0.005777   Computing Frechet mean: iteration 20, delta = 0.004610   Computing Frechet mean: iteration 21, delta = 0.003681   Computing Frechet mean: iteration 22, delta = 0.002940   Computing Frechet mean: iteration 23, delta = 0.002349   Computing Frechet mean: iteration 24, delta = 0.001877   Computing Frechet mean: iteration 25, delta = 0.001501   Computing Frechet mean: iteration 26, delta = 0.001200   Computing Frechet mean: iteration 27, delta = 0.000959   Computing Frechet mean: iteration 1, delta = Inf   Computing Frechet mean: iteration 2, delta = 0.735727   Computing Frechet mean: iteration 3, delta = 0.317145   Computing Frechet mean: iteration 4, delta = 0.182591   Computing Frechet mean: iteration 5, delta = 0.118348   Computing Frechet mean: iteration 6, delta = 0.081813   Computing Frechet mean: iteration 7, delta = 0.058869   Computing Frechet mean: iteration 8, delta = 0.043514   Computing Frechet mean: iteration 9, delta = 0.032782   Computing Frechet mean: iteration 10, delta = 0.025040   Computing Frechet mean: iteration 11, delta = 0.019325   Computing Frechet mean: iteration 12, delta = 0.015032   Computing Frechet mean: iteration 13, delta = 0.011763   Computing Frechet mean: iteration 14, delta = 0.009248   Computing Frechet mean: iteration 15, delta = 0.007297   Computing Frechet mean: iteration 16, delta = 0.005774   Computing Frechet mean: iteration 17, delta = 0.004579   Computing Frechet mean: iteration 18, delta = 0.003638   Computing Frechet mean: iteration 19, delta = 0.002895   Computing Frechet mean: iteration 20, delta = 0.002306   Computing Frechet mean: iteration 21, delta = 0.001838   Computing Frechet mean: iteration 22, delta = 0.001466   Computing Frechet mean: iteration 23, delta = 0.001170   Computing Frechet mean: iteration 24, delta = 0.000935   Computing Frechet mean: iteration 1, delta = Inf   Computing Frechet mean: iteration 2, delta = 1.005227   Computing Frechet mean: iteration 3, delta = 0.482638   Computing Frechet mean: iteration 4, delta = 0.302466   Computing Frechet mean: iteration 5, delta = 0.209602   Computing Frechet mean: iteration 6, delta = 0.152756   Computing Frechet mean: iteration 7, delta = 0.114610   Computing Frechet mean: iteration 8, delta = 0.087574   Computing Frechet mean: iteration 9, delta = 0.067734   Computing Frechet mean: iteration 10, delta = 0.052834   Computing Frechet mean: iteration 11, delta = 0.041461   Computing Frechet mean: iteration 12, delta = 0.032682   Computing Frechet mean: iteration 13, delta = 0.025847   Computing Frechet mean: iteration 14, delta = 0.020493   Computing Frechet mean: iteration 15, delta = 0.016279   Computing Frechet mean: iteration 16, delta = 0.012951   Computing Frechet mean: iteration 17, delta = 0.010316   Computing Frechet mean: iteration 18, delta = 0.008224   Computing Frechet mean: iteration 19, delta = 0.006561   Computing Frechet mean: iteration 20, delta = 0.005237   Computing Frechet mean: iteration 21, delta = 0.004182   Computing Frechet mean: iteration 22, delta = 0.003341   Computing Frechet mean: iteration 23, delta = 0.002670   Computing Frechet mean: iteration 24, delta = 0.002134   Computing Frechet mean: iteration 25, delta = 0.001706   Computing Frechet mean: iteration 26, delta = 0.001364   Computing Frechet mean: iteration 27, delta = 0.001091   Computing Frechet mean: iteration 28, delta = 0.000872   tangent images were null, so they will be computed   Computing Frechet mean: iteration 1, delta = Inf   Computing Frechet mean: iteration 2, delta = 0.988697   Computing Frechet mean: iteration 3, delta = 0.472272   Computing Frechet mean: iteration 4, delta = 0.294843   Computing Frechet mean: iteration 5, delta = 0.203736   Computing Frechet mean: iteration 6, delta = 0.148160   Computing Frechet mean: iteration 7, delta = 0.110978   Computing Frechet mean: iteration 8, delta = 0.084691   Computing Frechet mean: iteration 9, delta = 0.065441   Computing Frechet mean: iteration 10, delta = 0.051006   Computing Frechet mean: iteration 11, delta = 0.040003   Computing Frechet mean: iteration 12, delta = 0.031518   Computing Frechet mean: iteration 13, delta = 0.024917   Computing Frechet mean: iteration 14, delta = 0.019750   Computing Frechet mean: iteration 15, delta = 0.015686   Computing Frechet mean: iteration 16, delta = 0.012477   Computing Frechet mean: iteration 17, delta = 0.009937   Computing Frechet mean: iteration 18, delta = 0.007921   Computing Frechet mean: iteration 19, delta = 0.006319   Computing Frechet mean: iteration 20, delta = 0.005043   Computing Frechet mean: iteration 21, delta = 0.004028   Computing Frechet mean: iteration 22, delta = 0.003217   Computing Frechet mean: iteration 23, delta = 0.002571   Computing Frechet mean: iteration 24, delta = 0.002055   Computing Frechet mean: iteration 25, delta = 0.001643   Computing Frechet mean: iteration 26, delta = 0.001313   Computing Frechet mean: iteration 27, delta = 0.001050   Computing Frechet mean: iteration 28, delta = 0.000840   tangent images were null, so they will be computed   Computing Frechet mean: iteration 1, delta = Inf   Computing Frechet mean: iteration 2, delta = 1.023303   Computing Frechet mean: iteration 3, delta = 0.493997   Computing Frechet mean: iteration 4, delta = 0.310827   Computing Frechet mean: iteration 5, delta = 0.216040   Computing Frechet mean: iteration 6, delta = 0.157802   Computing Frechet mean: iteration 7, delta = 0.118598   Computing Frechet mean: iteration 8, delta = 0.090741   Computing Frechet mean: iteration 9, delta = 0.070255   Computing Frechet mean: iteration 10, delta = 0.054843   Computing Frechet mean: iteration 11, delta = 0.043065   Computing Frechet mean: iteration 12, delta = 0.033962   Computing Frechet mean: iteration 13, delta = 0.026870   Computing Frechet mean: iteration 14, delta = 0.021311   Computing Frechet mean: iteration 15, delta = 0.016933   Computing Frechet mean: iteration 16, delta = 0.013474   Computing Frechet mean: iteration 17, delta = 0.010734   Computing Frechet mean: iteration 18, delta = 0.008558   Computing Frechet mean: iteration 19, delta = 0.006829   Computing Frechet mean: iteration 20, delta = 0.005451   Computing Frechet mean: iteration 21, delta = 0.004354   Computing Frechet mean: iteration 22, delta = 0.003478   Computing Frechet mean: iteration 23, delta = 0.002780   Computing Frechet mean: iteration 24, delta = 0.002222   Computing Frechet mean: iteration 25, delta = 0.001776   Computing Frechet mean: iteration 26, delta = 0.001420   Computing Frechet mean: iteration 27, delta = 0.001136   Computing Frechet mean: iteration 28, delta = 0.000908   Computing Frechet mean: iteration 1, delta = Inf   Computing Frechet mean: iteration 2, delta = 0.869010   Computing Frechet mean: iteration 3, delta = 0.397450   Computing Frechet mean: iteration 4, delta = 0.239928   Computing Frechet mean: iteration 5, delta = 0.161519   Computing Frechet mean: iteration 6, delta = 0.115094   Computing Frechet mean: iteration 7, delta = 0.084850   Computing Frechet mean: iteration 8, delta = 0.063948   Computing Frechet mean: iteration 9, delta = 0.048929   Computing Frechet mean: iteration 10, delta = 0.037842   Computing Frechet mean: iteration 11, delta = 0.029497   Computing Frechet mean: iteration 12, delta = 0.023127   Computing Frechet mean: iteration 13, delta = 0.018213   Computing Frechet mean: iteration 14, delta = 0.014392   Computing Frechet mean: iteration 15, delta = 0.011402   Computing Frechet mean: iteration 16, delta = 0.009052   Computing Frechet mean: iteration 17, delta = 0.007198   Computing Frechet mean: iteration 18, delta = 0.005730   Computing Frechet mean: iteration 19, delta = 0.004567   Computing Frechet mean: iteration 20, delta = 0.003642   Computing Frechet mean: iteration 21, delta = 0.002907   Computing Frechet mean: iteration 22, delta = 0.002321   Computing Frechet mean: iteration 23, delta = 0.001854   Computing Frechet mean: iteration 24, delta = 0.001481   Computing Frechet mean: iteration 25, delta = 0.001184   Computing Frechet mean: iteration 26, delta = 0.000946   tangent images were null, so they will be computed   Computing Frechet mean: iteration 1, delta = Inf   Computing Frechet mean: iteration 2, delta = 0.988697   Computing Frechet mean: iteration 3, delta = 0.472272   Computing Frechet mean: iteration 4, delta = 0.294843   Computing Frechet mean: iteration 5, delta = 0.203736   Computing Frechet mean: iteration 6, delta = 0.148160   Computing Frechet mean: iteration 7, delta = 0.110978   Computing Frechet mean: iteration 8, delta = 0.084691   Computing Frechet mean: iteration 9, delta = 0.065441   Computing Frechet mean: iteration 10, delta = 0.051006   Computing Frechet mean: iteration 11, delta = 0.040003   Computing Frechet mean: iteration 12, delta = 0.031518   Computing Frechet mean: iteration 13, delta = 0.024917   Computing Frechet mean: iteration 14, delta = 0.019750   Computing Frechet mean: iteration 15, delta = 0.015686   Computing Frechet mean: iteration 16, delta = 0.012477   Computing Frechet mean: iteration 17, delta = 0.009937   Computing Frechet mean: iteration 18, delta = 0.007921   Computing Frechet mean: iteration 19, delta = 0.006319   Computing Frechet mean: iteration 20, delta = 0.005043   Computing Frechet mean: iteration 21, delta = 0.004028   Computing Frechet mean: iteration 22, delta = 0.003217   Computing Frechet mean: iteration 23, delta = 0.002571   Computing Frechet mean: iteration 24, delta = 0.002055   Computing Frechet mean: iteration 25, delta = 0.001643   Computing Frechet mean: iteration 26, delta = 0.001313   Computing Frechet mean: iteration 27, delta = 0.001050   Computing Frechet mean: iteration 28, delta = 0.000840   tangent images were null, so they will be computed   Computing Frechet mean: iteration 1, delta = Inf   Computing Frechet mean: iteration 2, delta = 1.023303   Computing Frechet mean: iteration 3, delta = 0.493997   Computing Frechet mean: iteration 4, delta = 0.310827   Computing Frechet mean: iteration 5, delta = 0.216040   Computing Frechet mean: iteration 6, delta = 0.157802   Computing Frechet mean: iteration 7, delta = 0.118598   Computing Frechet mean: iteration 8, delta = 0.090741   Computing Frechet mean: iteration 9, delta = 0.070255   Computing Frechet mean: iteration 10, delta = 0.054843   Computing Frechet mean: iteration 11, delta = 0.043065   Computing Frechet mean: iteration 12, delta = 0.033962   Computing Frechet mean: iteration 13, delta = 0.026870   Computing Frechet mean: iteration 14, delta = 0.021311   Computing Frechet mean: iteration 15, delta = 0.016933   Computing Frechet mean: iteration 16, delta = 0.013474   Computing Frechet mean: iteration 17, delta = 0.010734   Computing Frechet mean: iteration 18, delta = 0.008558   Computing Frechet mean: iteration 19, delta = 0.006829   Computing Frechet mean: iteration 20, delta = 0.005451   Computing Frechet mean: iteration 21, delta = 0.004354   Computing Frechet mean: iteration 22, delta = 0.003478   Computing Frechet mean: iteration 23, delta = 0.002780   Computing Frechet mean: iteration 24, delta = 0.002222   Computing Frechet mean: iteration 25, delta = 0.001776   Computing Frechet mean: iteration 26, delta = 0.001420   Computing Frechet mean: iteration 27, delta = 0.001136   Computing Frechet mean: iteration 28, delta = 0.000908   Computing Frechet mean: iteration 1, delta = Inf   Computing Frechet mean: iteration 2, delta = 0.869010   Computing Frechet mean: iteration 3, delta = 0.397450   Computing Frechet mean: iteration 4, delta = 0.239928   Computing Frechet mean: iteration 5, delta = 0.161519   Computing Frechet mean: iteration 6, delta = 0.115094   Computing Frechet mean: iteration 7, delta = 0.084850   Computing Frechet mean: iteration 8, delta = 0.063948   Computing Frechet mean: iteration 9, delta = 0.048929   Computing Frechet mean: iteration 10, delta = 0.037842   Computing Frechet mean: iteration 11, delta = 0.029497   Computing Frechet mean: iteration 12, delta = 0.023127   Computing Frechet mean: iteration 13, delta = 0.018213   Computing Frechet mean: iteration 14, delta = 0.014392   Computing Frechet mean: iteration 15, delta = 0.011402   Computing Frechet mean: iteration 16, delta = 0.009052   Computing Frechet mean: iteration 17, delta = 0.007198   Computing Frechet mean: iteration 18, delta = 0.005730   Computing Frechet mean: iteration 19, delta = 0.004567   Computing Frechet mean: iteration 20, delta = 0.003642   Computing Frechet mean: iteration 21, delta = 0.002907   Computing Frechet mean: iteration 22, delta = 0.002321   Computing Frechet mean: iteration 23, delta = 0.001854   Computing Frechet mean: iteration 24, delta = 0.001481   Computing Frechet mean: iteration 25, delta = 0.001184   Computing Frechet mean: iteration 26, delta = 0.000946   tangent images were null, so they will be computed   Computing Frechet mean: iteration 1, delta = Inf   Computing Frechet mean: iteration 2, delta = 1.023303   Computing Frechet mean: iteration 3, delta = 0.493997   Computing Frechet mean: iteration 4, delta = 0.310827   Computing Frechet mean: iteration 5, delta = 0.216040   Computing Frechet mean: iteration 6, delta = 0.157802   Computing Frechet mean: iteration 7, delta = 0.118598   Computing Frechet mean: iteration 8, delta = 0.090741   Computing Frechet mean: iteration 9, delta = 0.070255   Computing Frechet mean: iteration 10, delta = 0.054843   Computing Frechet mean: iteration 11, delta = 0.043065   Computing Frechet mean: iteration 12, delta = 0.033962   Computing Frechet mean: iteration 13, delta = 0.026870   Computing Frechet mean: iteration 14, delta = 0.021311   Computing Frechet mean: iteration 15, delta = 0.016933   Computing Frechet mean: iteration 16, delta = 0.013474   Computing Frechet mean: iteration 17, delta = 0.010734   Computing Frechet mean: iteration 18, delta = 0.008558   Computing Frechet mean: iteration 19, delta = 0.006829   Computing Frechet mean: iteration 20, delta = 0.005451   Computing Frechet mean: iteration 21, delta = 0.004354   Computing Frechet mean: iteration 22, delta = 0.003478   Computing Frechet mean: iteration 23, delta = 0.002780   Computing Frechet mean: iteration 24, delta = 0.002222   Computing Frechet mean: iteration 25, delta = 0.001776   Computing Frechet mean: iteration 26, delta = 0.001420   Computing Frechet mean: iteration 27, delta = 0.001136   Computing Frechet mean: iteration 28, delta = 0.000908   tangent images were null, so they will be computed   Computing Frechet mean: iteration 1, delta = Inf   Computing Frechet mean: iteration 2, delta = 0.988697   Computing Frechet mean: iteration 3, delta = 0.472272   Computing Frechet mean: iteration 4, delta = 0.294843   Computing Frechet mean: iteration 5, delta = 0.203736   Computing Frechet mean: iteration 6, delta = 0.148160   Computing Frechet mean: iteration 7, delta = 0.110978   Computing Frechet mean: iteration 8, delta = 0.084691   Computing Frechet mean: iteration 9, delta = 0.065441   Computing Frechet mean: iteration 10, delta = 0.051006   Computing Frechet mean: iteration 11, delta = 0.040003   Computing Frechet mean: iteration 12, delta = 0.031518   Computing Frechet mean: iteration 13, delta = 0.024917   Computing Frechet mean: iteration 14, delta = 0.019750   Computing Frechet mean: iteration 15, delta = 0.015686   Computing Frechet mean: iteration 16, delta = 0.012477   Computing Frechet mean: iteration 17, delta = 0.009937   Computing Frechet mean: iteration 18, delta = 0.007921   Computing Frechet mean: iteration 19, delta = 0.006319   Computing Frechet mean: iteration 20, delta = 0.005043   Computing Frechet mean: iteration 21, delta = 0.004028   Computing Frechet mean: iteration 22, delta = 0.003217   Computing Frechet mean: iteration 23, delta = 0.002571   Computing Frechet mean: iteration 24, delta = 0.002055   Computing Frechet mean: iteration 25, delta = 0.001643   Computing Frechet mean: iteration 26, delta = 0.001313   Computing Frechet mean: iteration 27, delta = 0.001050   Computing Frechet mean: iteration 28, delta = 0.000840   Computing Frechet mean: iteration 1, delta = Inf   Computing Frechet mean: iteration 2, delta = 0.835980   Computing Frechet mean: iteration 3, delta = 0.377334   Computing Frechet mean: iteration 4, delta = 0.225444   Computing Frechet mean: iteration 5, delta = 0.150540   Computing Frechet mean: iteration 6, delta = 0.106586   Computing Frechet mean: iteration 7, delta = 0.078181   Computing Frechet mean: iteration 8, delta = 0.058686   Computing Frechet mean: iteration 9, delta = 0.044760   Computing Frechet mean: iteration 10, delta = 0.034529   Computing Frechet mean: iteration 11, delta = 0.026861   Computing Frechet mean: iteration 12, delta = 0.021026   Computing Frechet mean: iteration 13, delta = 0.016537   Computing Frechet mean: iteration 14, delta = 0.013054   Computing Frechet mean: iteration 15, delta = 0.010334   Computing Frechet mean: iteration 16, delta = 0.008199   Computing Frechet mean: iteration 17, delta = 0.006516   Computing Frechet mean: iteration 18, delta = 0.005185   Computing Frechet mean: iteration 19, delta = 0.004131   Computing Frechet mean: iteration 20, delta = 0.003294   Computing Frechet mean: iteration 21, delta = 0.002628   Computing Frechet mean: iteration 22, delta = 0.002098   Computing Frechet mean: iteration 23, delta = 0.001676   Computing Frechet mean: iteration 24, delta = 0.001339   Computing Frechet mean: iteration 25, delta = 0.001070   Computing Frechet mean: iteration 26, delta = 0.000855   tangent images were null, so they will be computed   Computing Frechet mean: iteration 1, delta = Inf   Computing Frechet mean: iteration 2, delta = 0.952594   Computing Frechet mean: iteration 3, delta = 0.449561   Computing Frechet mean: iteration 4, delta = 0.278101   Computing Frechet mean: iteration 5, delta = 0.190824   Computing Frechet mean: iteration 6, delta = 0.138024   Computing Frechet mean: iteration 7, delta = 0.102955   Computing Frechet mean: iteration 8, delta = 0.078314   Computing Frechet mean: iteration 9, delta = 0.060359   Computing Frechet mean: iteration 10, delta = 0.046952   Computing Frechet mean: iteration 11, delta = 0.036766   Computing Frechet mean: iteration 12, delta = 0.028931   Computing Frechet mean: iteration 13, delta = 0.022849   Computing Frechet mean: iteration 14, delta = 0.018097   Computing Frechet mean: iteration 15, delta = 0.014363   Computing Frechet mean: iteration 16, delta = 0.011419   Computing Frechet mean: iteration 17, delta = 0.009091   Computing Frechet mean: iteration 18, delta = 0.007244   Computing Frechet mean: iteration 19, delta = 0.005777   Computing Frechet mean: iteration 20, delta = 0.004610   Computing Frechet mean: iteration 21, delta = 0.003681   Computing Frechet mean: iteration 22, delta = 0.002940   Computing Frechet mean: iteration 23, delta = 0.002349   Computing Frechet mean: iteration 24, delta = 0.001877   Computing Frechet mean: iteration 25, delta = 0.001501   Computing Frechet mean: iteration 26, delta = 0.001200   Computing Frechet mean: iteration 27, delta = 0.000959   tangent images were null, so they will be computed   Computing Frechet mean: iteration 1, delta = Inf   Computing Frechet mean: iteration 2, delta = 1.063907   Computing Frechet mean: iteration 3, delta = 0.519579   Computing Frechet mean: iteration 4, delta = 0.329677   Computing Frechet mean: iteration 5, delta = 0.230554   Computing Frechet mean: iteration 6, delta = 0.169173   Computing Frechet mean: iteration 7, delta = 0.127579   Computing Frechet mean: iteration 8, delta = 0.097864   Computing Frechet mean: iteration 9, delta = 0.075920   Computing Frechet mean: iteration 10, delta = 0.059356   Computing Frechet mean: iteration 11, delta = 0.046663   Computing Frechet mean: iteration 12, delta = 0.036833   Computing Frechet mean: iteration 13, delta = 0.029162   Computing Frechet mean: iteration 14, delta = 0.023142   Computing Frechet mean: iteration 15, delta = 0.018396   Computing Frechet mean: iteration 16, delta = 0.014643   Computing Frechet mean: iteration 17, delta = 0.011668   Computing Frechet mean: iteration 18, delta = 0.009305   Computing Frechet mean: iteration 19, delta = 0.007426   Computing Frechet mean: iteration 20, delta = 0.005929   Computing Frechet mean: iteration 21, delta = 0.004736   Computing Frechet mean: iteration 22, delta = 0.003784   Computing Frechet mean: iteration 23, delta = 0.003024   Computing Frechet mean: iteration 24, delta = 0.002417   Computing Frechet mean: iteration 25, delta = 0.001932   Computing Frechet mean: iteration 26, delta = 0.001545   Computing Frechet mean: iteration 27, delta = 0.001236   Computing Frechet mean: iteration 28, delta = 0.000988   Computing Frechet mean: iteration 1, delta = Inf   Computing Frechet mean: iteration 2, delta = 0.869010   Computing Frechet mean: iteration 3, delta = 0.397450   Computing Frechet mean: iteration 4, delta = 0.239928   Computing Frechet mean: iteration 5, delta = 0.161519   Computing Frechet mean: iteration 6, delta = 0.115094   Computing Frechet mean: iteration 7, delta = 0.084850   Computing Frechet mean: iteration 8, delta = 0.063948   Computing Frechet mean: iteration 9, delta = 0.048929   Computing Frechet mean: iteration 10, delta = 0.037842   Computing Frechet mean: iteration 11, delta = 0.029497   Computing Frechet mean: iteration 12, delta = 0.023127   Computing Frechet mean: iteration 13, delta = 0.018213   Computing Frechet mean: iteration 14, delta = 0.014392   Computing Frechet mean: iteration 15, delta = 0.011402   Computing Frechet mean: iteration 16, delta = 0.009052   Computing Frechet mean: iteration 17, delta = 0.007198   Computing Frechet mean: iteration 18, delta = 0.005730   Computing Frechet mean: iteration 19, delta = 0.004567   Computing Frechet mean: iteration 20, delta = 0.003642   Computing Frechet mean: iteration 21, delta = 0.002907   Computing Frechet mean: iteration 22, delta = 0.002321   Computing Frechet mean: iteration 23, delta = 0.001854   Computing Frechet mean: iteration 24, delta = 0.001481   Computing Frechet mean: iteration 25, delta = 0.001184   Computing Frechet mean: iteration 26, delta = 0.000946   tangent images were null, so they will be computed   Computing Frechet mean: iteration 1, delta = Inf   Computing Frechet mean: iteration 2, delta = 1.023303   Computing Frechet mean: iteration 3, delta = 0.493997   Computing Frechet mean: iteration 4, delta = 0.310827   Computing Frechet mean: iteration 5, delta = 0.216040   Computing Frechet mean: iteration 6, delta = 0.157802   Computing Frechet mean: iteration 7, delta = 0.118598   Computing Frechet mean: iteration 8, delta = 0.090741   Computing Frechet mean: iteration 9, delta = 0.070255   Computing Frechet mean: iteration 10, delta = 0.054843   Computing Frechet mean: iteration 11, delta = 0.043065   Computing Frechet mean: iteration 12, delta = 0.033962   Computing Frechet mean: iteration 13, delta = 0.026870   Computing Frechet mean: iteration 14, delta = 0.021311   Computing Frechet mean: iteration 15, delta = 0.016933   Computing Frechet mean: iteration 16, delta = 0.013474   Computing Frechet mean: iteration 17, delta = 0.010734   Computing Frechet mean: iteration 18, delta = 0.008558   Computing Frechet mean: iteration 19, delta = 0.006829   Computing Frechet mean: iteration 20, delta = 0.005451   Computing Frechet mean: iteration 21, delta = 0.004354   Computing Frechet mean: iteration 22, delta = 0.003478   Computing Frechet mean: iteration 23, delta = 0.002780   Computing Frechet mean: iteration 24, delta = 0.002222   Computing Frechet mean: iteration 25, delta = 0.001776   Computing Frechet mean: iteration 26, delta = 0.001420   Computing Frechet mean: iteration 27, delta = 0.001136   Computing Frechet mean: iteration 28, delta = 0.000908   tangent images were null, so they will be computed   Computing Frechet mean: iteration 1, delta = Inf   Computing Frechet mean: iteration 2, delta = 0.988697   Computing Frechet mean: iteration 3, delta = 0.472272   Computing Frechet mean: iteration 4, delta = 0.294843   Computing Frechet mean: iteration 5, delta = 0.203736   Computing Frechet mean: iteration 6, delta = 0.148160   Computing Frechet mean: iteration 7, delta = 0.110978   Computing Frechet mean: iteration 8, delta = 0.084691   Computing Frechet mean: iteration 9, delta = 0.065441   Computing Frechet mean: iteration 10, delta = 0.051006   Computing Frechet mean: iteration 11, delta = 0.040003   Computing Frechet mean: iteration 12, delta = 0.031518   Computing Frechet mean: iteration 13, delta = 0.024917   Computing Frechet mean: iteration 14, delta = 0.019750   Computing Frechet mean: iteration 15, delta = 0.015686   Computing Frechet mean: iteration 16, delta = 0.012477   Computing Frechet mean: iteration 17, delta = 0.009937   Computing Frechet mean: iteration 18, delta = 0.007921   Computing Frechet mean: iteration 19, delta = 0.006319   Computing Frechet mean: iteration 20, delta = 0.005043   Computing Frechet mean: iteration 21, delta = 0.004028   Computing Frechet mean: iteration 22, delta = 0.003217   Computing Frechet mean: iteration 23, delta = 0.002571   Computing Frechet mean: iteration 24, delta = 0.002055   Computing Frechet mean: iteration 25, delta = 0.001643   Computing Frechet mean: iteration 26, delta = 0.001313   Computing Frechet mean: iteration 27, delta = 0.001050   Computing Frechet mean: iteration 28, delta = 0.000840   Computing Frechet mean: iteration 1, delta = Inf   Computing Frechet mean: iteration 2, delta = 0.835980   Computing Frechet mean: iteration 3, delta = 0.377334   Computing Frechet mean: iteration 4, delta = 0.225444   Computing Frechet mean: iteration 5, delta = 0.150540   Computing Frechet mean: iteration 6, delta = 0.106586   Computing Frechet mean: iteration 7, delta = 0.078181   Computing Frechet mean: iteration 8, delta = 0.058686   Computing Frechet mean: iteration 9, delta = 0.044760   Computing Frechet mean: iteration 10, delta = 0.034529   Computing Frechet mean: iteration 11, delta = 0.026861   Computing Frechet mean: iteration 12, delta = 0.021026   Computing Frechet mean: iteration 13, delta = 0.016537   Computing Frechet mean: iteration 14, delta = 0.013054   Computing Frechet mean: iteration 15, delta = 0.010334   Computing Frechet mean: iteration 16, delta = 0.008199   Computing Frechet mean: iteration 17, delta = 0.006516   Computing Frechet mean: iteration 18, delta = 0.005185   Computing Frechet mean: iteration 19, delta = 0.004131   Computing Frechet mean: iteration 20, delta = 0.003294   Computing Frechet mean: iteration 21, delta = 0.002628   Computing Frechet mean: iteration 22, delta = 0.002098   Computing Frechet mean: iteration 23, delta = 0.001676   Computing Frechet mean: iteration 24, delta = 0.001339   Computing Frechet mean: iteration 25, delta = 0.001070   Computing Frechet mean: iteration 26, delta = 0.000855   tangent images were null, so they will be computed   Computing Frechet mean: iteration 1, delta = Inf   Computing Frechet mean: iteration 2, delta = 1.063907   Computing Frechet mean: iteration 3, delta = 0.519579   Computing Frechet mean: iteration 4, delta = 0.329677   Computing Frechet mean: iteration 5, delta = 0.230554   Computing Frechet mean: iteration 6, delta = 0.169173   Computing Frechet mean: iteration 7, delta = 0.127579   Computing Frechet mean: iteration 8, delta = 0.097864   Computing Frechet mean: iteration 9, delta = 0.075920   Computing Frechet mean: iteration 10, delta = 0.059356   Computing Frechet mean: iteration 11, delta = 0.046663   Computing Frechet mean: iteration 12, delta = 0.036833   Computing Frechet mean: iteration 13, delta = 0.029162   Computing Frechet mean: iteration 14, delta = 0.023142   Computing Frechet mean: iteration 15, delta = 0.018396   Computing Frechet mean: iteration 16, delta = 0.014643   Computing Frechet mean: iteration 17, delta = 0.011668   Computing Frechet mean: iteration 18, delta = 0.009305   Computing Frechet mean: iteration 19, delta = 0.007426   Computing Frechet mean: iteration 20, delta = 0.005929   Computing Frechet mean: iteration 21, delta = 0.004736   Computing Frechet mean: iteration 22, delta = 0.003784   Computing Frechet mean: iteration 23, delta = 0.003024   Computing Frechet mean: iteration 24, delta = 0.002417   Computing Frechet mean: iteration 25, delta = 0.001932   Computing Frechet mean: iteration 26, delta = 0.001545   Computing Frechet mean: iteration 27, delta = 0.001236   Computing Frechet mean: iteration 28, delta = 0.000988   tangent images were null, so they will be computed   Computing Frechet mean: iteration 1, delta = Inf   Computing Frechet mean: iteration 2, delta = 0.952594   Computing Frechet mean: iteration 3, delta = 0.449561   Computing Frechet mean: iteration 4, delta = 0.278101   Computing Frechet mean: iteration 5, delta = 0.190824   Computing Frechet mean: iteration 6, delta = 0.138024   Computing Frechet mean: iteration 7, delta = 0.102955   Computing Frechet mean: iteration 8, delta = 0.078314   Computing Frechet mean: iteration 9, delta = 0.060359   Computing Frechet mean: iteration 10, delta = 0.046952   Computing Frechet mean: iteration 11, delta = 0.036766   Computing Frechet mean: iteration 12, delta = 0.028931   Computing Frechet mean: iteration 13, delta = 0.022849   Computing Frechet mean: iteration 14, delta = 0.018097   Computing Frechet mean: iteration 15, delta = 0.014363   Computing Frechet mean: iteration 16, delta = 0.011419   Computing Frechet mean: iteration 17, delta = 0.009091   Computing Frechet mean: iteration 18, delta = 0.007244   Computing Frechet mean: iteration 19, delta = 0.005777   Computing Frechet mean: iteration 20, delta = 0.004610   Computing Frechet mean: iteration 21, delta = 0.003681   Computing Frechet mean: iteration 22, delta = 0.002940   Computing Frechet mean: iteration 23, delta = 0.002349   Computing Frechet mean: iteration 24, delta = 0.001877   Computing Frechet mean: iteration 25, delta = 0.001501   Computing Frechet mean: iteration 26, delta = 0.001200   Computing Frechet mean: iteration 27, delta = 0.000959   Computing Frechet mean: iteration 1, delta = Inf   Computing Frechet mean: iteration 2, delta = 0.765005   Computing Frechet mean: iteration 3, delta = 0.334572   Computing Frechet mean: iteration 4, delta = 0.194911   Computing Frechet mean: iteration 5, delta = 0.127549   Computing Frechet mean: iteration 6, delta = 0.088860   Computing Frechet mean: iteration 7, delta = 0.064341   Computing Frechet mean: iteration 8, delta = 0.047801   Computing Frechet mean: iteration 9, delta = 0.036157   Computing Frechet mean: iteration 10, delta = 0.027709   Computing Frechet mean: iteration 11, delta = 0.021441   Computing Frechet mean: iteration 12, delta = 0.016713   Computing Frechet mean: iteration 13, delta = 0.013100   Computing Frechet mean: iteration 14, delta = 0.010313   Computing Frechet mean: iteration 15, delta = 0.008146   Computing Frechet mean: iteration 16, delta = 0.006452   Computing Frechet mean: iteration 17, delta = 0.005120   Computing Frechet mean: iteration 18, delta = 0.004070   Computing Frechet mean: iteration 19, delta = 0.003240   Computing Frechet mean: iteration 20, delta = 0.002581   Computing Frechet mean: iteration 21, delta = 0.002059   Computing Frechet mean: iteration 22, delta = 0.001643   Computing Frechet mean: iteration 23, delta = 0.001311   Computing Frechet mean: iteration 24, delta = 0.001047   Computing Frechet mean: iteration 25, delta = 0.000837   tangent images were null, so they will be computed   Computing Frechet mean: iteration 1, delta = Inf   Computing Frechet mean: iteration 2, delta = 1.005227   Computing Frechet mean: iteration 3, delta = 0.482638   Computing Frechet mean: iteration 4, delta = 0.302466   Computing Frechet mean: iteration 5, delta = 0.209602   Computing Frechet mean: iteration 6, delta = 0.152756   Computing Frechet mean: iteration 7, delta = 0.114610   Computing Frechet mean: iteration 8, delta = 0.087574   Computing Frechet mean: iteration 9, delta = 0.067734   Computing Frechet mean: iteration 10, delta = 0.052834   Computing Frechet mean: iteration 11, delta = 0.041461   Computing Frechet mean: iteration 12, delta = 0.032682   Computing Frechet mean: iteration 13, delta = 0.025847   Computing Frechet mean: iteration 14, delta = 0.020493   Computing Frechet mean: iteration 15, delta = 0.016279   Computing Frechet mean: iteration 16, delta = 0.012951   Computing Frechet mean: iteration 17, delta = 0.010316   Computing Frechet mean: iteration 18, delta = 0.008224   Computing Frechet mean: iteration 19, delta = 0.006561   Computing Frechet mean: iteration 20, delta = 0.005237   Computing Frechet mean: iteration 21, delta = 0.004182   Computing Frechet mean: iteration 22, delta = 0.003341   Computing Frechet mean: iteration 23, delta = 0.002670   Computing Frechet mean: iteration 24, delta = 0.002134   Computing Frechet mean: iteration 25, delta = 0.001706   Computing Frechet mean: iteration 26, delta = 0.001364   Computing Frechet mean: iteration 27, delta = 0.001091   Computing Frechet mean: iteration 28, delta = 0.000872   tangent images were null, so they will be computed   Computing Frechet mean: iteration 1, delta = Inf   Computing Frechet mean: iteration 2, delta = 1.005227   Computing Frechet mean: iteration 3, delta = 0.482638   Computing Frechet mean: iteration 4, delta = 0.302466   Computing Frechet mean: iteration 5, delta = 0.209602   Computing Frechet mean: iteration 6, delta = 0.152756   Computing Frechet mean: iteration 7, delta = 0.114610   Computing Frechet mean: iteration 8, delta = 0.087574   Computing Frechet mean: iteration 9, delta = 0.067734   Computing Frechet mean: iteration 10, delta = 0.052834   Computing Frechet mean: iteration 11, delta = 0.041461   Computing Frechet mean: iteration 12, delta = 0.032682   Computing Frechet mean: iteration 13, delta = 0.025847   Computing Frechet mean: iteration 14, delta = 0.020493   Computing Frechet mean: iteration 15, delta = 0.016279   Computing Frechet mean: iteration 16, delta = 0.012951   Computing Frechet mean: iteration 17, delta = 0.010316   Computing Frechet mean: iteration 18, delta = 0.008224   Computing Frechet mean: iteration 19, delta = 0.006561   Computing Frechet mean: iteration 20, delta = 0.005237   Computing Frechet mean: iteration 21, delta = 0.004182   Computing Frechet mean: iteration 22, delta = 0.003341   Computing Frechet mean: iteration 23, delta = 0.002670   Computing Frechet mean: iteration 24, delta = 0.002134   Computing Frechet mean: iteration 25, delta = 0.001706   Computing Frechet mean: iteration 26, delta = 0.001364   Computing Frechet mean: iteration 27, delta = 0.001091   Computing Frechet mean: iteration 28, delta = 0.000872   Computing Frechet mean: iteration 1, delta = Inf   Computing Frechet mean: iteration 2, delta = 0.735727   Computing Frechet mean: iteration 3, delta = 0.317145   Computing Frechet mean: iteration 4, delta = 0.182591   Computing Frechet mean: iteration 5, delta = 0.118348   Computing Frechet mean: iteration 6, delta = 0.081813   Computing Frechet mean: iteration 7, delta = 0.058869   Computing Frechet mean: iteration 8, delta = 0.043514   Computing Frechet mean: iteration 9, delta = 0.032782   Computing Frechet mean: iteration 10, delta = 0.025040   Computing Frechet mean: iteration 11, delta = 0.019325   Computing Frechet mean: iteration 12, delta = 0.015032   Computing Frechet mean: iteration 13, delta = 0.011763   Computing Frechet mean: iteration 14, delta = 0.009248   Computing Frechet mean: iteration 15, delta = 0.007297   Computing Frechet mean: iteration 16, delta = 0.005774   Computing Frechet mean: iteration 17, delta = 0.004579   Computing Frechet mean: iteration 18, delta = 0.003638   Computing Frechet mean: iteration 19, delta = 0.002895   Computing Frechet mean: iteration 20, delta = 0.002306   Computing Frechet mean: iteration 21, delta = 0.001838   Computing Frechet mean: iteration 22, delta = 0.001466   Computing Frechet mean: iteration 23, delta = 0.001170   Computing Frechet mean: iteration 24, delta = 0.000935   tangent images were null, so they will be computed   Computing Frechet mean: iteration 1, delta = Inf   Computing Frechet mean: iteration 2, delta = 1.063907   Computing Frechet mean: iteration 3, delta = 0.519579   Computing Frechet mean: iteration 4, delta = 0.329677   Computing Frechet mean: iteration 5, delta = 0.230554   Computing Frechet mean: iteration 6, delta = 0.169173   Computing Frechet mean: iteration 7, delta = 0.127579   Computing Frechet mean: iteration 8, delta = 0.097864   Computing Frechet mean: iteration 9, delta = 0.075920   Computing Frechet mean: iteration 10, delta = 0.059356   Computing Frechet mean: iteration 11, delta = 0.046663   Computing Frechet mean: iteration 12, delta = 0.036833   Computing Frechet mean: iteration 13, delta = 0.029162   Computing Frechet mean: iteration 14, delta = 0.023142   Computing Frechet mean: iteration 15, delta = 0.018396   Computing Frechet mean: iteration 16, delta = 0.014643   Computing Frechet mean: iteration 17, delta = 0.011668   Computing Frechet mean: iteration 18, delta = 0.009305   Computing Frechet mean: iteration 19, delta = 0.007426   Computing Frechet mean: iteration 20, delta = 0.005929   Computing Frechet mean: iteration 21, delta = 0.004736   Computing Frechet mean: iteration 22, delta = 0.003784   Computing Frechet mean: iteration 23, delta = 0.003024   Computing Frechet mean: iteration 24, delta = 0.002417   Computing Frechet mean: iteration 25, delta = 0.001932   Computing Frechet mean: iteration 26, delta = 0.001545   Computing Frechet mean: iteration 27, delta = 0.001236   Computing Frechet mean: iteration 28, delta = 0.000988   tangent images were null, so they will be computed   Computing Frechet mean: iteration 1, delta = Inf   Computing Frechet mean: iteration 2, delta = 0.952594   Computing Frechet mean: iteration 3, delta = 0.449561   Computing Frechet mean: iteration 4, delta = 0.278101   Computing Frechet mean: iteration 5, delta = 0.190824   Computing Frechet mean: iteration 6, delta = 0.138024   Computing Frechet mean: iteration 7, delta = 0.102955   Computing Frechet mean: iteration 8, delta = 0.078314   Computing Frechet mean: iteration 9, delta = 0.060359   Computing Frechet mean: iteration 10, delta = 0.046952   Computing Frechet mean: iteration 11, delta = 0.036766   Computing Frechet mean: iteration 12, delta = 0.028931   Computing Frechet mean: iteration 13, delta = 0.022849   Computing Frechet mean: iteration 14, delta = 0.018097   Computing Frechet mean: iteration 15, delta = 0.014363   Computing Frechet mean: iteration 16, delta = 0.011419   Computing Frechet mean: iteration 17, delta = 0.009091   Computing Frechet mean: iteration 18, delta = 0.007244   Computing Frechet mean: iteration 19, delta = 0.005777   Computing Frechet mean: iteration 20, delta = 0.004610   Computing Frechet mean: iteration 21, delta = 0.003681   Computing Frechet mean: iteration 22, delta = 0.002940   Computing Frechet mean: iteration 23, delta = 0.002349   Computing Frechet mean: iteration 24, delta = 0.001877   Computing Frechet mean: iteration 25, delta = 0.001501   Computing Frechet mean: iteration 26, delta = 0.001200   Computing Frechet mean: iteration 27, delta = 0.000959   Computing Frechet mean: iteration 1, delta = Inf   Computing Frechet mean: iteration 2, delta = 0.735727   Computing Frechet mean: iteration 3, delta = 0.317145   Computing Frechet mean: iteration 4, delta = 0.182591   Computing Frechet mean: iteration 5, delta = 0.118348   Computing Frechet mean: iteration 6, delta = 0.081813   Computing Frechet mean: iteration 7, delta = 0.058869   Computing Frechet mean: iteration 8, delta = 0.043514   Computing Frechet mean: iteration 9, delta = 0.032782   Computing Frechet mean: iteration 10, delta = 0.025040   Computing Frechet mean: iteration 11, delta = 0.019325   Computing Frechet mean: iteration 12, delta = 0.015032   Computing Frechet mean: iteration 13, delta = 0.011763   Computing Frechet mean: iteration 14, delta = 0.009248   Computing Frechet mean: iteration 15, delta = 0.007297   Computing Frechet mean: iteration 16, delta = 0.005774   Computing Frechet mean: iteration 17, delta = 0.004579   Computing Frechet mean: iteration 18, delta = 0.003638   Computing Frechet mean: iteration 19, delta = 0.002895   Computing Frechet mean: iteration 20, delta = 0.002306   Computing Frechet mean: iteration 21, delta = 0.001838   Computing Frechet mean: iteration 22, delta = 0.001466   Computing Frechet mean: iteration 23, delta = 0.001170   Computing Frechet mean: iteration 24, delta = 0.000935   tangent images were null, so they will be computed   Computing Frechet mean: iteration 1, delta = Inf   Computing Frechet mean: iteration 2, delta = 0.988697   Computing Frechet mean: iteration 3, delta = 0.472272   Computing Frechet mean: iteration 4, delta = 0.294843   Computing Frechet mean: iteration 5, delta = 0.203736   Computing Frechet mean: iteration 6, delta = 0.148160   Computing Frechet mean: iteration 7, delta = 0.110978   Computing Frechet mean: iteration 8, delta = 0.084691   Computing Frechet mean: iteration 9, delta = 0.065441   Computing Frechet mean: iteration 10, delta = 0.051006   Computing Frechet mean: iteration 11, delta = 0.040003   Computing Frechet mean: iteration 12, delta = 0.031518   Computing Frechet mean: iteration 13, delta = 0.024917   Computing Frechet mean: iteration 14, delta = 0.019750   Computing Frechet mean: iteration 15, delta = 0.015686   Computing Frechet mean: iteration 16, delta = 0.012477   Computing Frechet mean: iteration 17, delta = 0.009937   Computing Frechet mean: iteration 18, delta = 0.007921   Computing Frechet mean: iteration 19, delta = 0.006319   Computing Frechet mean: iteration 20, delta = 0.005043   Computing Frechet mean: iteration 21, delta = 0.004028   Computing Frechet mean: iteration 22, delta = 0.003217   Computing Frechet mean: iteration 23, delta = 0.002571   Computing Frechet mean: iteration 24, delta = 0.002055   Computing Frechet mean: iteration 25, delta = 0.001643   Computing Frechet mean: iteration 26, delta = 0.001313   Computing Frechet mean: iteration 27, delta = 0.001050   Computing Frechet mean: iteration 28, delta = 0.000840   tangent images were null, so they will be computed   Computing Frechet mean: iteration 1, delta = Inf   Computing Frechet mean: iteration 2, delta = 1.023303   Computing Frechet mean: iteration 3, delta = 0.493997   Computing Frechet mean: iteration 4, delta = 0.310827   Computing Frechet mean: iteration 5, delta = 0.216040   Computing Frechet mean: iteration 6, delta = 0.157802   Computing Frechet mean: iteration 7, delta = 0.118598   Computing Frechet mean: iteration 8, delta = 0.090741   Computing Frechet mean: iteration 9, delta = 0.070255   Computing Frechet mean: iteration 10, delta = 0.054843   Computing Frechet mean: iteration 11, delta = 0.043065   Computing Frechet mean: iteration 12, delta = 0.033962   Computing Frechet mean: iteration 13, delta = 0.026870   Computing Frechet mean: iteration 14, delta = 0.021311   Computing Frechet mean: iteration 15, delta = 0.016933   Computing Frechet mean: iteration 16, delta = 0.013474   Computing Frechet mean: iteration 17, delta = 0.010734   Computing Frechet mean: iteration 18, delta = 0.008558   Computing Frechet mean: iteration 19, delta = 0.006829   Computing Frechet mean: iteration 20, delta = 0.005451   Computing Frechet mean: iteration 21, delta = 0.004354   Computing Frechet mean: iteration 22, delta = 0.003478   Computing Frechet mean: iteration 23, delta = 0.002780   Computing Frechet mean: iteration 24, delta = 0.002222   Computing Frechet mean: iteration 25, delta = 0.001776   Computing Frechet mean: iteration 26, delta = 0.001420   Computing Frechet mean: iteration 27, delta = 0.001136   Computing Frechet mean: iteration 28, delta = 0.000908   Computing Frechet mean: iteration 1, delta = Inf   Computing Frechet mean: iteration 2, delta = 0.869010   Computing Frechet mean: iteration 3, delta = 0.397450   Computing Frechet mean: iteration 4, delta = 0.239928   Computing Frechet mean: iteration 5, delta = 0.161519   Computing Frechet mean: iteration 6, delta = 0.115094   Computing Frechet mean: iteration 7, delta = 0.084850   Computing Frechet mean: iteration 8, delta = 0.063948   Computing Frechet mean: iteration 9, delta = 0.048929   Computing Frechet mean: iteration 10, delta = 0.037842   Computing Frechet mean: iteration 11, delta = 0.029497   Computing Frechet mean: iteration 12, delta = 0.023127   Computing Frechet mean: iteration 13, delta = 0.018213   Computing Frechet mean: iteration 14, delta = 0.014392   Computing Frechet mean: iteration 15, delta = 0.011402   Computing Frechet mean: iteration 16, delta = 0.009052   Computing Frechet mean: iteration 17, delta = 0.007198   Computing Frechet mean: iteration 18, delta = 0.005730   Computing Frechet mean: iteration 19, delta = 0.004567   Computing Frechet mean: iteration 20, delta = 0.003642   Computing Frechet mean: iteration 21, delta = 0.002907   Computing Frechet mean: iteration 22, delta = 0.002321   Computing Frechet mean: iteration 23, delta = 0.001854   Computing Frechet mean: iteration 24, delta = 0.001481   Computing Frechet mean: iteration 25, delta = 0.001184   Computing Frechet mean: iteration 26, delta = 0.000946   tangent images were null, so they will be computed   Computing Frechet mean: iteration 1, delta = Inf   Computing Frechet mean: iteration 2, delta = 0.952594   Computing Frechet mean: iteration 3, delta = 0.449561   Computing Frechet mean: iteration 4, delta = 0.278101   Computing Frechet mean: iteration 5, delta = 0.190824   Computing Frechet mean: iteration 6, delta = 0.138024   Computing Frechet mean: iteration 7, delta = 0.102955   Computing Frechet mean: iteration 8, delta = 0.078314   Computing Frechet mean: iteration 9, delta = 0.060359   Computing Frechet mean: iteration 10, delta = 0.046952   Computing Frechet mean: iteration 11, delta = 0.036766   Computing Frechet mean: iteration 12, delta = 0.028931   Computing Frechet mean: iteration 13, delta = 0.022849   Computing Frechet mean: iteration 14, delta = 0.018097   Computing Frechet mean: iteration 15, delta = 0.014363   Computing Frechet mean: iteration 16, delta = 0.011419   Computing Frechet mean: iteration 17, delta = 0.009091   Computing Frechet mean: iteration 18, delta = 0.007244   Computing Frechet mean: iteration 19, delta = 0.005777   Computing Frechet mean: iteration 20, delta = 0.004610   Computing Frechet mean: iteration 21, delta = 0.003681   Computing Frechet mean: iteration 22, delta = 0.002940   Computing Frechet mean: iteration 23, delta = 0.002349   Computing Frechet mean: iteration 24, delta = 0.001877   Computing Frechet mean: iteration 25, delta = 0.001501   Computing Frechet mean: iteration 26, delta = 0.001200   Computing Frechet mean: iteration 27, delta = 0.000959   tangent images were null, so they will be computed   Computing Frechet mean: iteration 1, delta = Inf   Computing Frechet mean: iteration 2, delta = 1.063907   Computing Frechet mean: iteration 3, delta = 0.519579   Computing Frechet mean: iteration 4, delta = 0.329677   Computing Frechet mean: iteration 5, delta = 0.230554   Computing Frechet mean: iteration 6, delta = 0.169173   Computing Frechet mean: iteration 7, delta = 0.127579   Computing Frechet mean: iteration 8, delta = 0.097864   Computing Frechet mean: iteration 9, delta = 0.075920   Computing Frechet mean: iteration 10, delta = 0.059356   Computing Frechet mean: iteration 11, delta = 0.046663   Computing Frechet mean: iteration 12, delta = 0.036833   Computing Frechet mean: iteration 13, delta = 0.029162   Computing Frechet mean: iteration 14, delta = 0.023142   Computing Frechet mean: iteration 15, delta = 0.018396   Computing Frechet mean: iteration 16, delta = 0.014643   Computing Frechet mean: iteration 17, delta = 0.011668   Computing Frechet mean: iteration 18, delta = 0.009305   Computing Frechet mean: iteration 19, delta = 0.007426   Computing Frechet mean: iteration 20, delta = 0.005929   Computing Frechet mean: iteration 21, delta = 0.004736   Computing Frechet mean: iteration 22, delta = 0.003784   Computing Frechet mean: iteration 23, delta = 0.003024   Computing Frechet mean: iteration 24, delta = 0.002417   Computing Frechet mean: iteration 25, delta = 0.001932   Computing Frechet mean: iteration 26, delta = 0.001545   Computing Frechet mean: iteration 27, delta = 0.001236   Computing Frechet mean: iteration 28, delta = 0.000988   Computing Frechet mean: iteration 1, delta = Inf   Computing Frechet mean: iteration 2, delta = 0.869010   Computing Frechet mean: iteration 3, delta = 0.397450   Computing Frechet mean: iteration 4, delta = 0.239928   Computing Frechet mean: iteration 5, delta = 0.161519   Computing Frechet mean: iteration 6, delta = 0.115094   Computing Frechet mean: iteration 7, delta = 0.084850   Computing Frechet mean: iteration 8, delta = 0.063948   Computing Frechet mean: iteration 9, delta = 0.048929   Computing Frechet mean: iteration 10, delta = 0.037842   Computing Frechet mean: iteration 11, delta = 0.029497   Computing Frechet mean: iteration 12, delta = 0.023127   Computing Frechet mean: iteration 13, delta = 0.018213   Computing Frechet mean: iteration 14, delta = 0.014392   Computing Frechet mean: iteration 15, delta = 0.011402   Computing Frechet mean: iteration 16, delta = 0.009052   Computing Frechet mean: iteration 17, delta = 0.007198   Computing Frechet mean: iteration 18, delta = 0.005730   Computing Frechet mean: iteration 19, delta = 0.004567   Computing Frechet mean: iteration 20, delta = 0.003642   Computing Frechet mean: iteration 21, delta = 0.002907   Computing Frechet mean: iteration 22, delta = 0.002321   Computing Frechet mean: iteration 23, delta = 0.001854   Computing Frechet mean: iteration 24, delta = 0.001481   Computing Frechet mean: iteration 25, delta = 0.001184   Computing Frechet mean: iteration 26, delta = 0.000946   Found3batches   Adjusting for0covariate(s) or covariate level(s)   Standardizing Data across genes   Fitting L/S model and finding priors   Finding parametric adjustments   Saving _problems/test-functionality-83.R   tangent images were null, so they will be computed   Computing Frechet mean: iteration 1, delta = Inf   Computing Frechet mean: iteration 2, delta = 0.952594   Computing Frechet mean: iteration 3, delta = 0.449561   Computing Frechet mean: iteration 4, delta = 0.278101   Computing Frechet mean: iteration 5, delta = 0.190824   Computing Frechet mean: iteration 6, delta = 0.138024   Computing Frechet mean: iteration 7, delta = 0.102955   Computing Frechet mean: iteration 8, delta = 0.078314   Computing Frechet mean: iteration 9, delta = 0.060359   Computing Frechet mean: iteration 10, delta = 0.046952   Computing Frechet mean: iteration 11, delta = 0.036766   Computing Frechet mean: iteration 12, delta = 0.028931   Computing Frechet mean: iteration 13, delta = 0.022849   Computing Frechet mean: iteration 14, delta = 0.018097   Computing Frechet mean: iteration 15, delta = 0.014363   Computing Frechet mean: iteration 16, delta = 0.011419   Computing Frechet mean: iteration 17, delta = 0.009091   Computing Frechet mean: iteration 18, delta = 0.007244   Computing Frechet mean: iteration 19, delta = 0.005777   Computing Frechet mean: iteration 20, delta = 0.004610   Computing Frechet mean: iteration 21, delta = 0.003681   Computing Frechet mean: iteration 22, delta = 0.002940   Computing Frechet mean: iteration 23, delta = 0.002349   Computing Frechet mean: iteration 24, delta = 0.001877   Computing Frechet mean: iteration 25, delta = 0.001501   Computing Frechet mean: iteration 26, delta = 0.001200   Computing Frechet mean: iteration 27, delta = 0.000959   tangent images were null, so they will be computed   Computing Frechet mean: iteration 1, delta = Inf   Computing Frechet mean: iteration 2, delta = 0.966395   Computing Frechet mean: iteration 3, delta = 0.458238   Computing Frechet mean: iteration 4, delta = 0.284495   Computing Frechet mean: iteration 5, delta = 0.195755   Computing Frechet mean: iteration 6, delta = 0.141895   Computing Frechet mean: iteration 7, delta = 0.106020   Computing Frechet mean: iteration 8, delta = 0.080750   Computing Frechet mean: iteration 9, delta = 0.062301   Computing Frechet mean: iteration 10, delta = 0.048501   Computing Frechet mean: iteration 11, delta = 0.038002   Computing Frechet mean: iteration 12, delta = 0.029919   Computing Frechet mean: iteration 13, delta = 0.023639   Computing Frechet mean: iteration 14, delta = 0.018728   Computing Frechet mean: iteration 15, delta = 0.014869   Computing Frechet mean: iteration 16, delta = 0.011823   Computing Frechet mean: iteration 17, delta = 0.009414   Computing Frechet mean: iteration 18, delta = 0.007502   Computing Frechet mean: iteration 19, delta = 0.005984   Computing Frechet mean: iteration 20, delta = 0.004776   Computing Frechet mean: iteration 21, delta = 0.003813   Computing Frechet mean: iteration 22, delta = 0.003046   Computing Frechet mean: iteration 23, delta = 0.002434   Computing Frechet mean: iteration 24, delta = 0.001945   Computing Frechet mean: iteration 25, delta = 0.001555   Computing Frechet mean: iteration 26, delta = 0.001243   Computing Frechet mean: iteration 27, delta = 0.000994   Computing Frechet mean: iteration 1, delta = Inf   Computing Frechet mean: iteration 2, delta = 0.786355   Computing Frechet mean: iteration 3, delta = 0.347353   Computing Frechet mean: iteration 4, delta = 0.203990   Computing Frechet mean: iteration 5, delta = 0.134358   Computing Frechet mean: iteration 6, delta = 0.094092   Computing Frechet mean: iteration 7, delta = 0.068415   Computing Frechet mean: iteration 8, delta = 0.050998   Computing Frechet mean: iteration 9, delta = 0.038680   Computing Frechet mean: iteration 10, delta = 0.029706   Computing Frechet mean: iteration 11, delta = 0.023026   Computing Frechet mean: iteration 12, delta = 0.017973   Computing Frechet mean: iteration 13, delta = 0.014104   Computing Frechet mean: iteration 14, delta = 0.011113   Computing Frechet mean: iteration 15, delta = 0.008785   Computing Frechet mean: iteration 16, delta = 0.006961   Computing Frechet mean: iteration 17, delta = 0.005527   Computing Frechet mean: iteration 18, delta = 0.004395   Computing Frechet mean: iteration 19, delta = 0.003500   Computing Frechet mean: iteration 20, delta = 0.002789   Computing Frechet mean: iteration 21, delta = 0.002224   Computing Frechet mean: iteration 22, delta = 0.001775   Computing Frechet mean: iteration 23, delta = 0.001417   Computing Frechet mean: iteration 24, delta = 0.001132   Computing Frechet mean: iteration 25, delta = 0.000905   tangent images were null, so they will be computed   Computing Frechet mean: iteration 1, delta = Inf   Computing Frechet mean: iteration 2, delta = 0.975676   Computing Frechet mean: iteration 3, delta = 0.464069   Computing Frechet mean: iteration 4, delta = 0.288793   Computing Frechet mean: iteration 5, delta = 0.199070   Computing Frechet mean: iteration 6, delta = 0.144497   Computing Frechet mean: iteration 7, delta = 0.108080   Computing Frechet mean: iteration 8, delta = 0.082389   Computing Frechet mean: iteration 9, delta = 0.063607   Computing Frechet mean: iteration 10, delta = 0.049543   Computing Frechet mean: iteration 11, delta = 0.038836   Computing Frechet mean: iteration 12, delta = 0.030585   Computing Frechet mean: iteration 13, delta = 0.024172   Computing Frechet mean: iteration 14, delta = 0.019155   Computing Frechet mean: iteration 15, delta = 0.015210   Computing Frechet mean: iteration 16, delta = 0.012096   Computing Frechet mean: iteration 17, delta = 0.009632   Computing Frechet mean: iteration 18, delta = 0.007677   Computing Frechet mean: iteration 19, delta = 0.006124   Computing Frechet mean: iteration 20, delta = 0.004888   Computing Frechet mean: iteration 21, delta = 0.003903   Computing Frechet mean: iteration 22, delta = 0.003118   Computing Frechet mean: iteration 23, delta = 0.002491   Computing Frechet mean: iteration 24, delta = 0.001991   Computing Frechet mean: iteration 25, delta = 0.001592   Computing Frechet mean: iteration 26, delta = 0.001273   Computing Frechet mean: iteration 27, delta = 0.001018   Computing Frechet mean: iteration 28, delta = 0.000814   tangent images were null, so they will be computed   Computing Frechet mean: iteration 1, delta = Inf   Computing Frechet mean: iteration 2, delta = 0.944927   Computing Frechet mean: iteration 3, delta = 0.444729   Computing Frechet mean: iteration 4, delta = 0.274532   Computing Frechet mean: iteration 5, delta = 0.188068   Computing Frechet mean: iteration 6, delta = 0.135858   Computing Frechet mean: iteration 7, delta = 0.101240   Computing Frechet mean: iteration 8, delta = 0.076950   Computing Frechet mean: iteration 9, delta = 0.059272   Computing Frechet mean: iteration 10, delta = 0.046084   Computing Frechet mean: iteration 11, delta = 0.036073   Computing Frechet mean: iteration 12, delta = 0.028378   Computing Frechet mean: iteration 13, delta = 0.022408   Computing Frechet mean: iteration 14, delta = 0.017744   Computing Frechet mean: iteration 15, delta = 0.014082   Computing Frechet mean: iteration 16, delta = 0.011194   Computing Frechet mean: iteration 17, delta = 0.008911   Computing Frechet mean: iteration 18, delta = 0.007100   Computing Frechet mean: iteration 19, delta = 0.005662   Computing Frechet mean: iteration 20, delta = 0.004518   Computing Frechet mean: iteration 21, delta = 0.003608   Computing Frechet mean: iteration 22, delta = 0.002881   Computing Frechet mean: iteration 23, delta = 0.002302   Computing Frechet mean: iteration 24, delta = 0.001840   Computing Frechet mean: iteration 25, delta = 0.001471   Computing Frechet mean: iteration 26, delta = 0.001176   Computing Frechet mean: iteration 27, delta = 0.000940   Computing Frechet mean: iteration 1, delta = Inf   Computing Frechet mean: iteration 2, delta = 0.775138   Computing Frechet mean: iteration 3, delta = 0.340634   Computing Frechet mean: iteration 4, delta = 0.199215   Computing Frechet mean: iteration 5, delta = 0.130776   Computing Frechet mean: iteration 6, delta = 0.091339   Computing Frechet mean: iteration 7, delta = 0.066271   Computing Frechet mean: iteration 8, delta = 0.049314   Computing Frechet mean: iteration 9, delta = 0.037351   Computing Frechet mean: iteration 10, delta = 0.028654   Computing Frechet mean: iteration 11, delta = 0.022191   Computing Frechet mean: iteration 12, delta = 0.017309   Computing Frechet mean: iteration 13, delta = 0.013575   Computing Frechet mean: iteration 14, delta = 0.010692   Computing Frechet mean: iteration 15, delta = 0.008448   Computing Frechet mean: iteration 16, delta = 0.006693   Computing Frechet mean: iteration 17, delta = 0.005313   Computing Frechet mean: iteration 18, delta = 0.004224   Computing Frechet mean: iteration 19, delta = 0.003363   Computing Frechet mean: iteration 20, delta = 0.002680   Computing Frechet mean: iteration 21, delta = 0.002137   Computing Frechet mean: iteration 22, delta = 0.001705   Computing Frechet mean: iteration 23, delta = 0.001362   Computing Frechet mean: iteration 24, delta = 0.001088   Computing Frechet mean: iteration 25, delta = 0.000869   Found2batches   Adjusting for0covariate(s) or covariate level(s)   Standardizing Data across genes   Fitting L/S model and finding priors   Finding parametric adjustments   Adjusting the Data      tangent images were null, so they will be computed   Computing Frechet mean: iteration 1, delta = Inf   Computing Frechet mean: iteration 2, delta = 0.957088   Computing Frechet mean: iteration 3, delta = 0.452388   Computing Frechet mean: iteration 4, delta = 0.280188   Computing Frechet mean: iteration 5, delta = 0.192437   Computing Frechet mean: iteration 6, delta = 0.139293   Computing Frechet mean: iteration 7, delta = 0.103962   Computing Frechet mean: iteration 8, delta = 0.079116   Computing Frechet mean: iteration 9, delta = 0.061000   Computing Frechet mean: iteration 10, delta = 0.047464   Computing Frechet mean: iteration 11, delta = 0.037175   Computing Frechet mean: iteration 12, delta = 0.029258   Computing Frechet mean: iteration 13, delta = 0.023111   Computing Frechet mean: iteration 14, delta = 0.018307   Computing Frechet mean: iteration 15, delta = 0.014532   Computing Frechet mean: iteration 16, delta = 0.011554   Computing Frechet mean: iteration 17, delta = 0.009198   Computing Frechet mean: iteration 18, delta = 0.007330   Computing Frechet mean: iteration 19, delta = 0.005846   Computing Frechet mean: iteration 20, delta = 0.004666   Computing Frechet mean: iteration 21, delta = 0.003725   Computing Frechet mean: iteration 22, delta = 0.002976   Computing Frechet mean: iteration 23, delta = 0.002377   Computing Frechet mean: iteration 24, delta = 0.001900   Computing Frechet mean: iteration 25, delta = 0.001519   Computing Frechet mean: iteration 26, delta = 0.001214   Computing Frechet mean: iteration 27, delta = 0.000971   tangent images were null, so they will be computed   Computing Frechet mean: iteration 1, delta = Inf   Computing Frechet mean: iteration 2, delta = 0.954414   Computing Frechet mean: iteration 3, delta = 0.450710   Computing Frechet mean: iteration 4, delta = 0.278952   Computing Frechet mean: iteration 5, delta = 0.191485   Computing Frechet mean: iteration 6, delta = 0.138546   Computing Frechet mean: iteration 7, delta = 0.103371   Computing Frechet mean: iteration 8, delta = 0.078647   Computing Frechet mean: iteration 9, delta = 0.060626   Computing Frechet mean: iteration 10, delta = 0.047165   Computing Frechet mean: iteration 11, delta = 0.036937   Computing Frechet mean: iteration 12, delta = 0.029068   Computing Frechet mean: iteration 13, delta = 0.022959   Computing Frechet mean: iteration 14, delta = 0.018185   Computing Frechet mean: iteration 15, delta = 0.014434   Computing Frechet mean: iteration 16, delta = 0.011476   Computing Frechet mean: iteration 17, delta = 0.009136   Computing Frechet mean: iteration 18, delta = 0.007281   Computing Frechet mean: iteration 19, delta = 0.005807   Computing Frechet mean: iteration 20, delta = 0.004634   Computing Frechet mean: iteration 21, delta = 0.003700   Computing Frechet mean: iteration 22, delta = 0.002955   Computing Frechet mean: iteration 23, delta = 0.002361   Computing Frechet mean: iteration 24, delta = 0.001887   Computing Frechet mean: iteration 25, delta = 0.001508   Computing Frechet mean: iteration 26, delta = 0.001206   Computing Frechet mean: iteration 27, delta = 0.000964   Computing Frechet mean: iteration 1, delta = Inf   Computing Frechet mean: iteration 2, delta = 0.786792   Computing Frechet mean: iteration 3, delta = 0.347614   Computing Frechet mean: iteration 4, delta = 0.204175   Computing Frechet mean: iteration 5, delta = 0.134496   Computing Frechet mean: iteration 6, delta = 0.094198   Computing Frechet mean: iteration 7, delta = 0.068498   Computing Frechet mean: iteration 8, delta = 0.051063   Computing Frechet mean: iteration 9, delta = 0.038731   Computing Frechet mean: iteration 10, delta = 0.029746   Computing Frechet mean: iteration 11, delta = 0.023058   Computing Frechet mean: iteration 12, delta = 0.017999   Computing Frechet mean: iteration 13, delta = 0.014124   Computing Frechet mean: iteration 14, delta = 0.011129   Computing Frechet mean: iteration 15, delta = 0.008797   Computing Frechet mean: iteration 16, delta = 0.006972   Computing Frechet mean: iteration 17, delta = 0.005535   Computing Frechet mean: iteration 18, delta = 0.004402   Computing Frechet mean: iteration 19, delta = 0.003505   Computing Frechet mean: iteration 20, delta = 0.002793   Computing Frechet mean: iteration 21, delta = 0.002228   Computing Frechet mean: iteration 22, delta = 0.001778   Computing Frechet mean: iteration 23, delta = 0.001420   Computing Frechet mean: iteration 24, delta = 0.001134   Computing Frechet mean: iteration 25, delta = 0.000906   Computing Frechet mean: iteration 1, delta = Inf   Computing Frechet mean: iteration 2, delta = 0.955717   Computing Frechet mean: iteration 3, delta = 0.451526   Computing Frechet mean: iteration 4, delta = 0.279551   Computing Frechet mean: iteration 5, delta = 0.191945   Computing Frechet mean: iteration 6, delta = 0.138906   Computing Frechet mean: iteration 7, delta = 0.103655   Computing Frechet mean: iteration 8, delta = 0.078872   Computing Frechet mean: iteration 9, delta = 0.060805   Computing Frechet mean: iteration 10, delta = 0.047308   Computing Frechet mean: iteration 11, delta = 0.037050   Computing Frechet mean: iteration 12, delta = 0.029158   Computing Frechet mean: iteration 13, delta = 0.023031   Computing Frechet mean: iteration 14, delta = 0.018242   Computing Frechet mean: iteration 15, delta = 0.014480   Computing Frechet mean: iteration 16, delta = 0.011513   Computing Frechet mean: iteration 17, delta = 0.009165   Computing Frechet mean: iteration 18, delta = 0.007304   Computing Frechet mean: iteration 19, delta = 0.005825   Computing Frechet mean: iteration 20, delta = 0.004649   Computing Frechet mean: iteration 21, delta = 0.003712   Computing Frechet mean: iteration 22, delta = 0.002965   Computing Frechet mean: iteration 23, delta = 0.002369   Computing Frechet mean: iteration 24, delta = 0.001893   Computing Frechet mean: iteration 25, delta = 0.001513   Computing Frechet mean: iteration 26, delta = 0.001210   Computing Frechet mean: iteration 27, delta = 0.000967   Computing Frechet mean: iteration 1, delta = Inf   Computing Frechet mean: iteration 2, delta = 0.955718   Computing Frechet mean: iteration 3, delta = 0.451526   Computing Frechet mean: iteration 4, delta = 0.279552   Computing Frechet mean: iteration 5, delta = 0.191946   Computing Frechet mean: iteration 6, delta = 0.138907   Computing Frechet mean: iteration 7, delta = 0.103656   Computing Frechet mean: iteration 8, delta = 0.078872   Computing Frechet mean: iteration 9, delta = 0.060805   Computing Frechet mean: iteration 10, delta = 0.047308   Computing Frechet mean: iteration 11, delta = 0.037050   Computing Frechet mean: iteration 12, delta = 0.029159   Computing Frechet mean: iteration 13, delta = 0.023032   Computing Frechet mean: iteration 14, delta = 0.018243   Computing Frechet mean: iteration 15, delta = 0.014480   Computing Frechet mean: iteration 16, delta = 0.011513   Computing Frechet mean: iteration 17, delta = 0.009165   Computing Frechet mean: iteration 18, delta = 0.007304   Computing Frechet mean: iteration 19, delta = 0.005825   Computing Frechet mean: iteration 20, delta = 0.004649   Computing Frechet mean: iteration 21, delta = 0.003712   Computing Frechet mean: iteration 22, delta = 0.002965   Computing Frechet mean: iteration 23, delta = 0.002369   Computing Frechet mean: iteration 24, delta = 0.001893   Computing Frechet mean: iteration 25, delta = 0.001513   Computing Frechet mean: iteration 26, delta = 0.001210   Computing Frechet mean: iteration 27, delta = 0.000967   Computing Frechet mean: iteration 1, delta = Inf   Computing Frechet mean: iteration 2, delta = 0.781462   Computing Frechet mean: iteration 3, delta = 0.344422   Computing Frechet mean: iteration 4, delta = 0.201907   Computing Frechet mean: iteration 5, delta = 0.132795   Computing Frechet mean: iteration 6, delta = 0.092891   Computing Frechet mean: iteration 7, delta = 0.067479   Computing Frechet mean: iteration 8, delta = 0.050263   Computing Frechet mean: iteration 9, delta = 0.038100   Computing Frechet mean: iteration 10, delta = 0.029247   Computing Frechet mean: iteration 11, delta = 0.022662   Computing Frechet mean: iteration 12, delta = 0.017684   Computing Frechet mean: iteration 13, delta = 0.013873   Computing Frechet mean: iteration 14, delta = 0.010929   Computing Frechet mean: iteration 15, delta = 0.008638   Computing Frechet mean: iteration 16, delta = 0.006844   Computing Frechet mean: iteration 17, delta = 0.005434   Computing Frechet mean: iteration 18, delta = 0.004321   Computing Frechet mean: iteration 19, delta = 0.003440   Computing Frechet mean: iteration 20, delta = 0.002741   Computing Frechet mean: iteration 21, delta = 0.002186   Computing Frechet mean: iteration 22, delta = 0.001745   Computing Frechet mean: iteration 23, delta = 0.001393   Computing Frechet mean: iteration 24, delta = 0.001113   Computing Frechet mean: iteration 25, delta = 0.000889   [ FAIL 1 | WARN 1 | SKIP 0 | PASS 118 ]      ══ Failed tests ════════════════════════════════════════════════════════════════   ── Error ('test-functionality.R:83:3'): combat_harmonization functionality ─────   <bplist_error/bperror/error/condition>   Error: BiocParallel errors     1 remote errors, element index: 1     2 unevaluated and other errors     first remote error:   Error in while (change > conv) {: missing value where TRUE/FALSE needed      Backtrace:       ▆    1. └─riemstats::combat_harmonization(ss) at test-functionality.R:83:3    2. ├─base::t(sva::ComBat(dat = t(data_matrix), batch = batch_vector))    3. └─sva::ComBat(dat = t(data_matrix), batch = batch_vector)    4. ├─BiocParallel::bplapply(...)    5. └─BiocParallel::bplapply(...)    6. └─BiocParallel:::.bpinit(...)      [ FAIL 1 | WARN 1 | SKIP 0 | PASS 118 ]   Error:   ! Test failures.   Execution halted
  • checking for unstated dependencies in vignettes ... OK
  • checking package vignettes ... OK
  • checking re-building of vignette outputs ... [7s/7s] OK
  • checking PDF version of manual ... [1s/1s] OK
  • DONE Status: 1 ERROR
  • using check arguments '--no-clean-on-error '