• using R version 4.5.0 beta (2025-03-29 r88069)
  • using platform: aarch64-apple-darwin20
  • R was compiled by     Apple clang version 14.0.0 (clang-1400.0.29.202)     GNU Fortran (GCC) 14.2.0
  • running under: macOS Ventura 13.4
  • using session charset: UTF-8
  • checking for file ‘randquotes/DESCRIPTION’ ... OK
  • checking extension type ... Package
  • this is package ‘randquotes’ version ‘0.1.1’
  • package encoding: UTF-8
  • checking package namespace information ... OK
  • checking package dependencies ... OK
  • checking if this is a source package ... OK
  • checking if there is a namespace ... OK
  • checking for executable files ... OK
  • checking for hidden files and directories ... OK
  • checking for portable file names ... OK
  • checking for sufficient/correct file permissions ... OK
  • checking whether package ‘randquotes’ can be installed ... [1s/1s] OK See the install log for details.
  • checking installed package size ... OK
  • checking package directory ... OK
  • checking DESCRIPTION meta-information ... OK
  • checking top-level files ... OK
  • checking for left-over files ... OK
  • checking index information ... OK
  • checking package subdirectories ... NOTE Problems with news in ‘NEWS.md’: No news entries found.
  • checking code files for non-ASCII characters ... OK
  • checking R files for syntax errors ... OK
  • checking whether the package can be loaded ... [0s/0s] OK
  • checking whether the package can be loaded with stated dependencies ... [0s/0s] OK
  • checking whether the package can be unloaded cleanly ... [0s/0s] OK
  • checking whether the namespace can be loaded with stated dependencies ... [0s/0s] OK
  • checking whether the namespace can be unloaded cleanly ... [0s/0s] OK
  • checking loading without being on the library search path ... [0s/0s] OK
  • checking dependencies in R code ... OK
  • checking S3 generic/method consistency ... OK
  • checking replacement functions ... OK
  • checking foreign function calls ... OK
  • checking R code for possible problems ... [1s/1s] OK
  • checking Rd files ... [0s/0s] OK
  • checking Rd metadata ... OK
  • checking Rd cross-references ... OK
  • checking for missing documentation entries ... OK
  • checking for code/documentation mismatches ... OK
  • checking Rd \usage sections ... OK
  • checking Rd contents ... OK
  • checking for unstated dependencies in examples ... OK
  • checking examples ... [0s/4s] ERROR Running examples in ‘randquotes-Ex.R’ failed The error most likely occurred in: > ### Name: randquote > ### Title: Get Random Quotes > ### Aliases: randquote > > ### ** Examples > > randquote() Error in randquote() : Fetching failed. The API call returned 400 error Execution halted
  • checking for unstated dependencies in ‘tests’ ... OK
  • checking tests ... [1s/1s] ERROR   Running ‘test-all.R’ [0s/1s] Running the tests in ‘tests/test-all.R’ failed. Complete output:   > library(testthat)   > test_check("randquotes")   Loading required package: randquotes   [ FAIL 1 | WARN 0 | SKIP 0 | PASS 0 ]      ══ Failed tests ════════════════════════════════════════════════════════════════   ── Error ('test-randquotes.R:4:3'): the functions of randquotes ────────────────   Error in `randquote()`: Fetching failed. The API call returned 400 error   Backtrace:       ▆    1. ├─testthat::expect_that(randquote(), is_a("data.frame")) at test-randquotes.R:4:3    2. │ └─testthat (local) condition(object)    3. │ └─testthat::expect_is(x, class)    4. │ └─testthat::quasi_label(enquo(object), label, arg = "object")    5. │ └─rlang::eval_bare(expr, quo_get_env(quo))    6. └─randquotes::randquote()      [ FAIL 1 | WARN 0 | SKIP 0 | PASS 0 ]   Error: Test failures   Execution halted
  • checking PDF version of manual ... [3s/4s] OK
  • DONE Status: 2 ERRORs, 1 NOTE
  • using check arguments '--no-clean-on-error '