- using R version 4.2.0 (2022-04-22)
- using platform: aarch64-apple-darwin20 (64-bit)
- using session charset: UTF-8
- checking for file ‘pamr/DESCRIPTION’ ... OK
- this is package ‘pamr’ version ‘1.56.1’
- checking package namespace information ... OK
- checking package dependencies ... OK
- checking if this is a source package ... OK
- checking if there is a namespace ... OK
- checking for executable files ... OK
- checking for hidden files and directories ... OK
- checking for portable file names ... OK
- checking for sufficient/correct file permissions ... OK
- checking whether package ‘pamr’ can be installed ... [0s/1s] ERROR
Installation failed.
See ‘/Volumes/Builds/packages/big-sur-arm64/results/4.2/pamr.Rcheck/00install.out’ for details.
- DONE
Status: 1 ERROR
- using check arguments '--no-clean-on-error '
See https://www.r-project.org/nosvn/R.check/r-release-macos-arm64/pamr-00install.html for details.