• using R version 4.5.2 (2025-10-31)
  • using platform: aarch64-apple-darwin20
  • R was compiled by     Apple clang version 16.0.0 (clang-1600.0.26.6)     GNU Fortran (GCC) 14.2.0
  • running under: macOS Ventura 13.7.8
  • using session charset: UTF-8
  • checking for file ‘nycOpenData/DESCRIPTION’ ... OK
  • checking extension type ... Package
  • this is package ‘nycOpenData’ version ‘0.1.2’
  • package encoding: UTF-8
  • checking package namespace information ... OK
  • checking package dependencies ... OK
  • checking if this is a source package ... OK
  • checking if there is a namespace ... OK
  • checking for executable files ... OK
  • checking for hidden files and directories ... OK
  • checking for portable file names ... OK
  • checking for sufficient/correct file permissions ... OK
  • checking whether package ‘nycOpenData’ can be installed ... [1s/1s] OK See the install log for details.
  • checking installed package size ... OK
  • checking package directory ... OK
  • checking DESCRIPTION meta-information ... OK
  • checking top-level files ... OK
  • checking for left-over files ... OK
  • checking index information ... OK
  • checking package subdirectories ... OK
  • checking code files for non-ASCII characters ... OK
  • checking R files for syntax errors ... OK
  • checking whether the package can be loaded ... [0s/0s] OK
  • checking whether the package can be loaded with stated dependencies ... [0s/0s] OK
  • checking whether the package can be unloaded cleanly ... [0s/0s] OK
  • checking whether the namespace can be loaded with stated dependencies ... [0s/0s] OK
  • checking whether the namespace can be unloaded cleanly ... [0s/0s] OK
  • checking loading without being on the library search path ... [0s/0s] OK
  • checking dependencies in R code ... OK
  • checking S3 generic/method consistency ... OK
  • checking replacement functions ... OK
  • checking foreign function calls ... OK
  • checking R code for possible problems ... [1s/1s] OK
  • checking Rd files ... [0s/0s] OK
  • checking Rd metadata ... OK
  • checking Rd cross-references ... OK
  • checking for missing documentation entries ... OK
  • checking for code/documentation mismatches ... OK
  • checking Rd \usage sections ... OK
  • checking Rd contents ... OK
  • checking for unstated dependencies in examples ... OK
  • checking examples ... [0s/11s] ERROR Running examples in ‘nycOpenData-Ex.R’ failed The error most likely occurred in: > ### Name: nyc_311 > ### Title: NYC 311 Service Requests > ### Aliases: nyc_311 > > ### ** Examples > > > # Quick example (fetch 10 rows) > small_sample <- nyc_311(limit = 10) Error in curl::curl_fetch_memory(url, handle = handle) :   Timeout was reached [data.cityofnewyork.us]: Resolving timed out after 10003 milliseconds Calls: nyc_311 ... request_fetch.write_memory -> <Anonymous> -> raise_libcurl_error Execution halted
  • checking PDF version of manual ... [1s/1s] OK
  • DONE Status: 1 ERROR
  • using check arguments '--no-clean-on-error '