• using R version 4.2.0 (2022-04-22)
  • using platform: aarch64-apple-darwin20 (64-bit)
  • using session charset: UTF-8
  • checking for file ‘lowpassFilter/DESCRIPTION’ ... OK
  • this is package ‘lowpassFilter’ version ‘1.0-2’
  • package encoding: UTF-8
  • checking package namespace information ... OK
  • checking package dependencies ... OK
  • checking if this is a source package ... OK
  • checking if there is a namespace ... OK
  • checking for executable files ... OK
  • checking for hidden files and directories ... OK
  • checking for portable file names ... OK
  • checking for sufficient/correct file permissions ... OK
  • checking whether package ‘lowpassFilter’ can be installed ... [10s/10s] ERROR
    Installation failed.
    See ‘/Volumes/Builds/packages/big-sur-arm64/results/4.2/lowpassFilter.Rcheck/00install.out’ for details.
  • DONE
    Status: 1 ERROR
  • using check arguments '--no-clean-on-error '

    See https://www.r-project.org/nosvn/R.check/r-release-macos-arm64/lowpassFilter-00install.html for details.