• using R version 4.3.0 beta (2023-04-10 r84212)
  • using platform: aarch64-apple-darwin20 (64-bit)
  • R was compiled by
        Apple clang version 14.0.0 (clang-1400.0.29.202)
        GNU Fortran (GCC) 12.2.0
  • running under: macOS Big Sur 11.6.7
  • using session charset: UTF-8
  • checking for file ‘gifski/DESCRIPTION’ ... OK
  • checking extension type ... Package
  • this is package ‘gifski’ version ‘1.12.0’
  • package encoding: UTF-8
  • checking package namespace information ... OK
  • checking package dependencies ... OK
  • checking if this is a source package ... OK
  • checking if there is a namespace ... OK
  • checking for executable files ... OK
  • checking for hidden files and directories ... OK
  • checking for portable file names ... OK
  • checking for sufficient/correct file permissions ... OK
  • checking whether package ‘gifski’ can be installed ... [96s/276s] ERROR
    Installation failed.
    See ‘/Volumes/Builds/packages/big-sur-arm64/results/4.3/gifski.Rcheck/00install.out’ for details.
  • DONE
    Status: 1 ERROR
  • using check arguments '--no-clean-on-error '

    See https://www.r-project.org/nosvn/R.check/r-release-macos-arm64/gifski-00install.html for details.