• using R version 4.5.0 (2025-04-11)
  • using platform: aarch64-apple-darwin20
  • R was compiled by     Apple clang version 14.0.0 (clang-1400.0.29.202)     GNU Fortran (GCC) 14.2.0
  • running under: macOS Ventura 13.4
  • using session charset: UTF-8
  • checking for file ‘ROpenCVLite/DESCRIPTION’ ... OK
  • checking extension type ... Package
  • this is package ‘ROpenCVLite’ version ‘4.110.0’
  • package encoding: UTF-8
  • checking package namespace information ... OK
  • checking package dependencies ... OK
  • checking if this is a source package ... OK
  • checking if there is a namespace ... OK
  • checking for executable files ... OK
  • checking for hidden files and directories ... OK
  • checking for portable file names ... OK
  • checking for sufficient/correct file permissions ... OK
  • checking whether package ‘ROpenCVLite’ can be installed ... [2s/2s] OK See the install log for details.
  • checking installed package size ... OK
  • checking package directory ... OK
  • checking ‘build’ directory ... OK
  • checking DESCRIPTION meta-information ... OK
  • checking top-level files ... OK
  • checking for left-over files ... OK
  • checking index information ... OK
  • checking package subdirectories ... OK
  • checking code files for non-ASCII characters ... OK
  • checking R files for syntax errors ... OK
  • checking whether the package can be loaded ... [0s/0s] OK
  • checking whether the package can be loaded with stated dependencies ... [0s/0s] OK
  • checking whether the package can be unloaded cleanly ... [0s/0s] OK
  • checking whether the namespace can be loaded with stated dependencies ... [0s/0s] OK
  • checking whether the namespace can be unloaded cleanly ... [0s/0s] OK
  • checking loading without being on the library search path ... [0s/0s] OK
  • checking whether startup messages can be suppressed ... [0s/0s] NOTE sh: cmake: command not found ------------------ CMAKE NOT FOUND -------------------- CMake was not found on the PATH. Please install CMake:  - installr::install.cmake() (Windows; inside the R console)  - yum install cmake (Fedora/CentOS; inside a terminal)  - apt install cmake (Debian/Ubuntu; inside a terminal)  - brew install cmake (MacOS; inside a terminal with Homebrew)  - port install cmake (MacOS; inside a terminal with MacPorts) Alternatively install CMake from: <https://cmake.org/> ------------------------------------------------------- It looks like this package (or a package it requires) has a startup message which cannot be suppressed: see ?packageStartupMessage.
  • checking dependencies in R code ... OK
  • checking S3 generic/method consistency ... OK
  • checking replacement functions ... OK
  • checking foreign function calls ... OK
  • checking R code for possible problems ... [1s/1s] OK
  • checking Rd files ... [0s/0s] OK
  • checking Rd metadata ... OK
  • checking Rd cross-references ... OK
  • checking for missing documentation entries ... WARNING sh: cmake: command not found All user-level objects in a package should have documentation entries. See chapter ‘Writing R documentation files’ in the ‘Writing R Extensions’ manual.
  • checking for code/documentation mismatches ... WARNING sh: cmake: command not found sh: cmake: command not found sh: cmake: command not found
  • checking Rd \usage sections ... OK
  • checking Rd contents ... OK
  • checking for unstated dependencies in examples ... OK
  • checking line endings in shell scripts ... OK
  • checking installed files from ‘inst/doc’ ... OK
  • checking files in ‘vignettes’ ... OK
  • checking examples ... [0s/0s] OK
  • checking for unstated dependencies in vignettes ... OK
  • checking package vignettes ... OK
  • checking re-building of vignette outputs ... [12s/33s] OK
  • checking PDF version of manual ... [4s/4s] OK
  • DONE Status: 2 WARNINGs, 1 NOTE
  • using check arguments '--no-clean-on-error '