• using R version 4.5.0 (2025-04-11)
  • using platform: aarch64-apple-darwin20
  • R was compiled by     Apple clang version 14.0.0 (clang-1400.0.29.202)     GNU Fortran (GCC) 14.2.0
  • running under: macOS Ventura 13.4
  • using session charset: UTF-8
  • checking for file ‘OhdsiReportGenerator/DESCRIPTION’ ... OK
  • checking extension type ... Package
  • this is package ‘OhdsiReportGenerator’ version ‘1.1.1’
  • package encoding: UTF-8
  • checking package namespace information ... OK
  • checking package dependencies ... OK
  • checking if this is a source package ... OK
  • checking if there is a namespace ... OK
  • checking for executable files ... OK
  • checking for hidden files and directories ... OK
  • checking for portable file names ... OK
  • checking for sufficient/correct file permissions ... OK
  • checking whether package ‘OhdsiReportGenerator’ can be installed ... [2s/3s] OK See the install log for details.
  • checking installed package size ... OK
  • checking package directory ... OK
  • checking ‘build’ directory ... OK
  • checking DESCRIPTION meta-information ... OK
  • checking top-level files ... OK
  • checking for left-over files ... OK
  • checking index information ... OK
  • checking package subdirectories ... OK
  • checking code files for non-ASCII characters ... OK
  • checking R files for syntax errors ... OK
  • checking whether the package can be loaded ... [0s/0s] OK
  • checking whether the package can be loaded with stated dependencies ... [0s/0s] OK
  • checking whether the package can be unloaded cleanly ... [0s/0s] OK
  • checking whether the namespace can be loaded with stated dependencies ... [0s/0s] OK
  • checking whether the namespace can be unloaded cleanly ... [0s/0s] OK
  • checking loading without being on the library search path ... [0s/1s] OK
  • checking dependencies in R code ... OK
  • checking S3 generic/method consistency ... OK
  • checking replacement functions ... OK
  • checking foreign function calls ... OK
  • checking R code for possible problems ... [2s/2s] OK
  • checking Rd files ... [0s/0s] OK
  • checking Rd metadata ... OK
  • checking Rd cross-references ... OK
  • checking for missing documentation entries ... OK
  • checking for code/documentation mismatches ... OK
  • checking Rd \usage sections ... OK
  • checking Rd contents ... OK
  • checking for unstated dependencies in examples ... OK
  • checking installed files from ‘inst/doc’ ... OK
  • checking files in ‘vignettes’ ... OK
  • checking examples ... [5s/4s] OK
  • checking for unstated dependencies in ‘tests’ ... OK
  • checking tests ... [5s/4s] ERROR   Running ‘testthat.R’ [5s/4s] Running the tests in ‘tests/testthat.R’ failed. Complete output:   > library(testthat)   > test_check("OhdsiReportGenerator")   Loading required package: OhdsiReportGenerator   Connecting using SQLite driver   [ FAIL 3 | WARN 2 | SKIP 2 | PASS 417 ]      ══ Skipped tests (2) ═══════════════════════════════════════════════════════════   • empty test (1): 'test-Helpers.R:89:1'   • skip prediction report due to odd linux error (1):     'test-PredictionReport.R:5:3'      ══ Failed tests ════════════════════════════════════════════════════════════════   ── Error ('test-Backwards.R:9:5'): generatePresentationMultiple old works ──────   Error in `testthat::skip_on_cran("Quarto not found so skipping old generate presentation multiple")`: unused argument ("Quarto not found so skipping old generate presentation multiple")   ── Error ('test-Generate.R:8:5'): generatePresentation ─────────────────────────   Error in `testthat::skip_on_cran("Quarto not found so skipping generate presentation")`: unused argument ("Quarto not found so skipping generate presentation")   ── Error ('test-Generate.R:64:5'): generateFullReport ──────────────────────────   Error in `testthat::skip_on_cran("Quarto not found so skipping generate full report")`: unused argument ("Quarto not found so skipping generate full report")      [ FAIL 3 | WARN 2 | SKIP 2 | PASS 417 ]   Error: Test failures   Execution halted   Closing database connection
  • checking for unstated dependencies in vignettes ... OK
  • checking package vignettes ... OK
  • checking re-building of vignette outputs ... [7s/6s] OK
  • checking PDF version of manual ... [3s/4s] OK
  • DONE Status: 1 ERROR
  • using check arguments '--no-clean-on-error '