• using R version 4.5.0 (2025-04-11)
  • using platform: aarch64-apple-darwin20
  • R was compiled by     Apple clang version 14.0.0 (clang-1400.0.29.202)     GNU Fortran (GCC) 14.2.0
  • running under: macOS Ventura 13.4
  • using session charset: UTF-8
  • checking for file ‘CohortCharacteristics/DESCRIPTION’ ... OK
  • checking extension type ... Package
  • this is package ‘CohortCharacteristics’ version ‘1.0.1’
  • package encoding: UTF-8
  • checking package namespace information ... OK
  • checking package dependencies ... OK
  • checking if this is a source package ... OK
  • checking if there is a namespace ... OK
  • checking for executable files ... OK
  • checking for hidden files and directories ... OK
  • checking for portable file names ... OK
  • checking for sufficient/correct file permissions ... OK
  • checking whether package ‘CohortCharacteristics’ can be installed ... [3s/3s] OK See the install log for details.
  • checking installed package size ... INFO   installed size is 6.0Mb   sub-directories of 1Mb or more:     doc 4.0Mb     help 1.8Mb
  • checking package directory ... OK
  • checking ‘build’ directory ... OK
  • checking DESCRIPTION meta-information ... OK
  • checking top-level files ... OK
  • checking for left-over files ... OK
  • checking index information ... OK
  • checking package subdirectories ... OK
  • checking code files for non-ASCII characters ... OK
  • checking R files for syntax errors ... OK
  • checking whether the package can be loaded ... [0s/0s] OK
  • checking whether the package can be loaded with stated dependencies ... [0s/0s] OK
  • checking whether the package can be unloaded cleanly ... [0s/0s] OK
  • checking whether the namespace can be loaded with stated dependencies ... [0s/0s] OK
  • checking whether the namespace can be unloaded cleanly ... [0s/0s] OK
  • checking loading without being on the library search path ... [0s/0s] OK
  • checking dependencies in R code ... OK
  • checking S3 generic/method consistency ... OK
  • checking replacement functions ... OK
  • checking foreign function calls ... OK
  • checking R code for possible problems ... [3s/3s] OK
  • checking Rd files ... [0s/0s] OK
  • checking Rd metadata ... OK
  • checking Rd cross-references ... OK
  • checking for missing documentation entries ... OK
  • checking for code/documentation mismatches ... WARNING Codoc mismatches from Rd file 'mockCohortCharacteristics.Rd': mockCohortCharacteristics   Code: function(numberIndividuals = 10, ..., source = "local", con =                  lifecycle::deprecated(), writeSchema =                  lifecycle::deprecated(), seed =                  lifecycle::deprecated())   Docs: function(con = NULL, writeSchema = NULL, numberIndividuals =                  10, ..., seed = NULL)   Argument names in code not in docs:     source   Mismatches in argument names (first 3):     Position: 1 Code: numberIndividuals Docs: con     Position: 2 Code: ... Docs: writeSchema     Position: 3 Code: source Docs: numberIndividuals   Mismatches in argument default values:     Name: 'con' Code: lifecycle::deprecated() Docs: NULL     Name: 'writeSchema' Code: lifecycle::deprecated() Docs: NULL     Name: 'seed' Code: lifecycle::deprecated() Docs: NULL
  • checking Rd \usage sections ... OK
  • checking Rd contents ... OK
  • checking for unstated dependencies in examples ... OK
  • checking installed files from ‘inst/doc’ ... OK
  • checking files in ‘vignettes’ ... OK
  • checking examples ... [4s/5s] OK
  • checking for unstated dependencies in ‘tests’ ... OK
  • checking tests ... [193s/134s] OK   Running ‘spelling.R’ [0s/0s]   Running ‘testthat.R’ [193s/134s]
  • checking for unstated dependencies in vignettes ... OK
  • checking package vignettes ... OK
  • checking re-building of vignette outputs ... [90s/101s] OK
  • checking PDF version of manual ... [4s/5s] OK
  • DONE Status: 1 WARNING
  • using check arguments '--no-clean-on-error '