- using R version 4.5.1 (2025-06-13)
- using platform: x86_64-pc-linux-gnu
- R was compiled by
gcc-14 (Debian 14.3.0-8) 14.3.0
GNU Fortran (Debian 14.3.0-8) 14.3.0
- running under: Debian GNU/Linux forky/sid
- using session charset: UTF-8
- checking for file ‘rfars/DESCRIPTION’ ... OK
- checking extension type ... Package
- this is package ‘rfars’ version ‘2.0.1’
- package encoding: UTF-8
- checking package namespace information ... OK
- checking package dependencies ... OK
- checking if this is a source package ... OK
- checking if there is a namespace ... OK
- checking for executable files ... OK
- checking for hidden files and directories ... OK
- checking for portable file names ... OK
- checking for sufficient/correct file permissions ... OK
- checking whether package ‘rfars’ can be installed ... OK
See the install log for details.
- checking package directory ... OK
- checking for future file timestamps ... OK
- checking ‘build’ directory ... OK
- checking DESCRIPTION meta-information ... OK
- checking top-level files ... OK
- checking for left-over files ... OK
- checking index information ... OK
- checking package subdirectories ... OK
- checking code files for non-ASCII characters ... OK
- checking R files for syntax errors ... OK
- checking whether the package can be loaded ... [2s/2s] OK
- checking whether the package can be loaded with stated dependencies ... [1s/2s] OK
- checking whether the package can be unloaded cleanly ... [1s/2s] OK
- checking whether the namespace can be loaded with stated dependencies ... [1s/1s] OK
- checking whether the namespace can be unloaded cleanly ... [2s/3s] OK
- checking loading without being on the library search path ... [2s/2s] OK
- checking use of S3 registration ... OK
- checking dependencies in R code ... OK
- checking S3 generic/method consistency ... OK
- checking replacement functions ... OK
- checking foreign function calls ... OK
- checking R code for possible problems ... [13s/16s] OK
- checking Rd files ... [0s/1s] OK
- checking Rd metadata ... OK
- checking Rd line widths ... OK
- checking Rd cross-references ... OK
- checking for missing documentation entries ... OK
- checking for code/documentation mismatches ... OK
- checking Rd \usage sections ... OK
- checking Rd contents ... OK
- checking for unstated dependencies in examples ... OK
- checking contents of ‘data’ directory ... OK
- checking data for non-ASCII characters ... [2s/3s] OK
- checking LazyData ... OK
- checking data for ASCII and uncompressed saves ... OK
- checking installed files from ‘inst/doc’ ... OK
- checking files in ‘vignettes’ ... OK
- checking examples ... [2s/3s] OK
- checking for unstated dependencies in vignettes ... OK
- checking package vignettes ... OK
- checking re-building of vignette outputs ... [89s/205s] ERROR
Error(s) in re-building vignettes:
...
--- re-building ‘Alcohol_Counts.Rmd’ using rmarkdown
trying URL 'https://zenodo.org/records/17162673/files/FARS.rds?download=1'
Content type 'application/octet-stream' length 87386771 bytes (83.3 MB)
====================================
downloaded 60.0 MB
Quitting from Alcohol_Counts.Rmd:46-50 [unnamed-chunk-2]
~~~~~~~~~~~~~~~~~~~~~~~~~~~~~~~~~~~~~~~~~~~~~~~~~~~~~~~~~~~~~~~~~~~~~~~~~~~~~~~~
<error/rlang_error>
Error in `counts()`:
! Input data must be of type FARS or GESCRSS. Use the results of get_fars() or get_gescrss().
---
Backtrace:
▆
1. ├─counts(myFARS, involved = "alcohol") %>% ...
2. ├─knitr::kable(., format = "html")
3. └─rfars::counts(myFARS, involved = "alcohol")
~~~~~~~~~~~~~~~~~~~~~~~~~~~~~~~~~~~~~~~~~~~~~~~~~~~~~~~~~~~~~~~~~~~~~~~~~~~~~~~~
Error: processing vignette 'Alcohol_Counts.Rmd' failed with diagnostics:
Input data must be of type FARS or GESCRSS. Use the results of get_fars() or get_gescrss().
--- failed re-building ‘Alcohol_Counts.Rmd’
--- re-building ‘Counts.Rmd’ using rmarkdown
trying URL 'https://zenodo.org/records/17162673/files/FARS.rds?download=1'
Content type 'application/octet-stream' length 87386771 bytes (83.3 MB)
==================================================
downloaded 83.3 MB
[WARNING] Deprecated: --highlight-style. Use --syntax-highlighting instead.
--- finished re-building ‘Counts.Rmd’
--- re-building ‘Crash_sequence_of_events.Rmd’ using rmarkdown
trying URL 'https://zenodo.org/records/17162674/files/GESCRSS.rds?download=1'
Content type 'application/octet-stream' length 75614749 bytes (72.1 MB)
==================================================
downloaded 72.1 MB
[WARNING] Deprecated: --highlight-style. Use --syntax-highlighting instead.
--- finished re-building ‘Crash_sequence_of_events.Rmd’
--- re-building ‘Searchable_Codebooks.Rmd’ using rmarkdown
[WARNING] Deprecated: --highlight-style. Use --syntax-highlighting instead.
--- finished re-building ‘Searchable_Codebooks.Rmd’
SUMMARY: processing the following file failed:
‘Alcohol_Counts.Rmd’
Error: Vignette re-building failed.
Execution halted
- checking PDF version of manual ... [7s/9s] OK
- checking HTML version of manual ... [1s/2s] OK
- checking for non-standard things in the check directory ... OK
- DONE
Status: 1 ERROR